{"id":4,"date":"2022-02-09T15:47:44","date_gmt":"2022-02-09T18:47:44","guid":{"rendered":"https:\/\/pos-graduacao.uepb.edu.br\/profsaude\/?page_id=4"},"modified":"2023-02-08T11:09:07","modified_gmt":"2023-02-08T14:09:07","slug":"o-programa","status":"publish","type":"page","link":"https:\/\/pos-graduacao.uepb.edu.br\/profsaude\/o-programa\/","title":{"rendered":"O Programa"},"content":{"rendered":"<div class=\"wpb-content-wrapper\"><p>[vc_row][vc_column][vc_column_text]<span class=\"fontstyle0\">O <\/span><span class=\"fontstyle2\">Mestrado Profissional em Sa\u00fade da Fam\u00edlia em Rede Nacional <\/span><span class=\"fontstyle0\">(PROFSA\u00daDE), Programa de P\u00f3s-gradua\u00e7\u00e3o s<\/span><span class=\"fontstyle3\">tricto sensu <\/span><span class=\"fontstyle0\">em Sa\u00fade da Fam\u00edlia, foi aprovado pela Coordena\u00e7\u00e3o de Aperfei\u00e7oamento de Pessoal de N\u00edvel Superio<\/span><span class=\"fontstyle0\">r <\/span><span class=\"fontstyle0\">(CAPES) em 2016<\/span><span class=\"fontstyle0\">, <\/span><span class=\"fontstyle0\">na \u00e1rea de avalia\u00e7\u00e3o da Sa\u00fade Coletiva, sob coordena\u00e7\u00e3o nacional da Funda\u00e7\u00e3o Oswaldo Cruz (Fiocruz) e da Associa\u00e7\u00e3o Brasileira de P\u00f3s-Gradua\u00e7\u00e3o em Sa\u00fade Coletiva (ABRASCO). O curso \u00e9 ofertado pela Universidade Estadual da Para\u00edba (UEPB), Institui\u00e7\u00e3o Associada \u00e0 Rede Nacional do PROFSA\u00daDE, sendo, portanto<\/span><span class=\"fontstyle0\">, <\/span><span class=\"fontstyle0\">respons\u00e1vel pela execu\u00e7\u00e3o do curso no Estado da Para\u00edba, em colabora\u00e7\u00e3o com a Escola de Sa\u00fade P\u00fablica, vinculada \u00e0 Secretaria de Sa\u00fade do Estado da Para\u00edba (ESP-PB).<\/span><\/p>\n<p><span class=\"fontstyle0\">O Mestrado Profissional em Sa\u00fade da Fam\u00edlia e\u0301 uma estrate\u0301gia de forma\u00e7\u00e3o que visa atender a expans\u00e3o da gradua\u00e7\u00e3o e p\u00f3s-gradua\u00e7\u00e3o no pa\u00eds, bem como a educa\u00e7\u00e3o permanente de profissionais de sa\u00fade com base na consolida\u00e7\u00e3o de conhecimentos relacionados a\u0300 Aten\u00e7\u00e3o Prim\u00e1ria em Sa\u00fade, a\u0300 Gest\u00e3o em Sa\u00fade e a\u0300 Educa\u00e7\u00e3o. O Ministe\u0301rio da Sa\u00fade e o Ministe\u0301rio da Educa\u00e7\u00e3o s\u00e3o institui\u00e7\u00f5es demandantes e financiadoras deste projeto, que conta com o apoio do Sistema Universidade Aberta do Sistema \u00danico de Sa\u00fade (UNA-SUS).<br \/>\n<\/span><\/p>\n<p><strong><span class=\"fontstyle2\">P\u00fablico Alvo<\/span><\/strong><\/p>\n<p><span class=\"fontstyle0\">Profissionais de sa\u00fade, em especial aqueles ligados a\u0300 Aten\u00e7\u00e3o Prim\u00e1ria e Sa\u00fade da Fam\u00edlia, com atua\u00e7\u00e3o e\/ou interesse em doc\u00eancia\/preceptoria<br \/>\n<\/span><\/p>\n<p><strong><span class=\"fontstyle2\">Modalidade<\/span><\/strong><\/p>\n<p><span class=\"fontstyle0\">O PROFSAUDE e\u0301 oferecido na modalidade semipresencial, abrangendo encontros presenciais e atividades desenvolvidas a\u0300 dist\u00e2ncia no Ambiente Virtual de Aprendizagem (AVA).<br \/>\n<\/span><\/p>\n<p><span class=\"fontstyle2\"><strong>Objetivos<\/strong><\/span><\/p>\n<ul>\n<li><span class=\"fontstyle0\">Formar profissionais de sa\u00fade para exercerem atividades de aten\u00e7\u00e3o a\u0300 sa\u00fade, doc\u00eancia e preceptoria, produ\u00e7\u00e3o de conhecimento e gest\u00e3o em Sa\u00fade da Fam\u00edlia;<br \/>\n<\/span><\/li>\n<li><span class=\"fontstyle0\">Fortalecer as atividades educacionais de aten\u00e7\u00e3o a\u0300 sa\u00fade, produ\u00e7\u00e3o do conhecimento e de gest\u00e3o em Sa\u00fade da Fam\u00edli\u00e1 nas diversas regi\u00f5es do pa\u00eds;<br \/>\n<\/span><\/li>\n<li><span class=\"fontstyle0\">Articular elementos da educa\u00e7\u00e3o, aten\u00e7\u00e3o, gest\u00e3o e investiga\u00e7\u00e3o no aprimoramento da Estrat\u00e9gia de Sa\u00fade da Fam\u00edlia;<br \/>\n<\/span><\/li>\n<li><span class=\"fontstyle0\">Estabelecer uma rela\u00e7\u00e3o integradora entre o servi\u00e7o, os trabalhadores, os estudantes da \u00e1rea de sa\u00fade e os usu\u00e1rios.<\/span><\/li>\n<\/ul>\n<p><strong><span class=\"fontstyle2\">Concep\u00e7\u00e3o Pedag\u00f3gica<\/span><\/strong><\/p>\n<p><span class=\"fontstyle0\">O PROFSAUDE e\u0301 centrado no aluno como sujeito de aprendizagem, respeitando sua autonomia e acolhendo a importante bagagem de conhecimentos e experi\u00eancias que traz de sua viv\u00eancia profissional. A organiza\u00e7\u00e3o curricular baseia-se nos referenciais da educa\u00e7\u00e3o por compet\u00eancias. Seu desenho curricular contempla tr\u00eas eixos pedag\u00f3gicos: Aten\u00e7\u00e3o, Educa\u00e7\u00e3o e Gest\u00e3o<\/span><\/p>\n<p><strong><span class=\"fontstyle2\">Coordena\u00e7\u00e3o Nacional<\/span><\/strong><\/p>\n<ul>\n<li><span class=\"fontstyle0\">Pr\u00f3-reitor: Luiz Augusto Facchini \u2013 ABRASCO<br \/>\n<\/span><\/li>\n<li><span class=\"fontstyle0\">Coordenador Acad\u00eamico Nacional: Cristina Guilam \u2013 FIOCRUZ<br \/>\n<\/span><\/li>\n<li><span class=\"fontstyle0\">Coordenador Executivo Nacional \u2013 Carla Pacheco Teixeira &#8211; FIOCRUZ<br \/>\n<\/span><\/li>\n<\/ul>\n<p><strong><span class=\"fontstyle0\">Equipe de Coordena\u00e7\u00e3o executiva<\/span><\/strong><\/p>\n<ul>\n<li><span class=\"fontstyle0\">Danielle Alves (assessoria)<\/span><\/li>\n<li><span class=\"fontstyle0\">Ana Paula Bragan\u00e7a (assessoria)<\/span><\/li>\n<li><span class=\"fontstyle0\">Fl\u00e1via Sanchez (secretaria executiva)<br \/>\n<\/span><\/li>\n<\/ul>\n<p><span class=\"fontstyle0\">Acesse <\/span><a href=\"https:\/\/profsaude-abrasco.fiocruz.br\/coordenacao\"><span class=\"fontstyle0\">AQUI <\/span><\/a><span class=\"fontstyle0\">os curr\u00edculos dos pesquisadores que fazem a gest\u00e3o do PROFSA\u00daDE.<\/span><\/p>\n<p><strong><span class=\"fontstyle2\">Coordena\u00e7\u00e3o Local &#8211; Universidade Estadual da Para\u00edba<\/span><\/strong><\/p>\n<ul>\n<li><span class=\"fontstyle0\">Profa. Dra. Silvana Cristina dos Santos (CCBSA\/UEPB).<\/span><\/li>\n<\/ul>\n<p><span class=\"fontstyle0\"><br \/>\n<\/span><strong><span class=\"fontstyle2\">Sobre a Rede Nacional<\/span><\/strong><\/p>\n<p><span class=\"fontstyle0\">A descri\u00e7\u00e3o detalhada das institui\u00e7\u00f5es de Ensino Superior que fazem parte da Rede Nacional do PROFSA\u00daDE pode ser consultada no site da Fiocruz.<br \/>\nAcesse <\/span><a href=\"https:\/\/profsaude-abrasco.fiocruz.br\/profsade_map\"><span class=\"fontstyle0\">AQUI <\/span><\/a><span class=\"fontstyle0\">para conhecer a Rede Nacional.<\/span>[\/vc_column_text][\/vc_column][\/vc_row]<\/p>\n<\/div>","protected":false},"excerpt":{"rendered":"<p>[vc_row][vc_column][vc_column_text]O Mestrado Profissional em Sa\u00fade da Fam\u00edlia em Rede Nacional (PROFSA\u00daDE), Programa de P\u00f3s-gradua\u00e7\u00e3o stricto sensu em Sa\u00fade da Fam\u00edlia, foi aprovado pela Coordena\u00e7\u00e3o de Aperfei\u00e7oamento de Pessoal de N\u00edvel Superior (CAPES) em 2016, na \u00e1rea de avalia\u00e7\u00e3o da Sa\u00fade Coletiva, sob coordena\u00e7\u00e3o nacional da Funda\u00e7\u00e3o Oswaldo Cruz (Fiocruz) e da Associa\u00e7\u00e3o Brasileira de P\u00f3s-Gradua\u00e7\u00e3o <a class=\"leiamais\" href=\"https:\/\/pos-graduacao.uepb.edu.br\/profsaude\/o-programa\/\">Leia Mais&#8230;<\/a><\/p>\n","protected":false},"author":34,"featured_media":0,"parent":0,"menu_order":0,"comment_status":"closed","ping_status":"closed","template":"","meta":{"footnotes":""},"class_list":["post-4","page","type-page","status-publish","hentry"],"_links":{"self":[{"href":"https:\/\/pos-graduacao.uepb.edu.br\/profsaude\/wp-json\/wp\/v2\/pages\/4","targetHints":{"allow":["GET"]}}],"collection":[{"href":"https:\/\/pos-graduacao.uepb.edu.br\/profsaude\/wp-json\/wp\/v2\/pages"}],"about":[{"href":"https:\/\/pos-graduacao.uepb.edu.br\/profsaude\/wp-json\/wp\/v2\/types\/page"}],"author":[{"embeddable":true,"href":"https:\/\/pos-graduacao.uepb.edu.br\/profsaude\/wp-json\/wp\/v2\/users\/34"}],"replies":[{"embeddable":true,"href":"https:\/\/pos-graduacao.uepb.edu.br\/profsaude\/wp-json\/wp\/v2\/comments?post=4"}],"version-history":[{"count":3,"href":"https:\/\/pos-graduacao.uepb.edu.br\/profsaude\/wp-json\/wp\/v2\/pages\/4\/revisions"}],"predecessor-version":[{"id":98,"href":"https:\/\/pos-graduacao.uepb.edu.br\/profsaude\/wp-json\/wp\/v2\/pages\/4\/revisions\/98"}],"wp:attachment":[{"href":"https:\/\/pos-graduacao.uepb.edu.br\/profsaude\/wp-json\/wp\/v2\/media?parent=4"}],"curies":[{"name":"wp","href":"https:\/\/api.w.org\/{rel}","templated":true}]}}