{"id":247,"date":"2025-11-25T09:37:11","date_gmt":"2025-11-25T12:37:11","guid":{"rendered":"https:\/\/pos-graduacao.uepb.edu.br\/profsaude\/?page_id=247"},"modified":"2026-03-25T09:29:36","modified_gmt":"2026-03-25T12:29:36","slug":"processo-seletivo-turma-6-2026-2028","status":"publish","type":"page","link":"https:\/\/pos-graduacao.uepb.edu.br\/profsaude\/processo-seletivo-turma-6-2026-2028\/","title":{"rendered":"Processo Seletivo 2025-2026 &#8211; TURMA 6"},"content":{"rendered":"<p>Documentos do Processo Seletivo &#8211; Turma 6 &#8211; 2025-2026<\/p>\n<ol>\n<li>Acesse <a href=\"https:\/\/drive.google.com\/file\/d\/1Hme4ycWGBatZp-cNHxXmlHpuwAAcyj2k\/view?usp=sharing\">AQUI<\/a> o <strong>EDITAL<\/strong> do Processo Seletivo<\/li>\n<li>Acesse <a href=\"https:\/\/drive.google.com\/file\/d\/1m5P3kiVni2qVD7uKt8c3fvZJKi-tG1Xk\/view?usp=sharing\">AQUI<\/a> as orienta\u00e7\u00f5es para organiza\u00e7\u00e3o dos documentos e preenchimento do formul\u00e1rio de inscri\u00e7\u00e3o<\/li>\n<li>Acesse <a href=\"https:\/\/forms.gle\/wZJvtCfwvX72S8eFA\">AQ<\/a><a href=\"https:\/\/forms.gle\/wZJvtCfwvX72S8eFA\">UI<\/a> o FORMUL\u00c1RIO DE INSCRI\u00c7\u00c3O<\/li>\n<li>Acesse <a href=\"https:\/\/drive.google.com\/file\/d\/17DBvctUuqRlskK_Bnjt0PVsih5RIl2ZL\/view?usp=sharing\">AQUI<\/a> a resolu\u00e7\u00e3o sobre a\u00e7\u00f5es afirmativas contendo os formul\u00e1rios relativos \u00e0s a\u00e7\u00f5es afirmativas.<\/li>\n<li>Acesse <a href=\"https:\/\/drive.google.com\/file\/d\/10EFM6QqF3xtZ83PCBVq6Hlw0CDfF5mzh\/view?usp=sharing\">AQUI<\/a> a Errata 3 sobre a prorroga\u00e7\u00e3o do prazo para inscri\u00e7\u00e3o na Turma 6.<\/li>\n<li>Acesse <a href=\"https:\/\/drive.google.com\/file\/d\/1MS8WvelQjPhcv32R_8sMsd9DeHvGbWMs\/view?usp=sharing\">AQUI<\/a> os resultados da etapa de <strong>HOMOLOGA\u00c7\u00c3O DAS INSCRI\u00c7\u00d5ES<\/strong><\/li>\n<li>Acesse <a href=\"https:\/\/drive.google.com\/file\/d\/1hnm21NrfXmJR2o8-twTM731xUoNEO3SY\/view?usp=sharing\">AQUI<\/a> os esclarecimentos e orienta\u00e7\u00f5es para encaminhamento de <strong>RECURSOS<\/strong> referente \u00e0s inscri\u00e7\u00f5es.<\/li>\n<li>Acesse <a href=\"https:\/\/drive.google.com\/file\/d\/1lGmg6D3ETb_GIdPT13xxRtIsiRksNgGy\/view?usp=sharing\">AQUI<\/a> as orienta\u00e7\u00f5es sobre <strong>LOCAL DA PROVA ESCRITA PRESENCIAL<\/strong> e orienta\u00e7\u00f5es gerais<\/li>\n<li>Acesse <a href=\"https:\/\/drive.google.com\/file\/d\/12QDw98IwQ6ZF5wMKfu5gQleyjtXvyKYg\/view?usp=sharing\">AQUI<\/a> os resultados da etapa de <strong>HOMOLOGA\u00c7\u00c3O DAS INSCRI\u00c7\u00d5ES AP\u00d3S RECURSOS<\/strong><\/li>\n<\/ol>\n<p>&nbsp;<\/p>\n","protected":false},"excerpt":{"rendered":"<p>Documentos do Processo Seletivo &#8211; Turma 6 &#8211; 2025-2026 Acesse AQUI o EDITAL do Processo Seletivo Acesse AQUI as orienta\u00e7\u00f5es para organiza\u00e7\u00e3o dos documentos e preenchimento do formul\u00e1rio de inscri\u00e7\u00e3o Acesse AQUI o FORMUL\u00c1RIO DE INSCRI\u00c7\u00c3O Acesse AQUI a resolu\u00e7\u00e3o sobre a\u00e7\u00f5es afirmativas contendo os formul\u00e1rios relativos \u00e0s a\u00e7\u00f5es afirmativas. Acesse AQUI a Errata 3 <a class=\"leiamais\" href=\"https:\/\/pos-graduacao.uepb.edu.br\/profsaude\/processo-seletivo-turma-6-2026-2028\/\">Leia Mais&#8230;<\/a><\/p>\n","protected":false},"author":63,"featured_media":0,"parent":0,"menu_order":0,"comment_status":"closed","ping_status":"closed","template":"","meta":{"footnotes":""},"class_list":["post-247","page","type-page","status-publish","hentry"],"_links":{"self":[{"href":"https:\/\/pos-graduacao.uepb.edu.br\/profsaude\/wp-json\/wp\/v2\/pages\/247","targetHints":{"allow":["GET"]}}],"collection":[{"href":"https:\/\/pos-graduacao.uepb.edu.br\/profsaude\/wp-json\/wp\/v2\/pages"}],"about":[{"href":"https:\/\/pos-graduacao.uepb.edu.br\/profsaude\/wp-json\/wp\/v2\/types\/page"}],"author":[{"embeddable":true,"href":"https:\/\/pos-graduacao.uepb.edu.br\/profsaude\/wp-json\/wp\/v2\/users\/63"}],"replies":[{"embeddable":true,"href":"https:\/\/pos-graduacao.uepb.edu.br\/profsaude\/wp-json\/wp\/v2\/comments?post=247"}],"version-history":[{"count":13,"href":"https:\/\/pos-graduacao.uepb.edu.br\/profsaude\/wp-json\/wp\/v2\/pages\/247\/revisions"}],"predecessor-version":[{"id":349,"href":"https:\/\/pos-graduacao.uepb.edu.br\/profsaude\/wp-json\/wp\/v2\/pages\/247\/revisions\/349"}],"wp:attachment":[{"href":"https:\/\/pos-graduacao.uepb.edu.br\/profsaude\/wp-json\/wp\/v2\/media?parent=247"}],"curies":[{"name":"wp","href":"https:\/\/api.w.org\/{rel}","templated":true}]}}