{"id":15,"date":"2022-02-09T16:04:34","date_gmt":"2022-02-09T19:04:34","guid":{"rendered":"https:\/\/pos-graduacao.uepb.edu.br\/profsaude\/?page_id=15"},"modified":"2026-03-19T10:54:35","modified_gmt":"2026-03-19T13:54:35","slug":"secretaria-e-coordenacao-local","status":"publish","type":"page","link":"https:\/\/pos-graduacao.uepb.edu.br\/profsaude\/secretaria-e-coordenacao-local\/","title":{"rendered":"Secretaria e Coordena\u00e7\u00e3o Nacional e Local"},"content":{"rendered":"<div class=\"wpb-content-wrapper\"><p>[vc_row][vc_column][vc_column_text css=&#8221;&#8221;]Acesse <a href=\"https:\/\/profsaude-abrasco.fiocruz.br\/coordenacao\">AQUI<\/a> as informa\u00e7\u00f5es sobre a Coordena\u00e7\u00e3o Nacional do PROFSA\u00daDE.<\/p>\n<p><strong>Coordena\u00e7\u00e3o do PROFSA\u00daDE na UEPB<\/strong><\/p>\n<ul>\n<li><a href=\"http:\/\/lattes.cnpq.br\/2086707959173246\" target=\"_blank\" rel=\"noopener\">Profa. Dra. Silvana Cristina dos Santos<\/a><\/li>\n<li>Contato: profsaude@setor.uepb.edu.br<\/li>\n<\/ul>\n<p><strong>Contatos e endere\u00e7o<\/strong><\/p>\n<ul>\n<li>Telefone de contato da Dire\u00e7\u00e3o de Centro: 83 &#8211; 99444-6087<\/li>\n<li>Hor\u00e1rio de atendimento: Segunda a sexta-feira, das 8:00 at\u00e9 12:00 (presencial).<\/li>\n<li>Endere\u00e7o: Rua Hor\u00e1cio Trajano de Oliveira, s\/n &#8211; Bairro Cristo Redentor &#8211; Jo\u00e3o Pessoa &#8211; Para\u00edba<\/li>\n<\/ul>\n<p>[\/vc_column_text][\/vc_column][\/vc_row]<\/p>\n<\/div>","protected":false},"excerpt":{"rendered":"<p>[vc_row][vc_column][vc_column_text css=&#8221;&#8221;]Acesse AQUI as informa\u00e7\u00f5es sobre a Coordena\u00e7\u00e3o Nacional do PROFSA\u00daDE. Coordena\u00e7\u00e3o do PROFSA\u00daDE na UEPB Profa. Dra. Silvana Cristina dos Santos Contato: profsaude@setor.uepb.edu.br Contatos e endere\u00e7o Telefone de contato da Dire\u00e7\u00e3o de Centro: 83 &#8211; 99444-6087 Hor\u00e1rio de atendimento: Segunda a sexta-feira, das 8:00 at\u00e9 12:00 (presencial). Endere\u00e7o: Rua Hor\u00e1cio Trajano de Oliveira, s\/n <a class=\"leiamais\" href=\"https:\/\/pos-graduacao.uepb.edu.br\/profsaude\/secretaria-e-coordenacao-local\/\">Leia Mais&#8230;<\/a><\/p>\n","protected":false},"author":34,"featured_media":0,"parent":0,"menu_order":0,"comment_status":"closed","ping_status":"closed","template":"","meta":{"footnotes":""},"class_list":["post-15","page","type-page","status-publish","hentry"],"_links":{"self":[{"href":"https:\/\/pos-graduacao.uepb.edu.br\/profsaude\/wp-json\/wp\/v2\/pages\/15","targetHints":{"allow":["GET"]}}],"collection":[{"href":"https:\/\/pos-graduacao.uepb.edu.br\/profsaude\/wp-json\/wp\/v2\/pages"}],"about":[{"href":"https:\/\/pos-graduacao.uepb.edu.br\/profsaude\/wp-json\/wp\/v2\/types\/page"}],"author":[{"embeddable":true,"href":"https:\/\/pos-graduacao.uepb.edu.br\/profsaude\/wp-json\/wp\/v2\/users\/34"}],"replies":[{"embeddable":true,"href":"https:\/\/pos-graduacao.uepb.edu.br\/profsaude\/wp-json\/wp\/v2\/comments?post=15"}],"version-history":[{"count":7,"href":"https:\/\/pos-graduacao.uepb.edu.br\/profsaude\/wp-json\/wp\/v2\/pages\/15\/revisions"}],"predecessor-version":[{"id":299,"href":"https:\/\/pos-graduacao.uepb.edu.br\/profsaude\/wp-json\/wp\/v2\/pages\/15\/revisions\/299"}],"wp:attachment":[{"href":"https:\/\/pos-graduacao.uepb.edu.br\/profsaude\/wp-json\/wp\/v2\/media?parent=15"}],"curies":[{"name":"wp","href":"https:\/\/api.w.org\/{rel}","templated":true}]}}