{"id":365,"date":"2024-06-18T11:36:36","date_gmt":"2024-06-18T11:36:36","guid":{"rendered":"https:\/\/pos-graduacao.uepb.edu.br\/profletras\/?page_id=365"},"modified":"2024-06-18T18:59:22","modified_gmt":"2024-06-18T18:59:22","slug":"pagina-inicial","status":"publish","type":"page","link":"https:\/\/pos-graduacao.uepb.edu.br\/profletras\/","title":{"rendered":"P\u00e1gina Inicial"},"content":{"rendered":"<div class=\"wpb-content-wrapper\"><p>[vc_row gap=&#8221;30&#8243; css=&#8221;.vc_custom_1718710119228{margin-top: 30px !important;}&#8221;][vc_column width=&#8221;2\/3&#8243;][vc_text_separator title=&#8221;Not\u00edcias&#8221; i_icon_fontawesome=&#8221;fas fa-angle-double-right&#8221; i_color=&#8221;custom&#8221; title_align=&#8221;separator_align_left&#8221; add_icon=&#8221;true&#8221; i_custom_color=&#8221;#cc0000&#8243;]<div class=\"mdl-grid\"><div class=\"mdl-cell--12-col bloco-noticias\"><div class=\"titulo-noticia-widget\"><a href=\"https:\/\/pos-graduacao.uepb.edu.br\/profletras\/https-pos-graduacao-uepb-edu-br-profletras-download-resultado-da-apuracao-de-votos-eleicao-profletras\/\"><h3 class=\"titulo-destaque-noticia\">Comiss\u00e3o Eleitoral divulga resultado da elei\u00e7\u00e3o para Coordena\u00e7\u00e3o do PROFLETRAS\/UEPB<\/h3><\/a><\/div><div class=\"titulo-noticia-widget\"><a href=\"https:\/\/pos-graduacao.uepb.edu.br\/profletras\/https-pos-graduacao-uepb-edu-br-profletras-download-lista-de-eleitores-profletras-uepb\/\"><h3 class=\"titulo-destaque-noticia\">Comiss\u00e3o Eleitoral divulga Lista de Eleitores do Mestrado Profissional em Letras<\/h3><\/a><\/div><div class=\"titulo-noticia-widget\"><a href=\"https:\/\/pos-graduacao.uepb.edu.br\/profletras\/divulgacao-da-chapa-homologada-eleicao-para-coordenacao-do-profletras-uepb\/\"><h3 class=\"titulo-destaque-noticia\">Divulga\u00e7\u00e3o da Chapa Homologada para Elei\u00e7\u00e3o da Coordena\u00e7\u00e3o do PROFLETRAS\/UEPB<\/h3><\/a><\/div><div class=\"titulo-noticia-widget\"><a href=\"https:\/\/pos-graduacao.uepb.edu.br\/profletras\/profletras-uepb-abre-processo-eleitoral-para-escolha-da-nova-coordenacao\/\"><h3 class=\"titulo-destaque-noticia\">PROFLETRAS\/UEPB abre processo eleitoral para escolha da nova Coordena\u00e7\u00e3o<\/h3><\/a><\/div><div class=\"titulo-noticia-widget\"><a href=\"https:\/\/pos-graduacao.uepb.edu.br\/profletras\/mestrado-profissional-em-letras-lanca-edital-para-o-exame-nacional-de-acesso-ao-profletras-2026\/\"><h3 class=\"titulo-destaque-noticia\">Mestrado Profissional em Letras lan\u00e7a edital para o Exame Nacional de Acesso ao PROFLETRAS 2026<\/h3><\/a><\/div><div class=\"titulo-noticia-widget\"><a href=\"https:\/\/pos-graduacao.uepb.edu.br\/profletras\/mestrado-profissional-em-letras-lanca-edital-para-a-escolha-de-novos-coordenadores-do-curso-2\/\"><h3 class=\"titulo-destaque-noticia\">Mestrado Profissional em Letras lan\u00e7a edital para a escolha de novos Coordenadores do Curso<\/h3><\/a><\/div><div class=\"titulo-noticia-widget\"><a href=\"https:\/\/pos-graduacao.uepb.edu.br\/profletras\/mestrado-profissional-em-letras-profletras-lanca-edital-para-selecao-da-decima-turma\/\"><h3 class=\"titulo-destaque-noticia\">Mestrado Profissional em Letras (PROFLETRAS) lan\u00e7a Edital para Sele\u00e7\u00e3o da D\u00e9cima Turma<\/h3><\/a><\/div><div class=\"titulo-noticia-widget\"><a href=\"https:\/\/pos-graduacao.uepb.edu.br\/profletras\/profletras-realiza-vii-forum-nacional-de-coordenadores-de-unidades\/\"><h3 class=\"titulo-destaque-noticia\">PROFLETRAS REALIZA VII F\u00d3RUM NACIONAL DE COORDENADORES DE UNIDADES<\/h3><\/a><\/div><div class=\"titulo-noticia-widget\"><a href=\"https:\/\/pos-graduacao.uepb.edu.br\/profletras\/mestrado-em-letras-promove-1o-encontro-nacional-e-2a-edicao-do-simposio-estadual-do-profletras\/\"><h3 class=\"titulo-destaque-noticia\">Mestrado em Letras promove 1\u00ba Encontro Nacional e 2\u00aa edi\u00e7\u00e3o do Simp\u00f3sio Estadual do PROFLETRAS<\/h3><\/a><\/div><div class=\"titulo-noticia-widget\"><a href=\"https:\/\/pos-graduacao.uepb.edu.br\/profletras\/trabalho-desenvolvido-no-campus-iii-vence-concurso-promovido-pela-universidade-de-cambridge\/\"><h3 class=\"titulo-destaque-noticia\">Trabalho desenvolvido no C\u00e2mpus III vence concurso promovido pela Universidade de Cambridge<\/h3><\/a><\/div><\/div><\/div>[\/vc_column][vc_column width=&#8221;1\/3&#8243;][vc_text_separator title=&#8221;Acesso R\u00e1pido&#8221; i_icon_fontawesome=&#8221;fas fa-angle-double-right&#8221; i_color=&#8221;custom&#8221; title_align=&#8221;separator_align_left&#8221; add_icon=&#8221;true&#8221; i_custom_color=&#8221;#cc0000&#8243;][vc_btn title=&#8221;CAPES&#8221; shape=&#8221;square&#8221; color=&#8221;violet&#8221; size=&#8221;lg&#8221; align=&#8221;left&#8221; button_block=&#8221;true&#8221; link=&#8221;url:http%3A%2F%2Fwww.capes.gov.br%2F|target:_blank&#8221; css=&#8221;.vc_custom_1718721731197{margin-bottom: 5px !important;}&#8221;][vc_btn title=&#8221;CNPQ&#8221; shape=&#8221;square&#8221; color=&#8221;blue&#8221; size=&#8221;lg&#8221; align=&#8221;left&#8221; button_block=&#8221;true&#8221; link=&#8221;url:http%3A%2F%2Fwww.cnpq.br%2F|target:_blank&#8221; css=&#8221;.vc_custom_1718721738976{margin-bottom: 5px !important;}&#8221;][vc_btn title=&#8221;Lattes&#8221; shape=&#8221;square&#8221; color=&#8221;primary&#8221; size=&#8221;lg&#8221; align=&#8221;left&#8221; button_block=&#8221;true&#8221; link=&#8221;url:http%3A%2F%2Flattes.cnpq.br%2F|target:_blank&#8221; css=&#8221;.vc_custom_1718721746249{margin-bottom: 5px !important;}&#8221;][vc_btn title=&#8221;Portal .periodicos.&#8221; shape=&#8221;square&#8221; color=&#8221;sky&#8221; size=&#8221;lg&#8221; align=&#8221;left&#8221; button_block=&#8221;true&#8221; link=&#8221;url:http%3A%2F%2Fwww.periodicos.capes.gov.br%2F|target:_blank&#8221; css=&#8221;.vc_custom_1718721762970{margin-bottom: 5px !important;}&#8221;][vc_btn title=&#8221;PRPGP&#8221; shape=&#8221;square&#8221; color=&#8221;info&#8221; size=&#8221;lg&#8221; align=&#8221;left&#8221; button_block=&#8221;true&#8221; link=&#8221;url:https%3A%2F%2Fuepb.edu.br%2Fprpgp|target:_blank&#8221; css=&#8221;.vc_custom_1718721773222{margin-bottom: 5px !important;}&#8221;][vc_btn title=&#8221;SUAP&#8221; shape=&#8221;square&#8221; color=&#8221;inverse&#8221; size=&#8221;lg&#8221; align=&#8221;left&#8221; button_block=&#8221;true&#8221; link=&#8221;url:https%3A%2F%2Fsuap.uepb.edu.br%2F|target:_blank&#8221; css=&#8221;.vc_custom_1718721819626{margin-bottom: 5px !important;}&#8221;][\/vc_column][\/vc_row][vc_row][vc_column css=&#8221;.vc_custom_1718710807435{margin-bottom: 30px !important;}&#8221;][vc_text_separator title=&#8221;Traduza esta p\u00e1gina&#8221; i_icon_fontawesome=&#8221;fas fa-angle-double-right&#8221; i_color=&#8221;custom&#8221; title_align=&#8221;separator_align_left&#8221; add_icon=&#8221;true&#8221; i_custom_color=&#8221;#cc0000&#8243;][vc_column_text css=&#8221;.vc_custom_1718710738801{margin-left: 15px !important;}&#8221;]<div class=\"gtranslate_wrapper\" id=\"gt-wrapper-76555680\"><\/div>[\/vc_column_text][\/vc_column][\/vc_row]<\/p>\n<\/div>","protected":false},"excerpt":{"rendered":"<p>[vc_row gap=&#8221;30&#8243; css=&#8221;.vc_custom_1718710119228{margin-top: 30px !important;}&#8221;][vc_column width=&#8221;2\/3&#8243;][vc_text_separator title=&#8221;Not\u00edcias&#8221; i_icon_fontawesome=&#8221;fas fa-angle-double-right&#8221; i_color=&#8221;custom&#8221; title_align=&#8221;separator_align_left&#8221; add_icon=&#8221;true&#8221; i_custom_color=&#8221;#cc0000&#8243;][\/vc_column][vc_column width=&#8221;1\/3&#8243;][vc_text_separator title=&#8221;Acesso R\u00e1pido&#8221; i_icon_fontawesome=&#8221;fas fa-angle-double-right&#8221; i_color=&#8221;custom&#8221; title_align=&#8221;separator_align_left&#8221; add_icon=&#8221;true&#8221; i_custom_color=&#8221;#cc0000&#8243;][vc_btn title=&#8221;CAPES&#8221; shape=&#8221;square&#8221; color=&#8221;violet&#8221; size=&#8221;lg&#8221; align=&#8221;left&#8221; button_block=&#8221;true&#8221; link=&#8221;url:http%3A%2F%2Fwww.capes.gov.br%2F|target:_blank&#8221; css=&#8221;.vc_custom_1718721731197{margin-bottom: 5px !important;}&#8221;][vc_btn title=&#8221;CNPQ&#8221; shape=&#8221;square&#8221; color=&#8221;blue&#8221; size=&#8221;lg&#8221; align=&#8221;left&#8221; button_block=&#8221;true&#8221; link=&#8221;url:http%3A%2F%2Fwww.cnpq.br%2F|target:_blank&#8221; css=&#8221;.vc_custom_1718721738976{margin-bottom: 5px !important;}&#8221;][vc_btn title=&#8221;Lattes&#8221; shape=&#8221;square&#8221; color=&#8221;primary&#8221; size=&#8221;lg&#8221; align=&#8221;left&#8221; button_block=&#8221;true&#8221; link=&#8221;url:http%3A%2F%2Flattes.cnpq.br%2F|target:_blank&#8221; css=&#8221;.vc_custom_1718721746249{margin-bottom: 5px !important;}&#8221;][vc_btn title=&#8221;Portal .periodicos.&#8221; shape=&#8221;square&#8221; <a class=\"leiamais\" href=\"https:\/\/pos-graduacao.uepb.edu.br\/profletras\/\">Leia Mais&#8230;<\/a><\/p>\n","protected":false},"author":5,"featured_media":0,"parent":0,"menu_order":0,"comment_status":"closed","ping_status":"closed","template":"","meta":{"footnotes":""},"class_list":["post-365","page","type-page","status-publish","hentry"],"_links":{"self":[{"href":"https:\/\/pos-graduacao.uepb.edu.br\/profletras\/wp-json\/wp\/v2\/pages\/365","targetHints":{"allow":["GET"]}}],"collection":[{"href":"https:\/\/pos-graduacao.uepb.edu.br\/profletras\/wp-json\/wp\/v2\/pages"}],"about":[{"href":"https:\/\/pos-graduacao.uepb.edu.br\/profletras\/wp-json\/wp\/v2\/types\/page"}],"author":[{"embeddable":true,"href":"https:\/\/pos-graduacao.uepb.edu.br\/profletras\/wp-json\/wp\/v2\/users\/5"}],"replies":[{"embeddable":true,"href":"https:\/\/pos-graduacao.uepb.edu.br\/profletras\/wp-json\/wp\/v2\/comments?post=365"}],"version-history":[{"count":8,"href":"https:\/\/pos-graduacao.uepb.edu.br\/profletras\/wp-json\/wp\/v2\/pages\/365\/revisions"}],"predecessor-version":[{"id":390,"href":"https:\/\/pos-graduacao.uepb.edu.br\/profletras\/wp-json\/wp\/v2\/pages\/365\/revisions\/390"}],"wp:attachment":[{"href":"https:\/\/pos-graduacao.uepb.edu.br\/profletras\/wp-json\/wp\/v2\/media?parent=365"}],"curies":[{"name":"wp","href":"https:\/\/api.w.org\/{rel}","templated":true}]}}

Página Inicial

<div class="wpb-content-wrapper"><p>[vc_row gap=&#8221;30&#8243; css=&#8221;.vc_custom_1718710119228{margin-top: 30px !important;}&#8221;][vc_column width=&#8221;2/3&#8243;][vc_text_separator title=&#8221;Notícias&#8221; i_icon_fontawesome=&#8221;fas fa-angle-double-right&#8221; i_color=&#8221;custom&#8221; title_align=&#8221;separator_align_left&#8221; add_icon=&#8221;true&#8221; i_custom_color=&#8221;#cc0000&#8243;]<div class="mdl-grid"><div class="mdl-cell--12-col bloco-noticias"><div class="titulo-noticia-widget"><a href="https://pos-graduacao.uepb.edu.br/profletras/https-pos-graduacao-uepb-edu-br-profletras-download-resultado-da-apuracao-de-votos-eleicao-profletras/"><h3 class="titulo-destaque-noticia">Comissão Eleitoral divulga resultado da eleição para Coordenação do PROFLETRAS/UEPB</h3></a></div><div class="titulo-noticia-widget"><a href="https://pos-graduacao.uepb.edu.br/profletras/https-pos-graduacao-uepb-edu-br-profletras-download-lista-de-eleitores-profletras-uepb/"><h3 class="titulo-destaque-noticia">Comissão Eleitoral divulga Lista de Eleitores do Mestrado Profissional em Letras</h3></a></div><div class="titulo-noticia-widget"><a href="https://pos-graduacao.uepb.edu.br/profletras/divulgacao-da-chapa-homologada-eleicao-para-coordenacao-do-profletras-uepb/"><h3 class="titulo-destaque-noticia">Divulgação da Chapa Homologada para Eleição da Coordenação do PROFLETRAS/UEPB</h3></a></div><div class="titulo-noticia-widget"><a href="https://pos-graduacao.uepb.edu.br/profletras/profletras-uepb-abre-processo-eleitoral-para-escolha-da-nova-coordenacao/"><h3 class="titulo-destaque-noticia">PROFLETRAS/UEPB abre processo eleitoral para escolha da nova Coordenação</h3></a></div><div class="titulo-noticia-widget"><a href="https://pos-graduacao.uepb.edu.br/profletras/mestrado-profissional-em-letras-lanca-edital-para-o-exame-nacional-de-acesso-ao-profletras-2026/"><h3 class="titulo-destaque-noticia">Mestrado Profissional em Letras lança edital para o Exame Nacional de Acesso ao PROFLETRAS 2026</h3></a></div><div class="titulo-noticia-widget"><a href="https://pos-graduacao.uepb.edu.br/profletras/mestrado-profissional-em-letras-lanca-edital-para-a-escolha-de-novos-coordenadores-do-curso-2/"><h3 class="titulo-destaque-noticia">Mestrado Profissional em Letras lança edital para a escolha de novos Coordenadores do Curso</h3></a></div><div class="titulo-noticia-widget"><a href="https://pos-graduacao.uepb.edu.br/profletras/mestrado-profissional-em-letras-profletras-lanca-edital-para-selecao-da-decima-turma/"><h3 class="titulo-destaque-noticia">Mestrado Profissional em Letras (PROFLETRAS) lança Edital para Seleção da Décima Turma</h3></a></div><div class="titulo-noticia-widget"><a href="https://pos-graduacao.uepb.edu.br/profletras/profletras-realiza-vii-forum-nacional-de-coordenadores-de-unidades/"><h3 class="titulo-destaque-noticia">PROFLETRAS REALIZA VII FÓRUM NACIONAL DE COORDENADORES DE UNIDADES</h3></a></div><div class="titulo-noticia-widget"><a href="https://pos-graduacao.uepb.edu.br/profletras/mestrado-em-letras-promove-1o-encontro-nacional-e-2a-edicao-do-simposio-estadual-do-profletras/"><h3 class="titulo-destaque-noticia">Mestrado em Letras promove 1º Encontro Nacional e 2ª edição do Simpósio Estadual do PROFLETRAS</h3></a></div><div class="titulo-noticia-widget"><a href="https://pos-graduacao.uepb.edu.br/profletras/trabalho-desenvolvido-no-campus-iii-vence-concurso-promovido-pela-universidade-de-cambridge/"><h3 class="titulo-destaque-noticia">Trabalho desenvolvido no Câmpus III vence concurso promovido pela Universidade de Cambridge</h3></a></div></div></div>[/vc_column][vc_column width=&#8221;1/3&#8243;][vc_text_separator title=&#8221;Acesso Rápido&#8221; i_icon_fontawesome=&#8221;fas fa-angle-double-right&#8221; i_color=&#8221;custom&#8221; title_align=&#8221;separator_align_left&#8221; add_icon=&#8221;true&#8221; i_custom_color=&#8221;#cc0000&#8243;][vc_btn title=&#8221;CAPES&#8221; shape=&#8221;square&#8221; color=&#8221;violet&#8221; size=&#8221;lg&#8221; align=&#8221;left&#8221; button_block=&#8221;true&#8221; link=&#8221;url:http%3A%2F%2Fwww.capes.gov.br%2F|target:_blank&#8221; css=&#8221;.vc_custom_1718721731197{margin-bottom: 5px !important;}&#8221;][vc_btn title=&#8221;CNPQ&#8221; shape=&#8221;square&#8221; color=&#8221;blue&#8221; size=&#8221;lg&#8221; align=&#8221;left&#8221; button_block=&#8221;true&#8221; link=&#8221;url:http%3A%2F%2Fwww.cnpq.br%2F|target:_blank&#8221; css=&#8221;.vc_custom_1718721738976{margin-bottom: 5px !important;}&#8221;][vc_btn title=&#8221;Lattes&#8221; shape=&#8221;square&#8221; color=&#8221;primary&#8221; size=&#8221;lg&#8221; align=&#8221;left&#8221; button_block=&#8221;true&#8221; link=&#8221;url:http%3A%2F%2Flattes.cnpq.br%2F|target:_blank&#8221; css=&#8221;.vc_custom_1718721746249{margin-bottom: 5px !important;}&#8221;][vc_btn title=&#8221;Portal .periodicos.&#8221; shape=&#8221;square&#8221; color=&#8221;sky&#8221; size=&#8221;lg&#8221; align=&#8221;left&#8221; button_block=&#8221;true&#8221; link=&#8221;url:http%3A%2F%2Fwww.periodicos.capes.gov.br%2F|target:_blank&#8221; css=&#8221;.vc_custom_1718721762970{margin-bottom: 5px !important;}&#8221;][vc_btn title=&#8221;PRPGP&#8221; shape=&#8221;square&#8221; color=&#8221;info&#8221; size=&#8221;lg&#8221; align=&#8221;left&#8221; button_block=&#8221;true&#8221; link=&#8221;url:https%3A%2F%2Fuepb.edu.br%2Fprpgp|target:_blank&#8221; css=&#8221;.vc_custom_1718721773222{margin-bottom: 5px !important;}&#8221;][vc_btn title=&#8221;SUAP&#8221; shape=&#8221;square&#8221; color=&#8221;inverse&#8221; size=&#8221;lg&#8221; align=&#8221;left&#8221; button_block=&#8221;true&#8221; link=&#8221;url:https%3A%2F%2Fsuap.uepb.edu.br%2F|target:_blank&#8221; css=&#8221;.vc_custom_1718721819626{margin-bottom: 5px !important;}&#8221;][/vc_column][/vc_row][vc_row][vc_column css=&#8221;.vc_custom_1718710807435{margin-bottom: 30px !important;}&#8221;][vc_text_separator title=&#8221;Traduza esta página&#8221; i_icon_fontawesome=&#8221;fas fa-angle-double-right&#8221; i_color=&#8221;custom&#8221; title_align=&#8221;separator_align_left&#8221; add_icon=&#8221;true&#8221; i_custom_color=&#8221;#cc0000&#8243;][vc_column_text css=&#8221;.vc_custom_1718710738801{margin-left: 15px !important;}&#8221;]<div class="gtranslate_wrapper" id="gt-wrapper-76555680"></div>[/vc_column_text][/vc_column][/vc_row]</p>
</div>

<p>[vc_row gap=&#8221;30&#8243; css=&#8221;.vc_custom_1718710119228{margin-top: 30px !important;}&#8221;][vc_column width=&#8221;2/3&#8243;][vc_text_separator title=&#8221;Notícias&#8221; i_icon_fontawesome=&#8221;fas fa-angle-double-right&#8221; i_color=&#8221;custom&#8221; title_align=&#8221;separator_align_left&#8221; add_icon=&#8221;true&#8221; i_custom_color=&#8221;#cc0000&#8243;][/vc_column][vc_column width=&#8221;1/3&#8243;][vc_text_separator title=&#8221;Acesso Rápido&#8221; i_icon_fontawesome=&#8221;fas fa-angle-double-right&#8221; i_color=&#8221;custom&#8221; title_align=&#8221;separator_align_left&#8221; add_icon=&#8221;true&#8221; i_custom_color=&#8221;#cc0000&#8243;][vc_btn title=&#8221;CAPES&#8221; shape=&#8221;square&#8221; color=&#8221;violet&#8221; size=&#8221;lg&#8221; align=&#8221;left&#8221; button_block=&#8221;true&#8221; link=&#8221;url:http%3A%2F%2Fwww.capes.gov.br%2F|target:_blank&#8221; css=&#8221;.vc_custom_1718721731197{margin-bottom: 5px !important;}&#8221;][vc_btn title=&#8221;CNPQ&#8221; shape=&#8221;square&#8221; color=&#8221;blue&#8221; size=&#8221;lg&#8221; align=&#8221;left&#8221; button_block=&#8221;true&#8221; link=&#8221;url:http%3A%2F%2Fwww.cnpq.br%2F|target:_blank&#8221; css=&#8221;.vc_custom_1718721738976{margin-bottom: 5px !important;}&#8221;][vc_btn title=&#8221;Lattes&#8221; shape=&#8221;square&#8221; color=&#8221;primary&#8221; size=&#8221;lg&#8221; align=&#8221;left&#8221; button_block=&#8221;true&#8221; link=&#8221;url:http%3A%2F%2Flattes.cnpq.br%2F|target:_blank&#8221; css=&#8221;.vc_custom_1718721746249{margin-bottom: 5px !important;}&#8221;][vc_btn title=&#8221;Portal .periodicos.&#8221; shape=&#8221;square&#8221; <a class="leiamais" href="https://pos-graduacao.uepb.edu.br/profletras/">Leia Mais&#8230;</a></p>
