{"id":10,"date":"2014-04-09T18:13:23","date_gmt":"2014-04-09T18:13:23","guid":{"rendered":"\/profletras\/?page_id=10"},"modified":"2024-06-18T12:00:11","modified_gmt":"2024-06-18T12:00:11","slug":"historico","status":"publish","type":"page","link":"https:\/\/pos-graduacao.uepb.edu.br\/profletras\/historico\/","title":{"rendered":"Hist\u00f3rico"},"content":{"rendered":"<div class=\"wpb-content-wrapper\"><p>[vc_row][vc_column][vc_column_text]Sob este formato em rede, existe a preced\u00eancia do Mestrado Profissional em Matem\u00e1tica, j\u00e1 implantado e coordenado pela Sociedade Brasileira de Matem\u00e1tica. Na \u00c1rea de Letras, entretanto, n\u00e3o tem precedente. No Brasil, atualmente, existem aprovados tr\u00eas Programas de Mestrado Profissional, sendo um j\u00e1 implantado e em funcionamento, na Universidade Estadual do Amazonas, em Letras e Artes, dois rec\u00e9m-aprovados e que ainda n\u00e3o foram implantados: o da Universidade Federal da Para\u00edba em L\u00edngua Portuguesa, a ser implantado no segundo semestre de 2012, e outro na Universidade Federal de Rond\u00f4nia, em Letras, sem previs\u00e3o para sua implanta\u00e7\u00e3o.\u00a0\u00a0 Atualmente, do PROFLETRAS participam as seguintes institui\u00e7\u00f5es:[\/vc_column_text][\/vc_column][\/vc_row][vc_row gap=&#8221;20&#8243; css=&#8221;.vc_custom_1718712016657{margin-top: 30px !important;}&#8221;][vc_column width=&#8221;2\/5&#8243;][vc_column_text]<strong>Nordeste<\/strong><\/p>\n<ul>\n<li>Universidade Federal de Pernambuco<\/li>\n<li>Universidade Federal de Alagoas<\/li>\n<li>Universidade Federal de Campina Grande \u2013 Cajazeiras<\/li>\n<li>Universidade Federal da Para\u00edba \u2013 Mamanguape<\/li>\n<li>Universidade Estadual da Para\u00edba \u2013 Guarabira<\/li>\n<li>Universidade Federal da Bahia<\/li>\n<li>Universidade Estadual de Santa Cruz<\/li>\n<li>Universidade do Estado da Bahia \u2013 Santo Ant\u00f4nio de Jesus<\/li>\n<li>Universidade Estadual do Sudoeste da Bahia \u2013 Vit\u00f3ria da Conquista<\/li>\n<li>Universidade Federal do Cear\u00e1<\/li>\n<li>Universidade Estadual do Cear\u00e1<\/li>\n<li>Universidade Federal do Rio Grande do Norte \u2013 Natal<\/li>\n<li>Universidade Federal do Rio Grande do Norte \u2013 Currais Novos<\/li>\n<li>Universidade do Estado do Rio Grande Norte \u2013 Pau dos Ferros<\/li>\n<li>Universidade Federal de Sergipe \u2013 S\u00e3o Crist\u00f3v\u00e3o<\/li>\n<li>Universidade Federal de Sergipe &#8211; Itabaiana<\/li>\n<li>Universidade Estadual do Piau\u00ed<\/li>\n<li>Universidade de Pernambuco<\/li>\n<\/ul>\n<p>[\/vc_column_text][\/vc_column][vc_column width=&#8221;1\/5&#8243;][vc_column_text]<strong>Sudeste<\/strong><\/p>\n<ul>\n<li>Universidade Federal do Rio de Janeiro<\/li>\n<li>Universidade Federal Rural do Rio de Janeiro<\/li>\n<li>Universidade de S\u00e3o Paulo<\/li>\n<li>Universidade Estadual Paulista\u00a0 \u2013 Araraquara e Assis<\/li>\n<li>Universidade Federal de Minas Gerais<\/li>\n<li>Universidade Federal de Uberl\u00e2ndia<\/li>\n<li>Universidade Estadual de Montes Claros<\/li>\n<li>Universidade Federal de Juiz de Fora<\/li>\n<\/ul>\n<p>[\/vc_column_text][\/vc_column][vc_column width=&#8221;1\/5&#8243;][vc_column_text]<strong>Centro-Oeste<\/strong><\/p>\n<ul>\n<li>Universidade de Bras\u00edlia<\/li>\n<li>Universidade Federal de Mato Grosso do Sul<\/li>\n<li>Universidade Estadual de Mato Grosso do Sul<\/li>\n<\/ul>\n<p>[\/vc_column_text][vc_column_text css=&#8221;.vc_custom_1718711995361{margin-top: 30px !important;}&#8221;]<strong>Regi\u00e3o Sul<\/strong><\/p>\n<ul>\n<li>Universidade Federal de Santa Catarina<\/li>\n<li>Universidade Estadual de Londrina<\/li>\n<li>Universidade Estadual do Oeste do Paran\u00e1<\/li>\n<\/ul>\n<p>[\/vc_column_text][\/vc_column][vc_column width=&#8221;1\/5&#8243;][vc_column_text]<strong>Norte<\/strong><\/p>\n<ul>\n<li>Universidade Federal do Acre<\/li>\n<li>Universidade Federal de Tocantins<\/li>\n<li>Universidade Federal do Par\u00e1<\/li>\n<\/ul>\n<p>[\/vc_column_text][\/vc_column][\/vc_row]<\/p>\n<\/div>","protected":false},"excerpt":{"rendered":"<p>[vc_row][vc_column][vc_column_text]Sob este formato em rede, existe a preced\u00eancia do Mestrado Profissional em Matem\u00e1tica, j\u00e1 implantado e coordenado pela Sociedade Brasileira de Matem\u00e1tica. Na \u00c1rea de Letras, entretanto, n\u00e3o tem precedente. No Brasil, atualmente, existem aprovados tr\u00eas Programas de Mestrado Profissional, sendo um j\u00e1 implantado e em funcionamento, na Universidade Estadual do Amazonas, em Letras e <a class=\"leiamais\" href=\"https:\/\/pos-graduacao.uepb.edu.br\/profletras\/historico\/\">Leia Mais&#8230;<\/a><\/p>\n","protected":false},"author":5,"featured_media":0,"parent":0,"menu_order":0,"comment_status":"open","ping_status":"open","template":"","meta":{"footnotes":""},"class_list":["post-10","page","type-page","status-publish","hentry"],"_links":{"self":[{"href":"https:\/\/pos-graduacao.uepb.edu.br\/profletras\/wp-json\/wp\/v2\/pages\/10","targetHints":{"allow":["GET"]}}],"collection":[{"href":"https:\/\/pos-graduacao.uepb.edu.br\/profletras\/wp-json\/wp\/v2\/pages"}],"about":[{"href":"https:\/\/pos-graduacao.uepb.edu.br\/profletras\/wp-json\/wp\/v2\/types\/page"}],"author":[{"embeddable":true,"href":"https:\/\/pos-graduacao.uepb.edu.br\/profletras\/wp-json\/wp\/v2\/users\/5"}],"replies":[{"embeddable":true,"href":"https:\/\/pos-graduacao.uepb.edu.br\/profletras\/wp-json\/wp\/v2\/comments?post=10"}],"version-history":[{"count":5,"href":"https:\/\/pos-graduacao.uepb.edu.br\/profletras\/wp-json\/wp\/v2\/pages\/10\/revisions"}],"predecessor-version":[{"id":373,"href":"https:\/\/pos-graduacao.uepb.edu.br\/profletras\/wp-json\/wp\/v2\/pages\/10\/revisions\/373"}],"wp:attachment":[{"href":"https:\/\/pos-graduacao.uepb.edu.br\/profletras\/wp-json\/wp\/v2\/media?parent=10"}],"curies":[{"name":"wp","href":"https:\/\/api.w.org\/{rel}","templated":true}]}}

Histórico

<div class="wpb-content-wrapper"><p>[vc_row][vc_column][vc_column_text]Sob este formato em rede, existe a precedência do Mestrado Profissional em Matemática, já implantado e coordenado pela Sociedade Brasileira de Matemática. Na Área de Letras, entretanto, não tem precedente. No Brasil, atualmente, existem aprovados três Programas de Mestrado Profissional, sendo um já implantado e em funcionamento, na Universidade Estadual do Amazonas, em Letras e Artes, dois recém-aprovados e que ainda não foram implantados: o da Universidade Federal da Paraíba em Língua Portuguesa, a ser implantado no segundo semestre de 2012, e outro na Universidade Federal de Rondônia, em Letras, sem previsão para sua implantação.   Atualmente, do PROFLETRAS participam as seguintes instituições:[/vc_column_text][/vc_column][/vc_row][vc_row gap=&#8221;20&#8243; css=&#8221;.vc_custom_1718712016657{margin-top: 30px !important;}&#8221;][vc_column width=&#8221;2/5&#8243;][vc_column_text]<strong>Nordeste</strong></p>
<ul>
<li>Universidade Federal de Pernambuco</li>
<li>Universidade Federal de Alagoas</li>
<li>Universidade Federal de Campina Grande – Cajazeiras</li>
<li>Universidade Federal da Paraíba – Mamanguape</li>
<li>Universidade Estadual da Paraíba – Guarabira</li>
<li>Universidade Federal da Bahia</li>
<li>Universidade Estadual de Santa Cruz</li>
<li>Universidade do Estado da Bahia – Santo Antônio de Jesus</li>
<li>Universidade Estadual do Sudoeste da Bahia – Vitória da Conquista</li>
<li>Universidade Federal do Ceará</li>
<li>Universidade Estadual do Ceará</li>
<li>Universidade Federal do Rio Grande do Norte – Natal</li>
<li>Universidade Federal do Rio Grande do Norte – Currais Novos</li>
<li>Universidade do Estado do Rio Grande Norte – Pau dos Ferros</li>
<li>Universidade Federal de Sergipe – São Cristóvão</li>
<li>Universidade Federal de Sergipe &#8211; Itabaiana</li>
<li>Universidade Estadual do Piauí</li>
<li>Universidade de Pernambuco</li>
</ul>
<p>[/vc_column_text][/vc_column][vc_column width=&#8221;1/5&#8243;][vc_column_text]<strong>Sudeste</strong></p>
<ul>
<li>Universidade Federal do Rio de Janeiro</li>
<li>Universidade Federal Rural do Rio de Janeiro</li>
<li>Universidade de São Paulo</li>
<li>Universidade Estadual Paulista  – Araraquara e Assis</li>
<li>Universidade Federal de Minas Gerais</li>
<li>Universidade Federal de Uberlândia</li>
<li>Universidade Estadual de Montes Claros</li>
<li>Universidade Federal de Juiz de Fora</li>
</ul>
<p>[/vc_column_text][/vc_column][vc_column width=&#8221;1/5&#8243;][vc_column_text]<strong>Centro-Oeste</strong></p>
<ul>
<li>Universidade de Brasília</li>
<li>Universidade Federal de Mato Grosso do Sul</li>
<li>Universidade Estadual de Mato Grosso do Sul</li>
</ul>
<p>[/vc_column_text][vc_column_text css=&#8221;.vc_custom_1718711995361{margin-top: 30px !important;}&#8221;]<strong>Região Sul</strong></p>
<ul>
<li>Universidade Federal de Santa Catarina</li>
<li>Universidade Estadual de Londrina</li>
<li>Universidade Estadual do Oeste do Paraná</li>
</ul>
<p>[/vc_column_text][/vc_column][vc_column width=&#8221;1/5&#8243;][vc_column_text]<strong>Norte</strong></p>
<ul>
<li>Universidade Federal do Acre</li>
<li>Universidade Federal de Tocantins</li>
<li>Universidade Federal do Pará</li>
</ul>
<p>[/vc_column_text][/vc_column][/vc_row]</p>
</div>

<p>[vc_row][vc_column][vc_column_text]Sob este formato em rede, existe a precedência do Mestrado Profissional em Matemática, já implantado e coordenado pela Sociedade Brasileira de Matemática. Na Área de Letras, entretanto, não tem precedente. No Brasil, atualmente, existem aprovados três Programas de Mestrado Profissional, sendo um já implantado e em funcionamento, na Universidade Estadual do Amazonas, em Letras e <a class="leiamais" href="https://pos-graduacao.uepb.edu.br/profletras/historico/">Leia Mais&#8230;</a></p>
