{"id":8,"date":"2022-02-03T19:29:45","date_gmt":"2022-02-03T22:29:45","guid":{"rendered":"https:\/\/pos-graduacao.uepb.edu.br\/profei\/?page_id=8"},"modified":"2022-02-03T19:29:45","modified_gmt":"2022-02-03T22:29:45","slug":"objetivos","status":"publish","type":"page","link":"https:\/\/pos-graduacao.uepb.edu.br\/profei\/objetivos\/","title":{"rendered":"Objetivos"},"content":{"rendered":"<p>O curso de Mestrado Profissional em Educa\u00e7\u00e3o Inclusiva possui como objetivo principal oferecer primordialmente forma\u00e7\u00e3o continuada e em servi\u00e7o para professores da rede p\u00fablica de educa\u00e7\u00e3o b\u00e1sica para que aprimorem seu repert\u00f3rio de conhecimentos e saberes, podendo promover o desenvolvimento do EPAEE no contexto escolar, garantindo possibilidades para a inclus\u00e3o desses estudantes.<\/p>\n<p>Entre os objetivos espec\u00edficos, est\u00e3o:<\/p>\n<ul>\n<li>Difundir o conceito de educa\u00e7\u00e3o inclusiva, o qual garante o direito de educa\u00e7\u00e3o para todos;<\/li>\n<li>Conhecer e analisar os principais documentos legais e diretrizes que garantem o atendimento e a inclus\u00e3o dos EPAEE;<\/li>\n<li>Compreender o Projeto Pedag\u00f3gico como elemento norteador das a\u00e7\u00f5es pol\u00edtico-pedag\u00f3gicas da escola inclusiva que se pretende;<\/li>\n<li>Elaborar e desenvolver a\u00e7\u00f5es colaborativas na unidade escolar com o apoio do professor especializado, tendo como foco o Projeto Pedag\u00f3gico inclusivo.<\/li>\n<\/ul>\n","protected":false},"excerpt":{"rendered":"<p>O curso de Mestrado Profissional em Educa\u00e7\u00e3o Inclusiva possui como objetivo principal oferecer primordialmente forma\u00e7\u00e3o continuada e em servi\u00e7o para professores da rede p\u00fablica de educa\u00e7\u00e3o b\u00e1sica para que aprimorem seu repert\u00f3rio de conhecimentos e saberes, podendo promover o desenvolvimento do EPAEE no contexto escolar, garantindo possibilidades para a inclus\u00e3o desses estudantes. Entre os objetivos <a class=\"leiamais\" href=\"https:\/\/pos-graduacao.uepb.edu.br\/profei\/objetivos\/\">Leia Mais&#8230;<\/a><\/p>\n","protected":false},"author":5,"featured_media":0,"parent":0,"menu_order":0,"comment_status":"closed","ping_status":"closed","template":"","meta":{"footnotes":""},"class_list":["post-8","page","type-page","status-publish","hentry"],"_links":{"self":[{"href":"https:\/\/pos-graduacao.uepb.edu.br\/profei\/wp-json\/wp\/v2\/pages\/8","targetHints":{"allow":["GET"]}}],"collection":[{"href":"https:\/\/pos-graduacao.uepb.edu.br\/profei\/wp-json\/wp\/v2\/pages"}],"about":[{"href":"https:\/\/pos-graduacao.uepb.edu.br\/profei\/wp-json\/wp\/v2\/types\/page"}],"author":[{"embeddable":true,"href":"https:\/\/pos-graduacao.uepb.edu.br\/profei\/wp-json\/wp\/v2\/users\/5"}],"replies":[{"embeddable":true,"href":"https:\/\/pos-graduacao.uepb.edu.br\/profei\/wp-json\/wp\/v2\/comments?post=8"}],"version-history":[{"count":1,"href":"https:\/\/pos-graduacao.uepb.edu.br\/profei\/wp-json\/wp\/v2\/pages\/8\/revisions"}],"predecessor-version":[{"id":9,"href":"https:\/\/pos-graduacao.uepb.edu.br\/profei\/wp-json\/wp\/v2\/pages\/8\/revisions\/9"}],"wp:attachment":[{"href":"https:\/\/pos-graduacao.uepb.edu.br\/profei\/wp-json\/wp\/v2\/media?parent=8"}],"curies":[{"name":"wp","href":"https:\/\/api.w.org\/{rel}","templated":true}]}}

<p>O curso de Mestrado Profissional em Educação Inclusiva possui como objetivo principal oferecer primordialmente formação continuada e em serviço para professores da rede pública de educação básica para que aprimorem seu repertório de conhecimentos e saberes, podendo promover o desenvolvimento do EPAEE no contexto escolar, garantindo possibilidades para a inclusão desses estudantes.</p>
<p>Entre os objetivos específicos, estão:</p>
<ul>
<li>Difundir o conceito de educação inclusiva, o qual garante o direito de educação para todos;</li>
<li>Conhecer e analisar os principais documentos legais e diretrizes que garantem o atendimento e a inclusão dos EPAEE;</li>
<li>Compreender o Projeto Pedagógico como elemento norteador das ações político-pedagógicas da escola inclusiva que se pretende;</li>
<li>Elaborar e desenvolver ações colaborativas na unidade escolar com o apoio do professor especializado, tendo como foco o Projeto Pedagógico inclusivo.</li>
</ul>

<p>O curso de Mestrado Profissional em Educação Inclusiva possui como objetivo principal oferecer primordialmente formação continuada e em serviço para professores da rede pública de educação básica para que aprimorem seu repertório de conhecimentos e saberes, podendo promover o desenvolvimento do EPAEE no contexto escolar, garantindo possibilidades para a inclusão desses estudantes. Entre os objetivos <a class="leiamais" href="https://pos-graduacao.uepb.edu.br/profei/objetivos/">Leia Mais&#8230;</a></p>
