{"id":771,"date":"2025-05-16T11:24:34","date_gmt":"2025-05-16T14:24:34","guid":{"rendered":"https:\/\/pos-graduacao.uepb.edu.br\/profei\/?page_id=771"},"modified":"2026-03-14T17:44:49","modified_gmt":"2026-03-14T20:44:49","slug":"bancas-de-defesa","status":"publish","type":"page","link":"https:\/\/pos-graduacao.uepb.edu.br\/profei\/bancas-de-defesa\/","title":{"rendered":"Bancas de defesa"},"content":{"rendered":"<div class=\"wpb-content-wrapper\"><p>[vc_row][vc_column][vc_tta_accordion][vc_tta_section title=&#8221;2026&#8243; tab_id=&#8221;1773520830201-760e5712-f742&#8243;][vc_column_text css=&#8221;&#8221;]<strong>Defesa Agendada<\/strong><\/p>\n<p>Mestrando: <strong><span style=\"color: #3366ff\">Girnaldo Morais Braz J\u00fanior.<\/span><\/strong><\/p>\n<p>T\u00edtulo da disserta\u00e7\u00e3o:\u00a0<span style=\"color: #3366ff\">Inclus\u00e3o dos estudantes com Transtorno do Espectro Autista (TEA) em uma escola do munic\u00edpio da cidade de Concei\u00e7\u00e3o-PB: desafios e \u00eaxitos.<\/span><\/p>\n<p>Data: <span style=\"color: #3366ff\">27\/03\/2026 \u00e0s 14:00h.<\/span><\/p>\n<p>Local: Audit\u00f3rio de EAD \u2013 Campus I &#8211; UEPB.<\/p>\n<p><strong>Banca Examinadora<\/strong><\/p>\n<p>Orientadora: <strong>Aline dos Santos de Maman.<\/strong><\/p>\n<p>Graduada em Fisioterapia; Mestre e Doutora em Ci\u00eancias M\u00e9dicas; Professora Doutora Associada da Universidade Estadual da Para\u00edba\/UEPB; Docente no Programa de Mestrado Profissional em Educa\u00e7\u00e3o Inclusiva em Rede Nacional \u2013 PROFEI\/UEPB.<\/p>\n<p>Membro Externo: <strong>Dorivaldo Alves Salustiano<\/strong>.<\/p>\n<p>Gradua\u00e7\u00e3o em Licenciatura Plena em Pedagogia pela Universidade Federal da Para\u00edba (1992), mestrado em Educa\u00e7\u00e3o Brasileira pela Universidade Federal do Cear\u00e1 (2000) e doutorado em Educa\u00e7\u00e3o Brasileira pela Universidade Federal do Cear\u00e1 (2006). Professor adjunto da Universidade Federal de Campina Grande (UFCG). Docente do Programa de P\u00f3s-Gradua\u00e7\u00e3o em Educa\u00e7\u00e3o da Unidade Acad\u00eamica de Educa\u00e7\u00e3o da Universidade Federal de Campina Grande (PPGEd\/UFCG).<\/p>\n<p>Membro Interno:\u00a0<strong>Eduardo Gomes Onofre<\/strong>.<\/p>\n<p>Graduado em Licenciatura Plena em Psicologia; Mestre em Desenvolvimento humano; Doutor em Sociologia; Professor Doutor Associado da Universidade Estadual da Para\u00edba\/UEPB; Docente no Programa de Mestrado Profissional em Educa\u00e7\u00e3o Inclusiva em Rede Nacional \u2013 PROFEI\/UEPB.<\/p>\n<p>Suplente:\u00a0<strong>Ana L\u00facia Vendel<\/strong>.<\/p>\n<p>Graduada em Ci\u00eancias Biol\u00f3gicas; Doutora em Zoologia; Professora Doutora Associada da Universidade Estadual da Para\u00edba\/UEPB; Docente no Programa de Mestrado Profissional em Educa\u00e7\u00e3o Inclusiva em Rede Nacional \u2013 PROFEI\/UEPB.[\/vc_column_text][\/vc_tta_section][vc_tta_section title=&#8221;2025&#8243; tab_id=&#8221;1773520830208-0be13525-3800&#8243;][\/vc_tta_section][\/vc_tta_accordion][\/vc_column][\/vc_row]<\/p>\n<\/div>","protected":false},"excerpt":{"rendered":"<p>[vc_row][vc_column][vc_tta_accordion][vc_tta_section title=&#8221;2026&#8243; tab_id=&#8221;1773520830201-760e5712-f742&#8243;][vc_column_text css=&#8221;&#8221;]Defesa Agendada Mestrando: Girnaldo Morais Braz J\u00fanior. T\u00edtulo da disserta\u00e7\u00e3o:\u00a0Inclus\u00e3o dos estudantes com Transtorno do Espectro Autista (TEA) em uma escola do munic\u00edpio da cidade de Concei\u00e7\u00e3o-PB: desafios e \u00eaxitos. Data: 27\/03\/2026 \u00e0s 14:00h. Local: Audit\u00f3rio de EAD \u2013 Campus I &#8211; UEPB. Banca Examinadora Orientadora: Aline dos Santos de Maman. Graduada <a class=\"leiamais\" href=\"https:\/\/pos-graduacao.uepb.edu.br\/profei\/bancas-de-defesa\/\">Leia Mais&#8230;<\/a><\/p>\n","protected":false},"author":80,"featured_media":0,"parent":0,"menu_order":0,"comment_status":"closed","ping_status":"closed","template":"","meta":{"footnotes":""},"class_list":["post-771","page","type-page","status-publish","hentry"],"_links":{"self":[{"href":"https:\/\/pos-graduacao.uepb.edu.br\/profei\/wp-json\/wp\/v2\/pages\/771","targetHints":{"allow":["GET"]}}],"collection":[{"href":"https:\/\/pos-graduacao.uepb.edu.br\/profei\/wp-json\/wp\/v2\/pages"}],"about":[{"href":"https:\/\/pos-graduacao.uepb.edu.br\/profei\/wp-json\/wp\/v2\/types\/page"}],"author":[{"embeddable":true,"href":"https:\/\/pos-graduacao.uepb.edu.br\/profei\/wp-json\/wp\/v2\/users\/80"}],"replies":[{"embeddable":true,"href":"https:\/\/pos-graduacao.uepb.edu.br\/profei\/wp-json\/wp\/v2\/comments?post=771"}],"version-history":[{"count":29,"href":"https:\/\/pos-graduacao.uepb.edu.br\/profei\/wp-json\/wp\/v2\/pages\/771\/revisions"}],"predecessor-version":[{"id":1241,"href":"https:\/\/pos-graduacao.uepb.edu.br\/profei\/wp-json\/wp\/v2\/pages\/771\/revisions\/1241"}],"wp:attachment":[{"href":"https:\/\/pos-graduacao.uepb.edu.br\/profei\/wp-json\/wp\/v2\/media?parent=771"}],"curies":[{"name":"wp","href":"https:\/\/api.w.org\/{rel}","templated":true}]}}

<div class="wpb-content-wrapper"><p>[vc_row][vc_column][vc_tta_accordion][vc_tta_section title=&#8221;2026&#8243; tab_id=&#8221;1773520830201-760e5712-f742&#8243;][vc_column_text css=&#8221;&#8221;]<strong>Defesa Agendada</strong></p>
<p>Mestrando: <strong><span style="color: #3366ff">Girnaldo Morais Braz Júnior.</span></strong></p>
<p>Título da dissertação: <span style="color: #3366ff">Inclusão dos estudantes com Transtorno do Espectro Autista (TEA) em uma escola do município da cidade de Conceição-PB: desafios e êxitos.</span></p>
<p>Data: <span style="color: #3366ff">27/03/2026 às 14:00h.</span></p>
<p>Local: Auditório de EAD – Campus I &#8211; UEPB.</p>
<p><strong>Banca Examinadora</strong></p>
<p>Orientadora: <strong>Aline dos Santos de Maman.</strong></p>
<p>Graduada em Fisioterapia; Mestre e Doutora em Ciências Médicas; Professora Doutora Associada da Universidade Estadual da Paraíba/UEPB; Docente no Programa de Mestrado Profissional em Educação Inclusiva em Rede Nacional – PROFEI/UEPB.</p>
<p>Membro Externo: <strong>Dorivaldo Alves Salustiano</strong>.</p>
<p>Graduação em Licenciatura Plena em Pedagogia pela Universidade Federal da Paraíba (1992), mestrado em Educação Brasileira pela Universidade Federal do Ceará (2000) e doutorado em Educação Brasileira pela Universidade Federal do Ceará (2006). Professor adjunto da Universidade Federal de Campina Grande (UFCG). Docente do Programa de Pós-Graduação em Educação da Unidade Acadêmica de Educação da Universidade Federal de Campina Grande (PPGEd/UFCG).</p>
<p>Membro Interno: <strong>Eduardo Gomes Onofre</strong>.</p>
<p>Graduado em Licenciatura Plena em Psicologia; Mestre em Desenvolvimento humano; Doutor em Sociologia; Professor Doutor Associado da Universidade Estadual da Paraíba/UEPB; Docente no Programa de Mestrado Profissional em Educação Inclusiva em Rede Nacional – PROFEI/UEPB.</p>
<p>Suplente: <strong>Ana Lúcia Vendel</strong>.</p>
<p>Graduada em Ciências Biológicas; Doutora em Zoologia; Professora Doutora Associada da Universidade Estadual da Paraíba/UEPB; Docente no Programa de Mestrado Profissional em Educação Inclusiva em Rede Nacional – PROFEI/UEPB.[/vc_column_text][/vc_tta_section][vc_tta_section title=&#8221;2025&#8243; tab_id=&#8221;1773520830208-0be13525-3800&#8243;][/vc_tta_section][/vc_tta_accordion][/vc_column][/vc_row]</p>
</div>

<p>[vc_row][vc_column][vc_tta_accordion][vc_tta_section title=&#8221;2026&#8243; tab_id=&#8221;1773520830201-760e5712-f742&#8243;][vc_column_text css=&#8221;&#8221;]Defesa Agendada Mestrando: Girnaldo Morais Braz Júnior. Título da dissertação: Inclusão dos estudantes com Transtorno do Espectro Autista (TEA) em uma escola do município da cidade de Conceição-PB: desafios e êxitos. Data: 27/03/2026 às 14:00h. Local: Auditório de EAD – Campus I &#8211; UEPB. Banca Examinadora Orientadora: Aline dos Santos de Maman. Graduada <a class="leiamais" href="https://pos-graduacao.uepb.edu.br/profei/bancas-de-defesa/">Leia Mais&#8230;</a></p>
