{"id":6,"date":"2022-02-03T19:23:46","date_gmt":"2022-02-03T22:23:46","guid":{"rendered":"https:\/\/pos-graduacao.uepb.edu.br\/profei\/?page_id=6"},"modified":"2024-10-18T09:45:21","modified_gmt":"2024-10-18T12:45:21","slug":"sobre","status":"publish","type":"page","link":"https:\/\/pos-graduacao.uepb.edu.br\/profei\/sobre\/","title":{"rendered":"Sobre"},"content":{"rendered":"<p>O Mestrado Profissional em Educa\u00e7\u00e3o Inclusiva em Rede Nacional (PROFEI) se justifica, principalmente, pelo aumento expressivo de matr\u00edculas de pessoas com defici\u00eancia na Educa\u00e7\u00e3o B\u00e1sica e Superior. Por essa raz\u00e3o, implica em uma demanda de aprimoramento profissional dos professores em todo o territ\u00f3rio nacional, no que se refere \u00e0 forma\u00e7\u00e3o continuada em conson\u00e2ncia com as pol\u00edticas p\u00fablicas de inclus\u00e3o escolar e uso das tecnologias digitais de informa\u00e7\u00e3o e comunica\u00e7\u00e3o (TDIC).<\/p>\n<p>O PROFEI \u00e9 um curso\u00a0de ensino h\u00edbrido\u00a0com oferta simult\u00e2nea nacional, constitu\u00eddo por uma Rede Nacional de Institui\u00e7\u00f5es de Ensino Superior conduzindo ao t\u00edtulo de Mestre em Educa\u00e7\u00e3o Inclusiva.<\/p>\n<p><strong>PROFEI\/UEPB<\/strong><\/p>\n<p>A Universidade Estadual Paulista \u201cJ\u00falio de Mesquita Filho\u201d &#8211; UNESP, visando \u00e0 expans\u00e3o da rede do PROFEI \u2013 Mestrado Profissional em Educa\u00e7\u00e3o Inclusiva, lan\u00e7ou o EDITAL DE CREDENCIAMENTO E EXPANS\u00c3O DA REDE DO MESTRADO PROFISSIONAL EM EDUCA\u00c7\u00c3O INCLUSIVA \u2013 PROFEI- EDITAL N\u00ba 11\/2021, em 19 de novembro de 2021.<\/p>\n<p>Com a proposta de credenciamento aprovada para integrar a rede PROFEI, a Universidade Estadual da Para\u00edba amplia seus Programas de P\u00f3s-Gradua\u00e7\u00e3o e abre novos caminhos para a Educa\u00e7\u00e3o Inclusiva no estado da Para\u00edba, com a elabora\u00e7\u00e3o de projetos de extens\u00e3o e de pesquisa, em \u00e2mbito \u00e2mbito nacional e internacional.<\/p>\n","protected":false},"excerpt":{"rendered":"<p>O Mestrado Profissional em Educa\u00e7\u00e3o Inclusiva em Rede Nacional (PROFEI) se justifica, principalmente, pelo aumento expressivo de matr\u00edculas de pessoas com defici\u00eancia na Educa\u00e7\u00e3o B\u00e1sica e Superior. Por essa raz\u00e3o, implica em uma demanda de aprimoramento profissional dos professores em todo o territ\u00f3rio nacional, no que se refere \u00e0 forma\u00e7\u00e3o continuada em conson\u00e2ncia com as <a class=\"leiamais\" href=\"https:\/\/pos-graduacao.uepb.edu.br\/profei\/sobre\/\">Leia Mais&#8230;<\/a><\/p>\n","protected":false},"author":5,"featured_media":0,"parent":0,"menu_order":0,"comment_status":"closed","ping_status":"closed","template":"","meta":{"footnotes":""},"class_list":["post-6","page","type-page","status-publish","hentry"],"_links":{"self":[{"href":"https:\/\/pos-graduacao.uepb.edu.br\/profei\/wp-json\/wp\/v2\/pages\/6","targetHints":{"allow":["GET"]}}],"collection":[{"href":"https:\/\/pos-graduacao.uepb.edu.br\/profei\/wp-json\/wp\/v2\/pages"}],"about":[{"href":"https:\/\/pos-graduacao.uepb.edu.br\/profei\/wp-json\/wp\/v2\/types\/page"}],"author":[{"embeddable":true,"href":"https:\/\/pos-graduacao.uepb.edu.br\/profei\/wp-json\/wp\/v2\/users\/5"}],"replies":[{"embeddable":true,"href":"https:\/\/pos-graduacao.uepb.edu.br\/profei\/wp-json\/wp\/v2\/comments?post=6"}],"version-history":[{"count":5,"href":"https:\/\/pos-graduacao.uepb.edu.br\/profei\/wp-json\/wp\/v2\/pages\/6\/revisions"}],"predecessor-version":[{"id":695,"href":"https:\/\/pos-graduacao.uepb.edu.br\/profei\/wp-json\/wp\/v2\/pages\/6\/revisions\/695"}],"wp:attachment":[{"href":"https:\/\/pos-graduacao.uepb.edu.br\/profei\/wp-json\/wp\/v2\/media?parent=6"}],"curies":[{"name":"wp","href":"https:\/\/api.w.org\/{rel}","templated":true}]}}

<p>O Mestrado Profissional em Educação Inclusiva em Rede Nacional (PROFEI) se justifica, principalmente, pelo aumento expressivo de matrículas de pessoas com deficiência na Educação Básica e Superior. Por essa razão, implica em uma demanda de aprimoramento profissional dos professores em todo o território nacional, no que se refere à formação continuada em consonância com as políticas públicas de inclusão escolar e uso das tecnologias digitais de informação e comunicação (TDIC).</p>
<p>O PROFEI é um curso de ensino híbrido com oferta simultânea nacional, constituído por uma Rede Nacional de Instituições de Ensino Superior conduzindo ao título de Mestre em Educação Inclusiva.</p>
<p><strong>PROFEI/UEPB</strong></p>
<p>A Universidade Estadual Paulista “Júlio de Mesquita Filho” &#8211; UNESP, visando à expansão da rede do PROFEI – Mestrado Profissional em Educação Inclusiva, lançou o EDITAL DE CREDENCIAMENTO E EXPANSÃO DA REDE DO MESTRADO PROFISSIONAL EM EDUCAÇÃO INCLUSIVA – PROFEI- EDITAL Nº 11/2021, em 19 de novembro de 2021.</p>
<p>Com a proposta de credenciamento aprovada para integrar a rede PROFEI, a Universidade Estadual da Paraíba amplia seus Programas de Pós-Graduação e abre novos caminhos para a Educação Inclusiva no estado da Paraíba, com a elaboração de projetos de extensão e de pesquisa, em âmbito âmbito nacional e internacional.</p>

<p>O Mestrado Profissional em Educação Inclusiva em Rede Nacional (PROFEI) se justifica, principalmente, pelo aumento expressivo de matrículas de pessoas com deficiência na Educação Básica e Superior. Por essa razão, implica em uma demanda de aprimoramento profissional dos professores em todo o território nacional, no que se refere à formação continuada em consonância com as <a class="leiamais" href="https://pos-graduacao.uepb.edu.br/profei/sobre/">Leia Mais&#8230;</a></p>
