{"id":346,"date":"2023-02-07T11:20:50","date_gmt":"2023-02-07T14:20:50","guid":{"rendered":"https:\/\/pos-graduacao.uepb.edu.br\/profei\/?page_id=346"},"modified":"2024-06-12T15:06:22","modified_gmt":"2024-06-12T18:06:22","slug":"home","status":"publish","type":"page","link":"https:\/\/pos-graduacao.uepb.edu.br\/profei\/","title":{"rendered":"Home"},"content":{"rendered":"<div class=\"wpb-content-wrapper\"><p>[vc_row gap=&#8221;30&#8243; equal_height=&#8221;yes&#8221;][vc_column][vc_text_separator title=&#8221;Not\u00edcias&#8221; i_icon_fontawesome=&#8221;fas fa-angle-double-right&#8221; i_color=&#8221;custom&#8221; title_align=&#8221;separator_align_left&#8221; add_icon=&#8221;true&#8221; i_custom_color=&#8221;#cc0000&#8243; css=&#8221;.vc_custom_1717700455429{margin-top: 30px !important;}&#8221;]<div class=\"mdl-grid\"><div class=\"mdl-cell--6-col mdl-cell--6-col-tablet mdl-cell--12-col-phone bloco-noticias\"><div class=\"titulo-noticia-widget\"><a href=\"https:\/\/pos-graduacao.uepb.edu.br\/profei\/2026\/03\/12\/edital-de-selecao-de-bolsistas-2026-profei\/\"><h3 class=\"titulo-destaque-noticia\">Edital de Sele\u00e7\u00e3o de Bolsistas 2026 - PROFEI<\/h3><\/a><\/div><div class=\"titulo-noticia-widget\"><a href=\"https:\/\/pos-graduacao.uepb.edu.br\/profei\/2025\/09\/08\/processo-seletivo-2026\/\"><h3 class=\"titulo-destaque-noticia\">Processo seletivo 2026<\/h3><\/a><\/div><div class=\"titulo-noticia-widget\"><a href=\"https:\/\/pos-graduacao.uepb.edu.br\/profei\/2025\/06\/26\/edital-de-selecao-interna-disciplina-praticas-internacionais-inclusivas\/\"><h3 class=\"titulo-destaque-noticia\">Edital de sele\u00e7\u00e3o interna - Disciplina \"Pr\u00e1ticas Internacionais Inclusivas\"<\/h3><\/a><\/div><div class=\"titulo-noticia-widget\"><a href=\"https:\/\/pos-graduacao.uepb.edu.br\/profei\/2025\/06\/09\/eleicoes-para-a-coordenacao-do-profei\/\"><h3 class=\"titulo-destaque-noticia\">Elei\u00e7\u00f5es para a Coordena\u00e7\u00e3o do PROFEI<\/h3><\/a><\/div><div class=\"titulo-noticia-widget\"><a href=\"https:\/\/pos-graduacao.uepb.edu.br\/profei\/2025\/05\/26\/edital-no-02-2025-credenciamento-de-docentes-ao-profei\/\"><h3 class=\"titulo-destaque-noticia\">Edital n\u00ba 02\/2025 \u2013 Credenciamento de Docentes ao PROFEI<\/h3><\/a><\/div><\/div><div class=\"mdl-cell--6-col mdl-cell--6-col-tablet mdl-cell--12-col-phone bloco-noticias\"><div class=\"titulo-noticia-widget\"><a href=\"https:\/\/pos-graduacao.uepb.edu.br\/profei\/2025\/04\/22\/edital-de-bolsas-capes-2025\/\"><h3 class=\"titulo-destaque-noticia\">Edital de Bolsas CAPES 2025<\/h3><\/a><\/div><div class=\"titulo-noticia-widget\"><a href=\"https:\/\/pos-graduacao.uepb.edu.br\/profei\/2025\/01\/31\/edital-no-01-2025-credenciamento-de-docentes-do-profei\/\"><h3 class=\"titulo-destaque-noticia\">Edital N\u00ba 01\/2025 \u2013 Credenciamento de Docentes do PROFEI<\/h3><\/a><\/div><div class=\"titulo-noticia-widget\"><a href=\"https:\/\/pos-graduacao.uepb.edu.br\/profei\/2024\/10\/18\/processo-seletivo-2025\/\"><h3 class=\"titulo-destaque-noticia\">Processo seletivo 2025<\/h3><\/a><\/div><div class=\"titulo-noticia-widget\"><a href=\"https:\/\/pos-graduacao.uepb.edu.br\/profei\/2024\/03\/08\/edital-de-bolsas-capes-profei-uepb-2024\/\"><h3 class=\"titulo-destaque-noticia\">Edital de Bolsas CAPES PROFEI\/UEPB - 2024<\/h3><\/a><\/div><div class=\"titulo-noticia-widget\"><a href=\"https:\/\/pos-graduacao.uepb.edu.br\/profei\/2024\/02\/27\/palestrantes-confirmados-v-cintedi\/\"><h3 class=\"titulo-destaque-noticia\">Palestrantes confirmados - V CINTEDI<\/h3><\/a><\/div><\/div><\/div>[\/vc_column][\/vc_row][vc_row][vc_column][vc_text_separator title=&#8221;Links \u00dateis&#8221; i_icon_fontawesome=&#8221;fas fa-angle-double-right&#8221; i_color=&#8221;custom&#8221; title_align=&#8221;separator_align_left&#8221; add_icon=&#8221;true&#8221; i_custom_color=&#8221;#cc0000&#8243;][\/vc_column][\/vc_row][vc_row][vc_column width=&#8221;1\/5&#8243; css=&#8221;.vc_custom_1717700247384{margin-left: 10px !important;}&#8221;][vc_btn title=&#8221;CAPES&#8221; shape=&#8221;square&#8221; color=&#8221;primary&#8221; size=&#8221;lg&#8221; align=&#8221;left&#8221; button_block=&#8221;true&#8221; link=&#8221;url:https%3A%2F%2Fwww.gov.br%2Fcapes%2Fpt-br|target:_blank&#8221; css=&#8221;.vc_custom_1717699931952{margin-bottom: 5px !important;}&#8221;][vc_btn title=&#8221;CNPq&#8221; shape=&#8221;square&#8221; color=&#8221;primary&#8221; size=&#8221;lg&#8221; align=&#8221;left&#8221; button_block=&#8221;true&#8221; link=&#8221;url:https%3A%2F%2Fwww.gov.br%2Fcnpq%2Fpt-br|target:_blank&#8221; css=&#8221;.vc_custom_1717699954984{margin-bottom: 5px !important;}&#8221;][\/vc_column][vc_column width=&#8221;1\/5&#8243;][vc_btn title=&#8221;PRPGP&#8221; shape=&#8221;square&#8221; color=&#8221;primary&#8221; size=&#8221;lg&#8221; align=&#8221;left&#8221; button_block=&#8221;true&#8221; link=&#8221;url:https%3A%2F%2Fuepb.edu.br%2Fprpgp%2F|target:_blank&#8221; css=&#8221;.vc_custom_1717699977305{margin-bottom: 5px !important;}&#8221;][vc_btn title=&#8221;Revista Educa\u00e7\u00e3o Inclusiva&#8221; shape=&#8221;square&#8221; color=&#8221;primary&#8221; size=&#8221;lg&#8221; align=&#8221;left&#8221; button_block=&#8221;true&#8221; link=&#8221;url:https%3A%2F%2Frevista.uepb.edu.br%2FREIN|target:_blank&#8221; css=&#8221;.vc_custom_1717699997926{margin-bottom: 5px !important;}&#8221;][\/vc_column][vc_column width=&#8221;1\/5&#8243;][vc_btn title=&#8221;Plataforma Brasil&#8221; shape=&#8221;square&#8221; color=&#8221;primary&#8221; size=&#8221;lg&#8221; align=&#8221;left&#8221; button_block=&#8221;true&#8221; link=&#8221;url:https%3A%2F%2Fplataformabrasil.saude.gov.br%2F|target:_blank&#8221; css=&#8221;.vc_custom_1717700035656{margin-bottom: 5px !important;}&#8221;][vc_btn title=&#8221;Plataforma Capes de Educa\u00e7\u00e3o B\u00e1sica&#8221; shape=&#8221;square&#8221; color=&#8221;primary&#8221; size=&#8221;lg&#8221; align=&#8221;left&#8221; button_block=&#8221;true&#8221; link=&#8221;url:https%3A%2F%2Ffreire.capes.gov.br%2Fportal%2F|target:_blank&#8221; css=&#8221;.vc_custom_1717700077936{margin-bottom: 5px !important;}&#8221;][\/vc_column][vc_column width=&#8221;1\/5&#8243;][vc_btn title=&#8221;Plataforma Lattes&#8221; shape=&#8221;square&#8221; color=&#8221;primary&#8221; size=&#8221;lg&#8221; align=&#8221;left&#8221; button_block=&#8221;true&#8221; link=&#8221;url:https%3A%2F%2Flattes.cnpq.br%2F|target:_blank&#8221; css=&#8221;.vc_custom_1717700135737{margin-bottom: 5px !important;}&#8221;][vc_btn title=&#8221;Plataforma Sucupira&#8221; shape=&#8221;square&#8221; color=&#8221;primary&#8221; size=&#8221;lg&#8221; align=&#8221;left&#8221; button_block=&#8221;true&#8221; link=&#8221;url:https%3A%2F%2Fsucupira.capes.gov.br%2Fsucupira%2F|target:_blank&#8221; css=&#8221;.vc_custom_1717700112255{margin-bottom: 5px !important;}&#8221;][\/vc_column][vc_column width=&#8221;1\/5&#8243;][vc_btn title=&#8221;PROFEI-UNESP&#8221; shape=&#8221;square&#8221; color=&#8221;primary&#8221; size=&#8221;lg&#8221; align=&#8221;left&#8221; button_block=&#8221;true&#8221; link=&#8221;url:https%3A%2F%2Fwww.fct.unesp.br%2F%23!%2Fpos-graduacao%2Feducacao-inclusiva|target:_blank&#8221; css=&#8221;.vc_custom_1717700160815{margin-bottom: 5px !important;}&#8221;][vc_btn title=&#8221;Ambiente Virtual de Aprendizagem \u2013 AVA&#8221; shape=&#8221;square&#8221; color=&#8221;primary&#8221; size=&#8221;lg&#8221; align=&#8221;left&#8221; button_block=&#8221;true&#8221; link=&#8221;url:https%3A%2F%2Fprofei.uemanet.net%2Flogin%2Findex.php|target:_blank&#8221; css=&#8221;.vc_custom_1717700181376{margin-bottom: 5px !important;}&#8221;][\/vc_column][\/vc_row][vc_row css=&#8221;.vc_custom_1717700347971{padding-bottom: 30px !important;}&#8221;][vc_column][vc_text_separator title=&#8221;Traduza esta p\u00e1gina&#8221; i_icon_fontawesome=&#8221;fas fa-angle-double-right&#8221; i_color=&#8221;custom&#8221; title_align=&#8221;separator_align_left&#8221; add_icon=&#8221;true&#8221; i_custom_color=&#8221;#cc0000&#8243;][vc_column_text css=&#8221;.vc_custom_1718215607835{margin-left: 15px !important;}&#8221;]<div class=\"gtranslate_wrapper\" id=\"gt-wrapper-42550245\"><\/div>[\/vc_column_text][\/vc_column][\/vc_row]<\/p>\n<\/div>","protected":false},"excerpt":{"rendered":"<p>[vc_row gap=&#8221;30&#8243; equal_height=&#8221;yes&#8221;][vc_column][vc_text_separator title=&#8221;Not\u00edcias&#8221; i_icon_fontawesome=&#8221;fas fa-angle-double-right&#8221; i_color=&#8221;custom&#8221; title_align=&#8221;separator_align_left&#8221; add_icon=&#8221;true&#8221; i_custom_color=&#8221;#cc0000&#8243; css=&#8221;.vc_custom_1717700455429{margin-top: 30px !important;}&#8221;][\/vc_column][\/vc_row][vc_row][vc_column][vc_text_separator title=&#8221;Links \u00dateis&#8221; i_icon_fontawesome=&#8221;fas fa-angle-double-right&#8221; i_color=&#8221;custom&#8221; title_align=&#8221;separator_align_left&#8221; add_icon=&#8221;true&#8221; i_custom_color=&#8221;#cc0000&#8243;][\/vc_column][\/vc_row][vc_row][vc_column width=&#8221;1\/5&#8243; css=&#8221;.vc_custom_1717700247384{margin-left: 10px !important;}&#8221;][vc_btn title=&#8221;CAPES&#8221; shape=&#8221;square&#8221; color=&#8221;primary&#8221; size=&#8221;lg&#8221; align=&#8221;left&#8221; button_block=&#8221;true&#8221; link=&#8221;url:https%3A%2F%2Fwww.gov.br%2Fcapes%2Fpt-br|target:_blank&#8221; css=&#8221;.vc_custom_1717699931952{margin-bottom: 5px !important;}&#8221;][vc_btn title=&#8221;CNPq&#8221; shape=&#8221;square&#8221; color=&#8221;primary&#8221; size=&#8221;lg&#8221; align=&#8221;left&#8221; button_block=&#8221;true&#8221; link=&#8221;url:https%3A%2F%2Fwww.gov.br%2Fcnpq%2Fpt-br|target:_blank&#8221; css=&#8221;.vc_custom_1717699954984{margin-bottom: 5px !important;}&#8221;][\/vc_column][vc_column width=&#8221;1\/5&#8243;][vc_btn title=&#8221;PRPGP&#8221; shape=&#8221;square&#8221; color=&#8221;primary&#8221; size=&#8221;lg&#8221; align=&#8221;left&#8221; button_block=&#8221;true&#8221; link=&#8221;url:https%3A%2F%2Fuepb.edu.br%2Fprpgp%2F|target:_blank&#8221; css=&#8221;.vc_custom_1717699977305{margin-bottom: 5px <a class=\"leiamais\" href=\"https:\/\/pos-graduacao.uepb.edu.br\/profei\/\">Leia Mais&#8230;<\/a><\/p>\n","protected":false},"author":5,"featured_media":0,"parent":0,"menu_order":0,"comment_status":"closed","ping_status":"closed","template":"","meta":{"footnotes":""},"class_list":["post-346","page","type-page","status-publish","hentry"],"_links":{"self":[{"href":"https:\/\/pos-graduacao.uepb.edu.br\/profei\/wp-json\/wp\/v2\/pages\/346","targetHints":{"allow":["GET"]}}],"collection":[{"href":"https:\/\/pos-graduacao.uepb.edu.br\/profei\/wp-json\/wp\/v2\/pages"}],"about":[{"href":"https:\/\/pos-graduacao.uepb.edu.br\/profei\/wp-json\/wp\/v2\/types\/page"}],"author":[{"embeddable":true,"href":"https:\/\/pos-graduacao.uepb.edu.br\/profei\/wp-json\/wp\/v2\/users\/5"}],"replies":[{"embeddable":true,"href":"https:\/\/pos-graduacao.uepb.edu.br\/profei\/wp-json\/wp\/v2\/comments?post=346"}],"version-history":[{"count":13,"href":"https:\/\/pos-graduacao.uepb.edu.br\/profei\/wp-json\/wp\/v2\/pages\/346\/revisions"}],"predecessor-version":[{"id":676,"href":"https:\/\/pos-graduacao.uepb.edu.br\/profei\/wp-json\/wp\/v2\/pages\/346\/revisions\/676"}],"wp:attachment":[{"href":"https:\/\/pos-graduacao.uepb.edu.br\/profei\/wp-json\/wp\/v2\/media?parent=346"}],"curies":[{"name":"wp","href":"https:\/\/api.w.org\/{rel}","templated":true}]}}

<div class="wpb-content-wrapper"><p>[vc_row gap=&#8221;30&#8243; equal_height=&#8221;yes&#8221;][vc_column][vc_text_separator title=&#8221;Notícias&#8221; i_icon_fontawesome=&#8221;fas fa-angle-double-right&#8221; i_color=&#8221;custom&#8221; title_align=&#8221;separator_align_left&#8221; add_icon=&#8221;true&#8221; i_custom_color=&#8221;#cc0000&#8243; css=&#8221;.vc_custom_1717700455429{margin-top: 30px !important;}&#8221;]<div class="mdl-grid"><div class="mdl-cell--6-col mdl-cell--6-col-tablet mdl-cell--12-col-phone bloco-noticias"><div class="titulo-noticia-widget"><a href="https://pos-graduacao.uepb.edu.br/profei/2026/03/12/edital-de-selecao-de-bolsistas-2026-profei/"><h3 class="titulo-destaque-noticia">Edital de Seleção de Bolsistas 2026 - PROFEI</h3></a></div><div class="titulo-noticia-widget"><a href="https://pos-graduacao.uepb.edu.br/profei/2025/09/08/processo-seletivo-2026/"><h3 class="titulo-destaque-noticia">Processo seletivo 2026</h3></a></div><div class="titulo-noticia-widget"><a href="https://pos-graduacao.uepb.edu.br/profei/2025/06/26/edital-de-selecao-interna-disciplina-praticas-internacionais-inclusivas/"><h3 class="titulo-destaque-noticia">Edital de seleção interna - Disciplina "Práticas Internacionais Inclusivas"</h3></a></div><div class="titulo-noticia-widget"><a href="https://pos-graduacao.uepb.edu.br/profei/2025/06/09/eleicoes-para-a-coordenacao-do-profei/"><h3 class="titulo-destaque-noticia">Eleições para a Coordenação do PROFEI</h3></a></div><div class="titulo-noticia-widget"><a href="https://pos-graduacao.uepb.edu.br/profei/2025/05/26/edital-no-02-2025-credenciamento-de-docentes-ao-profei/"><h3 class="titulo-destaque-noticia">Edital nº 02/2025 – Credenciamento de Docentes ao PROFEI</h3></a></div></div><div class="mdl-cell--6-col mdl-cell--6-col-tablet mdl-cell--12-col-phone bloco-noticias"><div class="titulo-noticia-widget"><a href="https://pos-graduacao.uepb.edu.br/profei/2025/04/22/edital-de-bolsas-capes-2025/"><h3 class="titulo-destaque-noticia">Edital de Bolsas CAPES 2025</h3></a></div><div class="titulo-noticia-widget"><a href="https://pos-graduacao.uepb.edu.br/profei/2025/01/31/edital-no-01-2025-credenciamento-de-docentes-do-profei/"><h3 class="titulo-destaque-noticia">Edital Nº 01/2025 – Credenciamento de Docentes do PROFEI</h3></a></div><div class="titulo-noticia-widget"><a href="https://pos-graduacao.uepb.edu.br/profei/2024/10/18/processo-seletivo-2025/"><h3 class="titulo-destaque-noticia">Processo seletivo 2025</h3></a></div><div class="titulo-noticia-widget"><a href="https://pos-graduacao.uepb.edu.br/profei/2024/03/08/edital-de-bolsas-capes-profei-uepb-2024/"><h3 class="titulo-destaque-noticia">Edital de Bolsas CAPES PROFEI/UEPB - 2024</h3></a></div><div class="titulo-noticia-widget"><a href="https://pos-graduacao.uepb.edu.br/profei/2024/02/27/palestrantes-confirmados-v-cintedi/"><h3 class="titulo-destaque-noticia">Palestrantes confirmados - V CINTEDI</h3></a></div></div></div>[/vc_column][/vc_row][vc_row][vc_column][vc_text_separator title=&#8221;Links Úteis&#8221; i_icon_fontawesome=&#8221;fas fa-angle-double-right&#8221; i_color=&#8221;custom&#8221; title_align=&#8221;separator_align_left&#8221; add_icon=&#8221;true&#8221; i_custom_color=&#8221;#cc0000&#8243;][/vc_column][/vc_row][vc_row][vc_column width=&#8221;1/5&#8243; css=&#8221;.vc_custom_1717700247384{margin-left: 10px !important;}&#8221;][vc_btn title=&#8221;CAPES&#8221; shape=&#8221;square&#8221; color=&#8221;primary&#8221; size=&#8221;lg&#8221; align=&#8221;left&#8221; button_block=&#8221;true&#8221; link=&#8221;url:https%3A%2F%2Fwww.gov.br%2Fcapes%2Fpt-br|target:_blank&#8221; css=&#8221;.vc_custom_1717699931952{margin-bottom: 5px !important;}&#8221;][vc_btn title=&#8221;CNPq&#8221; shape=&#8221;square&#8221; color=&#8221;primary&#8221; size=&#8221;lg&#8221; align=&#8221;left&#8221; button_block=&#8221;true&#8221; link=&#8221;url:https%3A%2F%2Fwww.gov.br%2Fcnpq%2Fpt-br|target:_blank&#8221; css=&#8221;.vc_custom_1717699954984{margin-bottom: 5px !important;}&#8221;][/vc_column][vc_column width=&#8221;1/5&#8243;][vc_btn title=&#8221;PRPGP&#8221; shape=&#8221;square&#8221; color=&#8221;primary&#8221; size=&#8221;lg&#8221; align=&#8221;left&#8221; button_block=&#8221;true&#8221; link=&#8221;url:https%3A%2F%2Fuepb.edu.br%2Fprpgp%2F|target:_blank&#8221; css=&#8221;.vc_custom_1717699977305{margin-bottom: 5px !important;}&#8221;][vc_btn title=&#8221;Revista Educação Inclusiva&#8221; shape=&#8221;square&#8221; color=&#8221;primary&#8221; size=&#8221;lg&#8221; align=&#8221;left&#8221; button_block=&#8221;true&#8221; link=&#8221;url:https%3A%2F%2Frevista.uepb.edu.br%2FREIN|target:_blank&#8221; css=&#8221;.vc_custom_1717699997926{margin-bottom: 5px !important;}&#8221;][/vc_column][vc_column width=&#8221;1/5&#8243;][vc_btn title=&#8221;Plataforma Brasil&#8221; shape=&#8221;square&#8221; color=&#8221;primary&#8221; size=&#8221;lg&#8221; align=&#8221;left&#8221; button_block=&#8221;true&#8221; link=&#8221;url:https%3A%2F%2Fplataformabrasil.saude.gov.br%2F|target:_blank&#8221; css=&#8221;.vc_custom_1717700035656{margin-bottom: 5px !important;}&#8221;][vc_btn title=&#8221;Plataforma Capes de Educação Básica&#8221; shape=&#8221;square&#8221; color=&#8221;primary&#8221; size=&#8221;lg&#8221; align=&#8221;left&#8221; button_block=&#8221;true&#8221; link=&#8221;url:https%3A%2F%2Ffreire.capes.gov.br%2Fportal%2F|target:_blank&#8221; css=&#8221;.vc_custom_1717700077936{margin-bottom: 5px !important;}&#8221;][/vc_column][vc_column width=&#8221;1/5&#8243;][vc_btn title=&#8221;Plataforma Lattes&#8221; shape=&#8221;square&#8221; color=&#8221;primary&#8221; size=&#8221;lg&#8221; align=&#8221;left&#8221; button_block=&#8221;true&#8221; link=&#8221;url:https%3A%2F%2Flattes.cnpq.br%2F|target:_blank&#8221; css=&#8221;.vc_custom_1717700135737{margin-bottom: 5px !important;}&#8221;][vc_btn title=&#8221;Plataforma Sucupira&#8221; shape=&#8221;square&#8221; color=&#8221;primary&#8221; size=&#8221;lg&#8221; align=&#8221;left&#8221; button_block=&#8221;true&#8221; link=&#8221;url:https%3A%2F%2Fsucupira.capes.gov.br%2Fsucupira%2F|target:_blank&#8221; css=&#8221;.vc_custom_1717700112255{margin-bottom: 5px !important;}&#8221;][/vc_column][vc_column width=&#8221;1/5&#8243;][vc_btn title=&#8221;PROFEI-UNESP&#8221; shape=&#8221;square&#8221; color=&#8221;primary&#8221; size=&#8221;lg&#8221; align=&#8221;left&#8221; button_block=&#8221;true&#8221; link=&#8221;url:https%3A%2F%2Fwww.fct.unesp.br%2F%23!%2Fpos-graduacao%2Feducacao-inclusiva|target:_blank&#8221; css=&#8221;.vc_custom_1717700160815{margin-bottom: 5px !important;}&#8221;][vc_btn title=&#8221;Ambiente Virtual de Aprendizagem – AVA&#8221; shape=&#8221;square&#8221; color=&#8221;primary&#8221; size=&#8221;lg&#8221; align=&#8221;left&#8221; button_block=&#8221;true&#8221; link=&#8221;url:https%3A%2F%2Fprofei.uemanet.net%2Flogin%2Findex.php|target:_blank&#8221; css=&#8221;.vc_custom_1717700181376{margin-bottom: 5px !important;}&#8221;][/vc_column][/vc_row][vc_row css=&#8221;.vc_custom_1717700347971{padding-bottom: 30px !important;}&#8221;][vc_column][vc_text_separator title=&#8221;Traduza esta página&#8221; i_icon_fontawesome=&#8221;fas fa-angle-double-right&#8221; i_color=&#8221;custom&#8221; title_align=&#8221;separator_align_left&#8221; add_icon=&#8221;true&#8221; i_custom_color=&#8221;#cc0000&#8243;][vc_column_text css=&#8221;.vc_custom_1718215607835{margin-left: 15px !important;}&#8221;]<div class="gtranslate_wrapper" id="gt-wrapper-42550245"></div>[/vc_column_text][/vc_column][/vc_row]</p>
</div>

<p>[vc_row gap=&#8221;30&#8243; equal_height=&#8221;yes&#8221;][vc_column][vc_text_separator title=&#8221;Notícias&#8221; i_icon_fontawesome=&#8221;fas fa-angle-double-right&#8221; i_color=&#8221;custom&#8221; title_align=&#8221;separator_align_left&#8221; add_icon=&#8221;true&#8221; i_custom_color=&#8221;#cc0000&#8243; css=&#8221;.vc_custom_1717700455429{margin-top: 30px !important;}&#8221;][/vc_column][/vc_row][vc_row][vc_column][vc_text_separator title=&#8221;Links Úteis&#8221; i_icon_fontawesome=&#8221;fas fa-angle-double-right&#8221; i_color=&#8221;custom&#8221; title_align=&#8221;separator_align_left&#8221; add_icon=&#8221;true&#8221; i_custom_color=&#8221;#cc0000&#8243;][/vc_column][/vc_row][vc_row][vc_column width=&#8221;1/5&#8243; css=&#8221;.vc_custom_1717700247384{margin-left: 10px !important;}&#8221;][vc_btn title=&#8221;CAPES&#8221; shape=&#8221;square&#8221; color=&#8221;primary&#8221; size=&#8221;lg&#8221; align=&#8221;left&#8221; button_block=&#8221;true&#8221; link=&#8221;url:https%3A%2F%2Fwww.gov.br%2Fcapes%2Fpt-br|target:_blank&#8221; css=&#8221;.vc_custom_1717699931952{margin-bottom: 5px !important;}&#8221;][vc_btn title=&#8221;CNPq&#8221; shape=&#8221;square&#8221; color=&#8221;primary&#8221; size=&#8221;lg&#8221; align=&#8221;left&#8221; button_block=&#8221;true&#8221; link=&#8221;url:https%3A%2F%2Fwww.gov.br%2Fcnpq%2Fpt-br|target:_blank&#8221; css=&#8221;.vc_custom_1717699954984{margin-bottom: 5px !important;}&#8221;][/vc_column][vc_column width=&#8221;1/5&#8243;][vc_btn title=&#8221;PRPGP&#8221; shape=&#8221;square&#8221; color=&#8221;primary&#8221; size=&#8221;lg&#8221; align=&#8221;left&#8221; button_block=&#8221;true&#8221; link=&#8221;url:https%3A%2F%2Fuepb.edu.br%2Fprpgp%2F|target:_blank&#8221; css=&#8221;.vc_custom_1717699977305{margin-bottom: 5px <a class="leiamais" href="https://pos-graduacao.uepb.edu.br/profei/">Leia Mais&#8230;</a></p>
