{"id":211,"date":"2022-10-03T14:50:28","date_gmt":"2022-10-03T17:50:28","guid":{"rendered":"https:\/\/pos-graduacao.uepb.edu.br\/profei\/?page_id=211"},"modified":"2026-03-14T17:17:47","modified_gmt":"2026-03-14T20:17:47","slug":"calendario-academico","status":"publish","type":"page","link":"https:\/\/pos-graduacao.uepb.edu.br\/profei\/calendario-academico\/","title":{"rendered":"Calend\u00e1rio Acad\u00eamico"},"content":{"rendered":"<div class=\"wpb-content-wrapper\"><p>[vc_row][vc_column][vc_column_text css=&#8221;&#8221;]<span style=\"color: #0000ff\"><a style=\"color: #0000ff\" href=\"https:\/\/pos-graduacao.uepb.edu.br\/profei\/download\/calendario-academico-2026\/\">Calend\u00e1rio Acad\u00eamico 2026 &#8211; T6<\/a><\/span><\/p>\n<p><a href=\"https:\/\/pos-graduacao.uepb.edu.br\/profei\/download\/calendario-academico-2025\/\"><span style=\"color: #0000ff\">Calend\u00e1rio Acad\u00eamico 2025 &#8211; T5<\/span><\/a><\/p>\n<p><span style=\"color: #0000ff\"><a style=\"color: #0000ff\" href=\"https:\/\/pos-graduacao.uepb.edu.br\/profei\/download\/calendario-academico-2024\/\">Calend\u00e1rio Acad\u00eamico 2024 &#8211; T4<\/a><\/span><\/p>\n<p><span style=\"color: #0000ff\"><a style=\"color: #0000ff\" href=\"https:\/\/pos-graduacao.uepb.edu.br\/profei\/download\/calendario-academico-2023\/\">Calend\u00e1rio Acad\u00eamico 2023 &#8211; T3<\/a><\/span><\/p>\n<p><span style=\"color: #0000ff\"><a style=\"color: #0000ff\" href=\"https:\/\/pos-graduacao.uepb.edu.br\/profei\/download\/calendario-academico-2023-2\/\">Calend\u00e1rio Acad\u00eamico 2023 &#8211; T2<\/a><\/span>[\/vc_column_text][\/vc_column][\/vc_row]<\/p>\n<\/div>","protected":false},"excerpt":{"rendered":"<p>[vc_row][vc_column][vc_column_text css=&#8221;&#8221;]Calend\u00e1rio Acad\u00eamico 2026 &#8211; T6 Calend\u00e1rio Acad\u00eamico 2025 &#8211; T5 Calend\u00e1rio Acad\u00eamico 2024 &#8211; T4 Calend\u00e1rio Acad\u00eamico 2023 &#8211; T3 Calend\u00e1rio Acad\u00eamico 2023 &#8211; T2[\/vc_column_text][\/vc_column][\/vc_row]<\/p>\n","protected":false},"author":66,"featured_media":0,"parent":0,"menu_order":0,"comment_status":"closed","ping_status":"closed","template":"","meta":{"footnotes":""},"class_list":["post-211","page","type-page","status-publish","hentry"],"_links":{"self":[{"href":"https:\/\/pos-graduacao.uepb.edu.br\/profei\/wp-json\/wp\/v2\/pages\/211","targetHints":{"allow":["GET"]}}],"collection":[{"href":"https:\/\/pos-graduacao.uepb.edu.br\/profei\/wp-json\/wp\/v2\/pages"}],"about":[{"href":"https:\/\/pos-graduacao.uepb.edu.br\/profei\/wp-json\/wp\/v2\/types\/page"}],"author":[{"embeddable":true,"href":"https:\/\/pos-graduacao.uepb.edu.br\/profei\/wp-json\/wp\/v2\/users\/66"}],"replies":[{"embeddable":true,"href":"https:\/\/pos-graduacao.uepb.edu.br\/profei\/wp-json\/wp\/v2\/comments?post=211"}],"version-history":[{"count":10,"href":"https:\/\/pos-graduacao.uepb.edu.br\/profei\/wp-json\/wp\/v2\/pages\/211\/revisions"}],"predecessor-version":[{"id":1235,"href":"https:\/\/pos-graduacao.uepb.edu.br\/profei\/wp-json\/wp\/v2\/pages\/211\/revisions\/1235"}],"wp:attachment":[{"href":"https:\/\/pos-graduacao.uepb.edu.br\/profei\/wp-json\/wp\/v2\/media?parent=211"}],"curies":[{"name":"wp","href":"https:\/\/api.w.org\/{rel}","templated":true}]}}