{"id":17,"date":"2022-02-03T19:42:12","date_gmt":"2022-02-03T22:42:12","guid":{"rendered":"https:\/\/pos-graduacao.uepb.edu.br\/profei\/?page_id=17"},"modified":"2022-02-03T19:42:12","modified_gmt":"2022-02-03T22:42:12","slug":"publico-alvo","status":"publish","type":"page","link":"https:\/\/pos-graduacao.uepb.edu.br\/profei\/publico-alvo\/","title":{"rendered":"P\u00fablico Alvo"},"content":{"rendered":"<p>O PROFEI destina-se exclusivamente \u00e0 capacita\u00e7\u00e3o de professores(as) concursados(as) em efetivo exerc\u00edcio na Rede P\u00fablica de Ensino da Educa\u00e7\u00e3o B\u00e1sica.<\/p>\n","protected":false},"excerpt":{"rendered":"<p>O PROFEI destina-se exclusivamente \u00e0 capacita\u00e7\u00e3o de professores(as) concursados(as) em efetivo exerc\u00edcio na Rede P\u00fablica de Ensino da Educa\u00e7\u00e3o B\u00e1sica.<\/p>\n","protected":false},"author":5,"featured_media":0,"parent":0,"menu_order":0,"comment_status":"closed","ping_status":"closed","template":"","meta":{"footnotes":""},"class_list":["post-17","page","type-page","status-publish","hentry"],"_links":{"self":[{"href":"https:\/\/pos-graduacao.uepb.edu.br\/profei\/wp-json\/wp\/v2\/pages\/17","targetHints":{"allow":["GET"]}}],"collection":[{"href":"https:\/\/pos-graduacao.uepb.edu.br\/profei\/wp-json\/wp\/v2\/pages"}],"about":[{"href":"https:\/\/pos-graduacao.uepb.edu.br\/profei\/wp-json\/wp\/v2\/types\/page"}],"author":[{"embeddable":true,"href":"https:\/\/pos-graduacao.uepb.edu.br\/profei\/wp-json\/wp\/v2\/users\/5"}],"replies":[{"embeddable":true,"href":"https:\/\/pos-graduacao.uepb.edu.br\/profei\/wp-json\/wp\/v2\/comments?post=17"}],"version-history":[{"count":1,"href":"https:\/\/pos-graduacao.uepb.edu.br\/profei\/wp-json\/wp\/v2\/pages\/17\/revisions"}],"predecessor-version":[{"id":18,"href":"https:\/\/pos-graduacao.uepb.edu.br\/profei\/wp-json\/wp\/v2\/pages\/17\/revisions\/18"}],"wp:attachment":[{"href":"https:\/\/pos-graduacao.uepb.edu.br\/profei\/wp-json\/wp\/v2\/media?parent=17"}],"curies":[{"name":"wp","href":"https:\/\/api.w.org\/{rel}","templated":true}]}}

Público Alvo

<p>O PROFEI destina-se exclusivamente à capacitação de professores(as) concursados(as) em efetivo exercício na Rede Pública de Ensino da Educação Básica.</p>
