{"id":3148,"date":"2025-07-01T15:13:31","date_gmt":"2025-07-01T15:13:31","guid":{"rendered":"https:\/\/pos-graduacao.uepb.edu.br\/ppgss\/?page_id=3148"},"modified":"2025-08-21T17:30:01","modified_gmt":"2025-08-21T17:30:01","slug":"publicacoes-do-ppgss","status":"publish","type":"page","link":"https:\/\/pos-graduacao.uepb.edu.br\/ppgss\/publicacoes-do-ppgss\/","title":{"rendered":"Publica\u00e7\u00f5es do PPGSS"},"content":{"rendered":"<div class=\"wpb-content-wrapper\"><p>[vc_row][vc_column][vc_tta_accordion title_tag=&#8221;h3&#8243; style=&#8221;modern&#8221; c_icon=&#8221;triangle&#8221; active_section=&#8221;1&#8243;][vc_tta_section title=&#8221;2025&#8243; tab_id=&#8221;1752246301609-12c181c9-986b&#8221;][vc_column_text css=&#8221;&#8221;]<\/p>\n<ul>\n<li><a href=\"https:\/\/pos-graduacao.uepb.edu.br\/ppgss\/download\/a-terceirizacao-do-cuidado-o-servico-familia-acolhedora-em-face-do-desmonte-das-politicas-sociais\/?wpdmdl=3196&amp;masterkey=jz8uIzHhq8ghkGVos3W8sfGqRTb0IZw3at_r9tlHv4adRqdfUrSx-4tyYZ_P7TwxSDL9Jy-sTfwEwYVBZhM6ohAuJPk_wCYfxFnDDcNhZXw\">A terceiriza\u00e7\u00e3o do cuidado o servi\u00e7o fam\u00edlia acolhedora em face do desmonte das pol\u00edticas sociais.<\/a><\/li>\n<li><a href=\"https:\/\/pos-graduacao.uepb.edu.br\/ppgss\/download\/a-contrarreforma-do-estado-na-atencao-primaria-a-saude-o-periodo-do-governo-bolsonaro\/?wpdmdl=3198&amp;masterkey=8V-fc2eGavuH5VrA1BakXXq9V4CQglSN6JYPhWPzDBAsRkpcTuc8HLICvgyTwiNOU4zW-nTksMuMS3ABj2ixH71AEhQbRYSsJR53bEPZnWI\">A contrarreforma do Estado na aten\u00e7\u00e3o prim\u00e1ria \u00e0 sa\u00fade: o per\u00edodo do Governo Bolsonaro<\/a>.<\/li>\n<li><a href=\"https:\/\/pos-graduacao.uepb.edu.br\/ppgss\/download\/brasil-em-tela-o-cinema-nacional-como-recurso-didatico-pedagogico-para-o-enfrentamento-as-violencias-contra-minorias-sociais\/?wpdmdl=3199&amp;masterkey=kr5jzmMl57_TtIwMbMx7_OghxM4loZz_5c-a3DhS5_sQMgqwg4OX8yHwOpst2vv8UnFK_turTkH4hxBYueHqoujeoXQNBWWN90S9dUYU9TQ\">Brasil em tela: o cinema nacional como recurso did\u00e1tico pedag\u00f3gico para o enfrentamento \u00e0s viol\u00eancias contra minorias sociais.<\/a><\/li>\n<li><a href=\"https:\/\/pos-graduacao.uepb.edu.br\/ppgss\/download\/mulheres-quilombolas-resistencia-identidade-e-feminismo-negro\/?wpdmdl=3200&amp;masterkey=xRp9i9iDWAZpImjKSsLfX61Dg-oFYWFt_GCxrr4NUd4sECugvid7yP4-2PJAF_E0qjU44iCYGRkRNaNxUiT-0GH3FD5Vcc9GAdHfyA0Q91A\">Mulheres quilombolas: resist\u00eancia, identidade e feminismo negro.<\/a><\/li>\n<li><a href=\"https:\/\/pos-graduacao.uepb.edu.br\/ppgss\/download\/as-contribuicoes-do-materialismo-historico-dialetico-na-analise-do-sistema-penitenciario-brasileiro\/?wpdmdl=3201&amp;masterkey=rNmXPF-OA_4b7MQg7wlKj5w8LrDPOD6Eqv2LZD6Pr1KM0ZYKcagANhryhRHUVKqiR34hBG8UuW25IY10nYGw-N-NWs0E8OsJI6y3NcVFrdM\">As contribui\u00e7\u00f5es do materialismo hist\u00f3rico-dial\u00e9tico na an\u00e1lise do sistema penitenci\u00e1rio brasileiro.<\/a><\/li>\n<\/ul>\n<p>[\/vc_column_text][\/vc_tta_section][vc_tta_section title=&#8221;2024&#8243; tab_id=&#8221;1752246301613-4ce93696-9f6e&#8221;][vc_column_text css=&#8221;&#8221;]<\/p>\n<ul>\n<li><a href=\"https:\/\/pos-graduacao.uepb.edu.br\/ppgss\/download\/10-anos-de-pesquisas-do-getraps-dialogos-sobre-formacao-trabalho-e-fundamentos-do-servico-social\/?wpdmdl=3168&amp;masterkey=QQNbwFXOUdts_s-pz1k9YmhCCliL0l-_YY_WBTI8PSs-YLSVzhnNjPby76T3cifCawlCDHyjYU4qnaSkClPwG9YOl7LiItIgDs4_ZSicr9I\">10 anos de pesquisas do GETRAPS: di\u00e1logos sobre forma\u00e7\u00e3o, trabalho e fundamentos do Servi\u00e7o Social<\/a><\/li>\n<li><a href=\"https:\/\/pos-graduacao.uepb.edu.br\/ppgss\/download\/crise-ultraneoliberalismo-e-implicacoes-para-a-politica-social\/?wpdmdl=3170&amp;masterkey=vn6xLoS7xed87RoL_wD7NToiXy9GObuHTZ3GdxPA1Ccvuy_dl0H2oACwKxqPGLjjPXEEi1LnexRbiR_Ku2zxnjJHoLQxxyddwOi6NCHFUG4\">Crise, Ultraneoliberalismo e implica\u00e7\u00f5es para a Pol\u00edtica Social<\/a><\/li>\n<li><a href=\"https:\/\/pos-graduacao.uepb.edu.br\/ppgss\/download\/infancia-e-racismo\/?wpdmdl=3172&amp;masterkey=oxuaoVojOlSWMNTwJ8pjUWPa9VFQhDFXhzx35QzEirT7CUTIqbbOFKZmnYN6lCSK8uJ296R5WF71KA-g6a5rh4_xGTTYhInxFffNAf9UxNE\">Inf\u00e2ncia e Racismo<\/a><\/li>\n<li><a href=\"https:\/\/pos-graduacao.uepb.edu.br\/ppgss\/download\/multitudes-metodologicas-raca-sexo-genero-e-estado-na-articulacao-de-marcadores-da-diferenca\/?wpdmdl=3173&amp;masterkey=CRiTqom9AcC6R_4oSf3GpoEUTnsSI8OXF1hXIWHGAl6hcdGiavsDA6rs3eJAI9ogVElosvP88e70cmGYR2dQz5cU88DA8bRnbz3VBF5MsDw\">Multitudes metodol\u00f3gicas: Ra\u00e7a, Sexo, G\u00eanero e Estado na articula\u00e7\u00e3o de marcadores da diferen\u00e7a<\/a><\/li>\n<li><a href=\"https:\/\/pos-graduacao.uepb.edu.br\/ppgss\/download\/dependencia-e-superexploracao-na-america-latina-a-particularidade-do-capitalismo-brasileiro\/?wpdmdl=3202&amp;masterkey=7hBdFrQjisro-Pj2zIGQCMkFHCQ59vNcVKBO1xsPE2Cupv0ezkjTtnIiWJDZerxBpFwoylQ1Q6BKjKd9ryQPIRtr8ZzOdX9pw3dsdIo9trE\">Depend\u00eancia e superexplora\u00e7\u00e3o na Am\u00e9rica Latina: a particularidade do capitalismo brasileiro.<\/a><\/li>\n<\/ul>\n<p>[\/vc_column_text][\/vc_tta_section][vc_tta_section title=&#8221;2023&#8243; tab_id=&#8221;1752246332107-027cbceb-a006&#8243;][vc_column_text css=&#8221;&#8221;]<\/p>\n<ul>\n<li><a href=\"https:\/\/pos-graduacao.uepb.edu.br\/ppgss\/download\/educacao-permanente-para-assistentes-sociais-atuantes-na-area-da-saude-na-paraiba\/?wpdmdl=3176&amp;masterkey=qLCNedbVuBqjUGUrelG966ELb8_kRfRpDq_3aQyKa8bJsv9sF0mLkEofdZKOlOhfP08muQZT6iQD5VoCFjdXXbKFaRmaap0oLwa5yJ4tqi4\">Educa\u00e7\u00e3o permanente para Assistentes Sociais atuantes na \u00e1rea da sa\u00fade na Para\u00edba<\/a><\/li>\n<li><a href=\"https:\/\/pos-graduacao.uepb.edu.br\/ppgss\/download\/neoliberalismo-e-criminalizacao-da-pobreza-a-des-protecao-social-a-infancia-e-adolescencia-no-brasil\/?wpdmdl=3177&amp;masterkey=-m48MxO74OKcVQt427cF5bcDIjQveuwo-4MM5on8YSAU7CxDRGWBk3OH2Gu-AOBqJxWqe6Q9ICy33LuJqiCzISapxH7yZVEQDQn6nhHPYqY\">Neoliberalismo e criminaliza\u00e7\u00e3o da pobreza: a (des) prote\u00e7\u00e3o social \u00e0 inf\u00e2ncia e adolesc\u00eancia no Brasil<\/a><\/li>\n<li><a href=\"https:\/\/pos-graduacao.uepb.edu.br\/ppgss\/download\/ultraneoliberalismo-pos-graduacao-e-servico-social-no-brasil\/?wpdmdl=3178&amp;masterkey=fVm0zsgwd3yXfcivjLt8ufqWD_2L9ABLZd8AGzqGBy5GqCBmQIrShoptBjGgrTupO4VwgOf7S8wIobk2dZl-ZaAjeN7hZOUYf0Lo0gsj-s8\">Ultraneoliberalismo, P\u00f3s-Gradua\u00e7\u00e3o e Servi\u00e7o Social no Brasil<\/a><\/li>\n<\/ul>\n<p>[\/vc_column_text][\/vc_tta_section][vc_tta_section title=&#8221;2022&#8243; tab_id=&#8221;1752246342259-7cb47821-3b01&#8243;][\/vc_tta_section][vc_tta_section title=&#8221;2021&#8243; tab_id=&#8221;1752246356669-0c6fe4d7-7399&#8243;][vc_column_text css=&#8221;&#8221;]<\/p>\n<ul>\n<li><a href=\"https:\/\/pos-graduacao.uepb.edu.br\/ppgss\/download\/o-sentido-do-trabalho-infantil-domestico-particularidades-e-contradicoes-na-esfera-da-reproducao-social-nas-economias-perifericas-dependentes\/?wpdmdl=3175&amp;masterkey=mrWRV6UClnKDzvpyXkCgORBS2vUTbKdmkm_byRo6UFzSwWmwIyu14mKVVJSg2yrdymA5REKgsWnaB8im6NNViWocJdz6M86V-7-3OENgPNQ\">O sentido do trabalho infantil dom\u00e9stico: particularidades e contradi\u00e7\u00f5es na esfera da reprodu\u00e7\u00e3o social nas economias perif\u00e9ricas dependentes<\/a><\/li>\n<\/ul>\n<p>[\/vc_column_text][\/vc_tta_section][\/vc_tta_accordion][\/vc_column][\/vc_row]<\/p>\n<\/div>","protected":false},"excerpt":{"rendered":"<p>[vc_row][vc_column][vc_tta_accordion title_tag=&#8221;h3&#8243; style=&#8221;modern&#8221; c_icon=&#8221;triangle&#8221; active_section=&#8221;1&#8243;][vc_tta_section title=&#8221;2025&#8243; tab_id=&#8221;1752246301609-12c181c9-986b&#8221;][vc_column_text css=&#8221;&#8221;] A terceiriza\u00e7\u00e3o do cuidado o servi\u00e7o fam\u00edlia acolhedora em face do desmonte das pol\u00edticas sociais. A contrarreforma do Estado na aten\u00e7\u00e3o prim\u00e1ria \u00e0 sa\u00fade: o per\u00edodo do Governo Bolsonaro. Brasil em tela: o cinema nacional como recurso did\u00e1tico pedag\u00f3gico para o enfrentamento \u00e0s viol\u00eancias contra minorias sociais. <a class=\"leiamais\" href=\"https:\/\/pos-graduacao.uepb.edu.br\/ppgss\/publicacoes-do-ppgss\/\">Leia Mais&#8230;<\/a><\/p>\n","protected":false},"author":60,"featured_media":0,"parent":0,"menu_order":0,"comment_status":"closed","ping_status":"closed","template":"","meta":{"footnotes":""},"class_list":["post-3148","page","type-page","status-publish","hentry"],"_links":{"self":[{"href":"https:\/\/pos-graduacao.uepb.edu.br\/ppgss\/wp-json\/wp\/v2\/pages\/3148","targetHints":{"allow":["GET"]}}],"collection":[{"href":"https:\/\/pos-graduacao.uepb.edu.br\/ppgss\/wp-json\/wp\/v2\/pages"}],"about":[{"href":"https:\/\/pos-graduacao.uepb.edu.br\/ppgss\/wp-json\/wp\/v2\/types\/page"}],"author":[{"embeddable":true,"href":"https:\/\/pos-graduacao.uepb.edu.br\/ppgss\/wp-json\/wp\/v2\/users\/60"}],"replies":[{"embeddable":true,"href":"https:\/\/pos-graduacao.uepb.edu.br\/ppgss\/wp-json\/wp\/v2\/comments?post=3148"}],"version-history":[{"count":13,"href":"https:\/\/pos-graduacao.uepb.edu.br\/ppgss\/wp-json\/wp\/v2\/pages\/3148\/revisions"}],"predecessor-version":[{"id":3226,"href":"https:\/\/pos-graduacao.uepb.edu.br\/ppgss\/wp-json\/wp\/v2\/pages\/3148\/revisions\/3226"}],"wp:attachment":[{"href":"https:\/\/pos-graduacao.uepb.edu.br\/ppgss\/wp-json\/wp\/v2\/media?parent=3148"}],"curies":[{"name":"wp","href":"https:\/\/api.w.org\/{rel}","templated":true}]}}

Publicações do PPGSS

<div class="wpb-content-wrapper"><p>[vc_row][vc_column][vc_tta_accordion title_tag=&#8221;h3&#8243; style=&#8221;modern&#8221; c_icon=&#8221;triangle&#8221; active_section=&#8221;1&#8243;][vc_tta_section title=&#8221;2025&#8243; tab_id=&#8221;1752246301609-12c181c9-986b&#8221;][vc_column_text css=&#8221;&#8221;]</p>
<ul>
<li><a href="https://pos-graduacao.uepb.edu.br/ppgss/download/a-terceirizacao-do-cuidado-o-servico-familia-acolhedora-em-face-do-desmonte-das-politicas-sociais/?wpdmdl=3196&amp;masterkey=jz8uIzHhq8ghkGVos3W8sfGqRTb0IZw3at_r9tlHv4adRqdfUrSx-4tyYZ_P7TwxSDL9Jy-sTfwEwYVBZhM6ohAuJPk_wCYfxFnDDcNhZXw">A terceirização do cuidado o serviço família acolhedora em face do desmonte das políticas sociais.</a></li>
<li><a href="https://pos-graduacao.uepb.edu.br/ppgss/download/a-contrarreforma-do-estado-na-atencao-primaria-a-saude-o-periodo-do-governo-bolsonaro/?wpdmdl=3198&amp;masterkey=8V-fc2eGavuH5VrA1BakXXq9V4CQglSN6JYPhWPzDBAsRkpcTuc8HLICvgyTwiNOU4zW-nTksMuMS3ABj2ixH71AEhQbRYSsJR53bEPZnWI">A contrarreforma do Estado na atenção primária à saúde: o período do Governo Bolsonaro</a>.</li>
<li><a href="https://pos-graduacao.uepb.edu.br/ppgss/download/brasil-em-tela-o-cinema-nacional-como-recurso-didatico-pedagogico-para-o-enfrentamento-as-violencias-contra-minorias-sociais/?wpdmdl=3199&amp;masterkey=kr5jzmMl57_TtIwMbMx7_OghxM4loZz_5c-a3DhS5_sQMgqwg4OX8yHwOpst2vv8UnFK_turTkH4hxBYueHqoujeoXQNBWWN90S9dUYU9TQ">Brasil em tela: o cinema nacional como recurso didático pedagógico para o enfrentamento às violências contra minorias sociais.</a></li>
<li><a href="https://pos-graduacao.uepb.edu.br/ppgss/download/mulheres-quilombolas-resistencia-identidade-e-feminismo-negro/?wpdmdl=3200&amp;masterkey=xRp9i9iDWAZpImjKSsLfX61Dg-oFYWFt_GCxrr4NUd4sECugvid7yP4-2PJAF_E0qjU44iCYGRkRNaNxUiT-0GH3FD5Vcc9GAdHfyA0Q91A">Mulheres quilombolas: resistência, identidade e feminismo negro.</a></li>
<li><a href="https://pos-graduacao.uepb.edu.br/ppgss/download/as-contribuicoes-do-materialismo-historico-dialetico-na-analise-do-sistema-penitenciario-brasileiro/?wpdmdl=3201&amp;masterkey=rNmXPF-OA_4b7MQg7wlKj5w8LrDPOD6Eqv2LZD6Pr1KM0ZYKcagANhryhRHUVKqiR34hBG8UuW25IY10nYGw-N-NWs0E8OsJI6y3NcVFrdM">As contribuições do materialismo histórico-dialético na análise do sistema penitenciário brasileiro.</a></li>
</ul>
<p>[/vc_column_text][/vc_tta_section][vc_tta_section title=&#8221;2024&#8243; tab_id=&#8221;1752246301613-4ce93696-9f6e&#8221;][vc_column_text css=&#8221;&#8221;]</p>
<ul>
<li><a href="https://pos-graduacao.uepb.edu.br/ppgss/download/10-anos-de-pesquisas-do-getraps-dialogos-sobre-formacao-trabalho-e-fundamentos-do-servico-social/?wpdmdl=3168&amp;masterkey=QQNbwFXOUdts_s-pz1k9YmhCCliL0l-_YY_WBTI8PSs-YLSVzhnNjPby76T3cifCawlCDHyjYU4qnaSkClPwG9YOl7LiItIgDs4_ZSicr9I">10 anos de pesquisas do GETRAPS: diálogos sobre formação, trabalho e fundamentos do Serviço Social</a></li>
<li><a href="https://pos-graduacao.uepb.edu.br/ppgss/download/crise-ultraneoliberalismo-e-implicacoes-para-a-politica-social/?wpdmdl=3170&amp;masterkey=vn6xLoS7xed87RoL_wD7NToiXy9GObuHTZ3GdxPA1Ccvuy_dl0H2oACwKxqPGLjjPXEEi1LnexRbiR_Ku2zxnjJHoLQxxyddwOi6NCHFUG4">Crise, Ultraneoliberalismo e implicações para a Política Social</a></li>
<li><a href="https://pos-graduacao.uepb.edu.br/ppgss/download/infancia-e-racismo/?wpdmdl=3172&amp;masterkey=oxuaoVojOlSWMNTwJ8pjUWPa9VFQhDFXhzx35QzEirT7CUTIqbbOFKZmnYN6lCSK8uJ296R5WF71KA-g6a5rh4_xGTTYhInxFffNAf9UxNE">Infância e Racismo</a></li>
<li><a href="https://pos-graduacao.uepb.edu.br/ppgss/download/multitudes-metodologicas-raca-sexo-genero-e-estado-na-articulacao-de-marcadores-da-diferenca/?wpdmdl=3173&amp;masterkey=CRiTqom9AcC6R_4oSf3GpoEUTnsSI8OXF1hXIWHGAl6hcdGiavsDA6rs3eJAI9ogVElosvP88e70cmGYR2dQz5cU88DA8bRnbz3VBF5MsDw">Multitudes metodológicas: Raça, Sexo, Gênero e Estado na articulação de marcadores da diferença</a></li>
<li><a href="https://pos-graduacao.uepb.edu.br/ppgss/download/dependencia-e-superexploracao-na-america-latina-a-particularidade-do-capitalismo-brasileiro/?wpdmdl=3202&amp;masterkey=7hBdFrQjisro-Pj2zIGQCMkFHCQ59vNcVKBO1xsPE2Cupv0ezkjTtnIiWJDZerxBpFwoylQ1Q6BKjKd9ryQPIRtr8ZzOdX9pw3dsdIo9trE">Dependência e superexploração na América Latina: a particularidade do capitalismo brasileiro.</a></li>
</ul>
<p>[/vc_column_text][/vc_tta_section][vc_tta_section title=&#8221;2023&#8243; tab_id=&#8221;1752246332107-027cbceb-a006&#8243;][vc_column_text css=&#8221;&#8221;]</p>
<ul>
<li><a href="https://pos-graduacao.uepb.edu.br/ppgss/download/educacao-permanente-para-assistentes-sociais-atuantes-na-area-da-saude-na-paraiba/?wpdmdl=3176&amp;masterkey=qLCNedbVuBqjUGUrelG966ELb8_kRfRpDq_3aQyKa8bJsv9sF0mLkEofdZKOlOhfP08muQZT6iQD5VoCFjdXXbKFaRmaap0oLwa5yJ4tqi4">Educação permanente para Assistentes Sociais atuantes na área da saúde na Paraíba</a></li>
<li><a href="https://pos-graduacao.uepb.edu.br/ppgss/download/neoliberalismo-e-criminalizacao-da-pobreza-a-des-protecao-social-a-infancia-e-adolescencia-no-brasil/?wpdmdl=3177&amp;masterkey=-m48MxO74OKcVQt427cF5bcDIjQveuwo-4MM5on8YSAU7CxDRGWBk3OH2Gu-AOBqJxWqe6Q9ICy33LuJqiCzISapxH7yZVEQDQn6nhHPYqY">Neoliberalismo e criminalização da pobreza: a (des) proteção social à infância e adolescência no Brasil</a></li>
<li><a href="https://pos-graduacao.uepb.edu.br/ppgss/download/ultraneoliberalismo-pos-graduacao-e-servico-social-no-brasil/?wpdmdl=3178&amp;masterkey=fVm0zsgwd3yXfcivjLt8ufqWD_2L9ABLZd8AGzqGBy5GqCBmQIrShoptBjGgrTupO4VwgOf7S8wIobk2dZl-ZaAjeN7hZOUYf0Lo0gsj-s8">Ultraneoliberalismo, Pós-Graduação e Serviço Social no Brasil</a></li>
</ul>
<p>[/vc_column_text][/vc_tta_section][vc_tta_section title=&#8221;2022&#8243; tab_id=&#8221;1752246342259-7cb47821-3b01&#8243;][/vc_tta_section][vc_tta_section title=&#8221;2021&#8243; tab_id=&#8221;1752246356669-0c6fe4d7-7399&#8243;][vc_column_text css=&#8221;&#8221;]</p>
<ul>
<li><a href="https://pos-graduacao.uepb.edu.br/ppgss/download/o-sentido-do-trabalho-infantil-domestico-particularidades-e-contradicoes-na-esfera-da-reproducao-social-nas-economias-perifericas-dependentes/?wpdmdl=3175&amp;masterkey=mrWRV6UClnKDzvpyXkCgORBS2vUTbKdmkm_byRo6UFzSwWmwIyu14mKVVJSg2yrdymA5REKgsWnaB8im6NNViWocJdz6M86V-7-3OENgPNQ">O sentido do trabalho infantil doméstico: particularidades e contradições na esfera da reprodução social nas economias periféricas dependentes</a></li>
</ul>
<p>[/vc_column_text][/vc_tta_section][/vc_tta_accordion][/vc_column][/vc_row]</p>
</div>

<p>[vc_row][vc_column][vc_tta_accordion title_tag=&#8221;h3&#8243; style=&#8221;modern&#8221; c_icon=&#8221;triangle&#8221; active_section=&#8221;1&#8243;][vc_tta_section title=&#8221;2025&#8243; tab_id=&#8221;1752246301609-12c181c9-986b&#8221;][vc_column_text css=&#8221;&#8221;] A terceirização do cuidado o serviço família acolhedora em face do desmonte das políticas sociais. A contrarreforma do Estado na atenção primária à saúde: o período do Governo Bolsonaro. Brasil em tela: o cinema nacional como recurso didático pedagógico para o enfrentamento às violências contra minorias sociais. <a class="leiamais" href="https://pos-graduacao.uepb.edu.br/ppgss/publicacoes-do-ppgss/">Leia Mais&#8230;</a></p>
