{"id":1531,"date":"2021-11-11T13:50:45","date_gmt":"2021-11-11T13:50:45","guid":{"rendered":"https:\/\/pos-graduacao.uepb.edu.br\/ppgss\/?page_id=1531"},"modified":"2023-07-26T14:18:50","modified_gmt":"2023-07-26T14:18:50","slug":"defesa-de-qualificacao","status":"publish","type":"page","link":"https:\/\/pos-graduacao.uepb.edu.br\/ppgss\/procedimentos\/defesa-de-qualificacao\/","title":{"rendered":"Qualifica\u00e7\u00e3o de Projeto"},"content":{"rendered":"<p>O\/A discente do PPGSS ter\u00e1 o prazo m\u00e1ximo de at\u00e9 12 (doze) meses a partir da primeira matr\u00edcula para qualificar o Projeto de Pesquisa.<\/p>\n<p>A solicita\u00e7\u00e3o para defesa de qualifica\u00e7\u00e3o dever\u00e1 ser encaminhada \u00e0 Coordena\u00e7\u00e3o do Programa, assinada pelo\/a discente, pelo\/a orientador e com a indica\u00e7\u00e3o da banca examinadora.<\/p>\n<p>Do exame de qualifica\u00e7\u00e3o de projeto poder\u00e1 resultar em aprova\u00e7\u00e3o ou reprova\u00e7\u00e3o do\/a discente, neste \u00faltimo caso, o\/a discente poder\u00e1 repeti-lo, apenas uma vez, em at\u00e9 90 (noventa) dias da realiza\u00e7\u00e3o do primeiro exame.<\/p>\n<p>Ao final da defesa, a Ata do Exame dever\u00e1 ser assinada pelos\/as professores\/as avaliadores\/as e entregue \u00e0 secretaria do PPGSS para arquivamento.<\/p>\n<p>O formul\u00e1rio para requerer a defesa do exame de qualifica\u00e7\u00e3o de projeto est\u00e1 disponibilizado abaixo:<\/p>\n<p><a href=\"https:\/\/pos-graduacao.uepb.edu.br\/ppgss\/files\/2023\/07\/REQUERIMENTO-DE-QUALIFICACAO-1.doc\">Requerimento para exame de qualifica\u00e7\u00e3o de projeto<\/a><\/p>\n","protected":false},"excerpt":{"rendered":"<p>O\/A discente do PPGSS ter\u00e1 o prazo m\u00e1ximo de at\u00e9 12 (doze) meses a partir da primeira matr\u00edcula para qualificar o Projeto de Pesquisa. A solicita\u00e7\u00e3o para defesa de qualifica\u00e7\u00e3o dever\u00e1 ser encaminhada \u00e0 Coordena\u00e7\u00e3o do Programa, assinada pelo\/a discente, pelo\/a orientador e com a indica\u00e7\u00e3o da banca examinadora. Do exame de qualifica\u00e7\u00e3o de projeto <a class=\"leiamais\" href=\"https:\/\/pos-graduacao.uepb.edu.br\/ppgss\/procedimentos\/defesa-de-qualificacao\/\">Leia Mais&#8230;<\/a><\/p>\n","protected":false},"author":60,"featured_media":0,"parent":1515,"menu_order":0,"comment_status":"closed","ping_status":"closed","template":"","meta":{"footnotes":""},"class_list":["post-1531","page","type-page","status-publish","hentry"],"_links":{"self":[{"href":"https:\/\/pos-graduacao.uepb.edu.br\/ppgss\/wp-json\/wp\/v2\/pages\/1531","targetHints":{"allow":["GET"]}}],"collection":[{"href":"https:\/\/pos-graduacao.uepb.edu.br\/ppgss\/wp-json\/wp\/v2\/pages"}],"about":[{"href":"https:\/\/pos-graduacao.uepb.edu.br\/ppgss\/wp-json\/wp\/v2\/types\/page"}],"author":[{"embeddable":true,"href":"https:\/\/pos-graduacao.uepb.edu.br\/ppgss\/wp-json\/wp\/v2\/users\/60"}],"replies":[{"embeddable":true,"href":"https:\/\/pos-graduacao.uepb.edu.br\/ppgss\/wp-json\/wp\/v2\/comments?post=1531"}],"version-history":[{"count":8,"href":"https:\/\/pos-graduacao.uepb.edu.br\/ppgss\/wp-json\/wp\/v2\/pages\/1531\/revisions"}],"predecessor-version":[{"id":2102,"href":"https:\/\/pos-graduacao.uepb.edu.br\/ppgss\/wp-json\/wp\/v2\/pages\/1531\/revisions\/2102"}],"up":[{"embeddable":true,"href":"https:\/\/pos-graduacao.uepb.edu.br\/ppgss\/wp-json\/wp\/v2\/pages\/1515"}],"wp:attachment":[{"href":"https:\/\/pos-graduacao.uepb.edu.br\/ppgss\/wp-json\/wp\/v2\/media?parent=1531"}],"curies":[{"name":"wp","href":"https:\/\/api.w.org\/{rel}","templated":true}]}}