{"id":14,"date":"2012-08-28T14:30:38","date_gmt":"2012-08-28T14:30:38","guid":{"rendered":"http:\/\/pos-graduacao.ascom.uepb.edu.br\/ppgs\/?page_id=14"},"modified":"2019-05-08T14:13:40","modified_gmt":"2019-05-08T14:13:40","slug":"linhas-de-pesquisa","status":"publish","type":"page","link":"https:\/\/pos-graduacao.uepb.edu.br\/ppgss\/linhas-de-pesquisa\/","title":{"rendered":"Linhas de Pesquisa"},"content":{"rendered":"<p><strong>1. Servi\u00e7o Social, Estado, Trabalho e Pol\u00edticas Sociais<\/strong><\/p>\n<p>Esta linha de pesquisa enfoca as transforma\u00e7\u00f5es societ\u00e1rias e os rebatimentos para o servi\u00e7o social no enfrentamento das express\u00f5es da quest\u00e3o social. Estuda as dimens\u00f5es ontol\u00f3gicas do Estado capitalista, analisando as pol\u00edticas sociais como produto contradit\u00f3rio da rela\u00e7\u00e3o capital x trabalho. Considera a reforma do Estado na perspectiva neoliberal e seus rebatimentos para as pol\u00edticas sociais, destacando as tend\u00eancias de focaliza\u00e7\u00e3o, seletividade e privatiza\u00e7\u00e3o como produto das transforma\u00e7\u00f5es societ\u00e1rias. Compreende o trabalho no processo de produ\u00e7\u00e3o e reprodu\u00e7\u00e3o na sociedade capitalista, enfocando as mudan\u00e7as contempor\u00e2neas no mundo do trabalho e na pr\u00e1tica pol\u00edtico-organizativa dos\u00a0 trabalhadores.<\/p>\n<p><strong>2. Genero, Diversidade e Rela\u00e7\u00f5es de poder<\/strong><\/p>\n<p>O g\u00eanero como constru\u00e7\u00e3o s\u00f3cio-hist\u00f3rica e express\u00e3o da quest\u00e3o social, perpassado por rela\u00e7\u00f5es de poder, e sua intera\u00e7\u00e3o com diversos processos s\u00f3cios culturais que atuam no sentido de converter diferen\u00e7as sociais em fontes de discrimina\u00e7\u00e3o e desigualdades. A trajet\u00f3ria da constru\u00e7\u00e3o da problem\u00e1tica do g\u00eanero, com especial aten\u00e7\u00e3o para as discuss\u00f5es centradas na diferencia\u00e7\u00e3o da situa\u00e7\u00e3o de classe, racial\/\u00e9tnica, geracional e sexual, e como tais recortes incidem na organiza\u00e7\u00e3o dom\u00e9stico-familiar, no mundo do trabalho, na constitui\u00e7\u00e3o de sujeitos pol\u00edticos e na configura\u00e7\u00e3o das pol\u00edticas sociais.<\/p>\n","protected":false},"excerpt":{"rendered":"<p>1. Servi\u00e7o Social, Estado, Trabalho e Pol\u00edticas Sociais Esta linha de pesquisa enfoca as transforma\u00e7\u00f5es societ\u00e1rias e os rebatimentos para o servi\u00e7o social no enfrentamento das express\u00f5es da quest\u00e3o social. Estuda as dimens\u00f5es ontol\u00f3gicas do Estado capitalista, analisando as pol\u00edticas sociais como produto contradit\u00f3rio da rela\u00e7\u00e3o capital x trabalho. Considera a reforma do Estado na <a class=\"leiamais\" href=\"https:\/\/pos-graduacao.uepb.edu.br\/ppgss\/linhas-de-pesquisa\/\">Leia Mais&#8230;<\/a><\/p>\n","protected":false},"author":5,"featured_media":0,"parent":0,"menu_order":0,"comment_status":"open","ping_status":"open","template":"","meta":{"footnotes":""},"class_list":["post-14","page","type-page","status-publish","hentry"],"_links":{"self":[{"href":"https:\/\/pos-graduacao.uepb.edu.br\/ppgss\/wp-json\/wp\/v2\/pages\/14","targetHints":{"allow":["GET"]}}],"collection":[{"href":"https:\/\/pos-graduacao.uepb.edu.br\/ppgss\/wp-json\/wp\/v2\/pages"}],"about":[{"href":"https:\/\/pos-graduacao.uepb.edu.br\/ppgss\/wp-json\/wp\/v2\/types\/page"}],"author":[{"embeddable":true,"href":"https:\/\/pos-graduacao.uepb.edu.br\/ppgss\/wp-json\/wp\/v2\/users\/5"}],"replies":[{"embeddable":true,"href":"https:\/\/pos-graduacao.uepb.edu.br\/ppgss\/wp-json\/wp\/v2\/comments?post=14"}],"version-history":[{"count":2,"href":"https:\/\/pos-graduacao.uepb.edu.br\/ppgss\/wp-json\/wp\/v2\/pages\/14\/revisions"}],"predecessor-version":[{"id":914,"href":"https:\/\/pos-graduacao.uepb.edu.br\/ppgss\/wp-json\/wp\/v2\/pages\/14\/revisions\/914"}],"wp:attachment":[{"href":"https:\/\/pos-graduacao.uepb.edu.br\/ppgss\/wp-json\/wp\/v2\/media?parent=14"}],"curies":[{"name":"wp","href":"https:\/\/api.w.org\/{rel}","templated":true}]}}