{"id":756,"date":"2017-08-07T15:15:01","date_gmt":"2017-08-07T15:15:01","guid":{"rendered":"https:\/\/pos-graduacao.uepb.edu.br\/ppgsp\/?page_id=756"},"modified":"2022-05-16T17:41:46","modified_gmt":"2022-05-16T17:41:46","slug":"trancamento-e-cancelamento","status":"publish","type":"page","link":"https:\/\/pos-graduacao.uepb.edu.br\/ppgsp\/procedimentos\/trancamento-e-cancelamento\/","title":{"rendered":"Trancamento e Cancelamento"},"content":{"rendered":"<p>Conforme descrito na se\u00e7\u00e3o que trata da matr\u00edcula, esta dever\u00e1 ser realizada semestralmente pelo discente do PPGSP. Em casos excepcionais, mediante justificativa devidamente avaliada e aprovada pelo Colegiado do Curso, ser\u00e1 permitido ao aluno realizar o trancamento de matr\u00edcula por at\u00e9 06 (seis) meses; ou cancelamento de matr\u00edcula em at\u00e9 02 (duas) disciplinas. No caso de discentes gestantes, ser\u00e1 poss\u00edvel usufruir, al\u00e9m do prazo de trancamento estabelecido acima, de 180 (cento e oitenta) dias para gozar licen\u00e7a-maternidade, desde que devidamente formalizada e aprovada em Colegiado.<\/p>\n<p>Ressalta-se que ser\u00e1 vedado o trancamento da matr\u00edcula para o aluno bolsista, exceto nos casos previstos em lei.<\/p>\n<p>Para solicitar o trancamento, o discente dever\u00e1 encaminhar um requerimento firmado pelo aluno e com parecer circunstanciado do orientador, dirigido ao Colegiado do Curso, contendo os motivos da solicita\u00e7\u00e3o, documentalmente comprovados, com prazo pretendido e data de in\u00edcio do trancamento. Este somente poder\u00e1 ser realizado no per\u00edodo regular da vig\u00eancia do curso, n\u00e3o sendo permitido nos casos de prorroga\u00e7\u00e3o de prazo para a conclus\u00e3o.<\/p>\n<p>&nbsp;<\/p>\n","protected":false},"excerpt":{"rendered":"<p>Conforme descrito na se\u00e7\u00e3o que trata da matr\u00edcula, esta dever\u00e1 ser realizada semestralmente pelo discente do PPGSP. Em casos excepcionais, mediante justificativa devidamente avaliada e aprovada pelo Colegiado do Curso, ser\u00e1 permitido ao aluno realizar o trancamento de matr\u00edcula por at\u00e9 06 (seis) meses; ou cancelamento de matr\u00edcula em at\u00e9 02 (duas) disciplinas. No caso <a class=\"leiamais\" href=\"https:\/\/pos-graduacao.uepb.edu.br\/ppgsp\/procedimentos\/trancamento-e-cancelamento\/\">Leia Mais&#8230;<\/a><\/p>\n","protected":false},"author":3,"featured_media":0,"parent":746,"menu_order":0,"comment_status":"closed","ping_status":"closed","template":"","meta":{"footnotes":""},"class_list":["post-756","page","type-page","status-publish","hentry"],"_links":{"self":[{"href":"https:\/\/pos-graduacao.uepb.edu.br\/ppgsp\/wp-json\/wp\/v2\/pages\/756","targetHints":{"allow":["GET"]}}],"collection":[{"href":"https:\/\/pos-graduacao.uepb.edu.br\/ppgsp\/wp-json\/wp\/v2\/pages"}],"about":[{"href":"https:\/\/pos-graduacao.uepb.edu.br\/ppgsp\/wp-json\/wp\/v2\/types\/page"}],"author":[{"embeddable":true,"href":"https:\/\/pos-graduacao.uepb.edu.br\/ppgsp\/wp-json\/wp\/v2\/users\/3"}],"replies":[{"embeddable":true,"href":"https:\/\/pos-graduacao.uepb.edu.br\/ppgsp\/wp-json\/wp\/v2\/comments?post=756"}],"version-history":[{"count":2,"href":"https:\/\/pos-graduacao.uepb.edu.br\/ppgsp\/wp-json\/wp\/v2\/pages\/756\/revisions"}],"predecessor-version":[{"id":1709,"href":"https:\/\/pos-graduacao.uepb.edu.br\/ppgsp\/wp-json\/wp\/v2\/pages\/756\/revisions\/1709"}],"up":[{"embeddable":true,"href":"https:\/\/pos-graduacao.uepb.edu.br\/ppgsp\/wp-json\/wp\/v2\/pages\/746"}],"wp:attachment":[{"href":"https:\/\/pos-graduacao.uepb.edu.br\/ppgsp\/wp-json\/wp\/v2\/media?parent=756"}],"curies":[{"name":"wp","href":"https:\/\/api.w.org\/{rel}","templated":true}]}}