{"id":683,"date":"2017-07-20T12:28:45","date_gmt":"2017-07-20T12:28:45","guid":{"rendered":"https:\/\/pos-graduacao.uepb.edu.br\/ppgsp\/?page_id=683"},"modified":"2022-05-16T14:31:54","modified_gmt":"2022-05-16T14:31:54","slug":"infraestrutura","status":"publish","type":"page","link":"https:\/\/pos-graduacao.uepb.edu.br\/ppgsp\/o-programa\/infraestrutura\/","title":{"rendered":"Infraestrutura"},"content":{"rendered":"<p><span style=\"font-weight: 400\">O\u00a0 PPGSP localiza-se no pr\u00e9dio da Central de Integra\u00e7\u00e3o Acad\u00eamica da Universidade Estadual da Para\u00edba, localizada no Campus I, em Campina Grande-PB. Este local tem \u00e0 sua disposi\u00e7\u00e3o diversos aparelhos de infraestrutura da pr\u00f3pria Institui\u00e7\u00e3o, a exemplo de sala de coordena\u00e7\u00e3o e secretaria, salas de aula, laborat\u00f3rios, biblioteca e n\u00facleos de pesquisa. O pr\u00e9dio \u00e9 constitu\u00eddo por cinco blocos com 160 salas de aula, tr\u00eas audit\u00f3rios, duas bibliotecas, Centro de Viv\u00eancia, banheiros em todos os pavimentos, quatro laborat\u00f3rios de inform\u00e1tica, livraria, administra\u00e7\u00e3o dos cursos e espa\u00e7os para cantinas e lanchonetes.\u00a0<\/span><\/p>\n<p><span style=\"font-weight: 400\">Al\u00e9m disso, em 2019, o PPGSP, que at\u00e9 ent\u00e3o permanecia vinculado \u00e0 PRPGP, passou a fazer parte do CCBS, inserindo-se de forma mais ativa no mesmo. O Programa tem o apoio das cl\u00ednicas escola de Ci\u00eancias Biol\u00f3gicas, Educa\u00e7\u00e3o F\u00edsica, Enfermagem, Farm\u00e1cia, Fisioterapia, Odontologia e Psicologia, que contam com laborat\u00f3rios para a operacionaliza\u00e7\u00e3o de aulas e atendimento ao p\u00fablico. Desta forma, possui um suporte ambulatorial e cl\u00ednico para o desenvolvimento de suas pesquisas.<\/span><\/p>\n<p><b>Recursos de Inform\u00e1tica<\/b><\/p>\n<p><span style=\"font-weight: 400\">O PPGSP conta com o apoio de tr\u00eas laborat\u00f3rios de inform\u00e1tica, sendo um deles sediado na Central Integrada de Aulas (CIA) e dois no Centro de Ci\u00eancias e Tecnologia (CCT), mediante conv\u00eanio com o Instituto Nacional de Tecnologia da Inform\u00e1tica (ITI) e o Centro de Difus\u00e3o de Tecnologia e Conhecimento (CDTC), com aporte de equipamentos interligados \u00e0 internet em banda larga (fibra \u00f3tica), que d\u00e3o o suporte necess\u00e1rio \u00e0s atividades do Curso. Al\u00e9m disso, os N\u00facleos de Pesquisa vinculados ao PPGSP, N\u00facleo de Estudos, Extens\u00e3o e Pesquisas em Epidemiologia (NEEPE) e N\u00facleo de Estudos em Gen\u00e9tica e Educa\u00e7\u00e3o (NEGE), disponibilizam computadores que podem ser utilizados pelos mestrandos, conforme a necessidade, a fim de garantir o acesso \u00e0 informa\u00e7\u00e3o em rede e, inclusive, a manuscritos apenas dispon\u00edveis na base de dados Scopus. Atualmente o PPGSP, atrav\u00e9s do NEEPE, disp\u00f5e de licen\u00e7a do <\/span><i><span style=\"font-weight: 400\">software Statistical Package for the Social Sciences<\/span><\/i><span style=\"font-weight: 400\"> (SPSS 22.0) e o <\/span><i><span style=\"font-weight: 400\">Data Analysis and Statistical Software for Professionals<\/span><\/i><span style=\"font-weight: 400\"> (New Stata\u00ae 14 Software).<\/span><\/p>\n<p><b>Biblioteca<\/b><\/p>\n<p><span style=\"font-weight: 400\">A UEPB conta com o Sistema Integrado de Bibliotecas (SIB), que corresponde ao conjunto de bibliotecas integradas da UEPB. Organiza-se de modo funcional e operacionalmente interligado e tem por objetivo a unidade e consenso das atividades de sele\u00e7\u00e3o, armazenagem, recupera\u00e7\u00e3o e dissemina\u00e7\u00e3o de informa\u00e7\u00f5es, para apoio aos programas de ensino, pesquisa e extens\u00e3o oferecidos pela UEPB. Trata-se de um conjunto de 15 bibliotecas integradas, das quais sete funcionam no Campus I, que podem atender diretamente ao PPGSP, duas funcionando no mesmo pr\u00e9dio e uma no anexo. As disserta\u00e7\u00f5es de mestrado e teses de doutorado produzidas na UEPB s\u00e3o divulgadas por meio da Biblioteca Digital de Teses e Disserta\u00e7\u00f5es \u2013 projeto mantido pelo Instituto Brasileiro de Informa\u00e7\u00e3o em Ci\u00eancia e Tecnologia &#8211; IBICT \u2013 com o objetivo de integrar, em um s\u00f3 portal, as teses e disserta\u00e7\u00f5es existentes no pa\u00eds. S\u00e3o mais de 115 mil t\u00edtulos e cerca de 230 mil exemplares de livros e mais de 100 mil outros produtos liter\u00e1rios e documentos em diferentes m\u00eddias, al\u00e9m de um banco de teses, disserta\u00e7\u00f5es, monografias e livros digitais, aos quais os alunos podem ter acesso pelo pr\u00f3prio sistema integrado de gest\u00e3o da biblioteca (SIB). A biblioteca possui terminais de computadores com acesso \u00e0 internet para uso dos alunos, integrados a impressoras e com acesso a bancos de dados, teses, disserta\u00e7\u00f5es nacionais e internacionais. Desde agosto de 2009, alunos e professores da UEPB t\u00eam acesso irrestrito ao portal de peri\u00f3dicos da CAPES. A biblioteca conta com os servi\u00e7os de bibliotec\u00e1rios que capacitam alunos em todas as etapas de revis\u00e3o de literatura em ci\u00eancias da sa\u00fade. Estas capacita\u00e7\u00f5es s\u00e3o constitu\u00eddas no treinamento para a utiliza\u00e7\u00e3o de bases de dados virtuais, como PubMed, Lilacs, Web of Science, localiza\u00e7\u00e3o de material na \u00edntegra atrav\u00e9s do Portal de Peri\u00f3dicos CAPES e o portal de revistas eletr\u00f4nicas SciELO, entre outros. Essa forma\u00e7\u00e3o tamb\u00e9m acontece ao longo da disciplina Metodologia da Pesquisa Cient\u00edfica, ofertada no 1\u00ba semestre do curso. Encontra-se, ainda, dispon\u00edvel o sistema de Comuta\u00e7\u00e3o de Material Informacional.<\/span><\/p>\n<p><span style=\"font-weight: 400\">Al\u00e9m disso, os n\u00facleos e grupos de pesquisa vinculados ao PPGSP possuem acervos pr\u00f3prios e acesso online que podem subsidiar as atividades dos mestrandos. O PPGSP tem participado ativamente do Portal de Peri\u00f3dicos da CAPES, o qual constitui instrumento valioso para o desenvolvimento dos trabalhos de pesquisa, sendo esse acesso realizado em qualquer espa\u00e7o da institui\u00e7\u00e3o. Todos os membros da comunidade acad\u00eamica da UEPB t\u00eam acesso remoto ao Portal de Peri\u00f3dicos via Comunidade Acad\u00eamica Federada \u2013 Rede Nacional de Ensino e Pesquisa (CAFe \u2013 RNP).<\/span><\/p>\n","protected":false},"excerpt":{"rendered":"<p>O\u00a0 PPGSP localiza-se no pr\u00e9dio da Central de Integra\u00e7\u00e3o Acad\u00eamica da Universidade Estadual da Para\u00edba, localizada no Campus I, em Campina Grande-PB. Este local tem \u00e0 sua disposi\u00e7\u00e3o diversos aparelhos de infraestrutura da pr\u00f3pria Institui\u00e7\u00e3o, a exemplo de sala de coordena\u00e7\u00e3o e secretaria, salas de aula, laborat\u00f3rios, biblioteca e n\u00facleos de pesquisa. O pr\u00e9dio \u00e9 <a class=\"leiamais\" href=\"https:\/\/pos-graduacao.uepb.edu.br\/ppgsp\/o-programa\/infraestrutura\/\">Leia Mais&#8230;<\/a><\/p>\n","protected":false},"author":3,"featured_media":0,"parent":677,"menu_order":6,"comment_status":"closed","ping_status":"closed","template":"","meta":{"footnotes":""},"class_list":["post-683","page","type-page","status-publish","hentry"],"_links":{"self":[{"href":"https:\/\/pos-graduacao.uepb.edu.br\/ppgsp\/wp-json\/wp\/v2\/pages\/683","targetHints":{"allow":["GET"]}}],"collection":[{"href":"https:\/\/pos-graduacao.uepb.edu.br\/ppgsp\/wp-json\/wp\/v2\/pages"}],"about":[{"href":"https:\/\/pos-graduacao.uepb.edu.br\/ppgsp\/wp-json\/wp\/v2\/types\/page"}],"author":[{"embeddable":true,"href":"https:\/\/pos-graduacao.uepb.edu.br\/ppgsp\/wp-json\/wp\/v2\/users\/3"}],"replies":[{"embeddable":true,"href":"https:\/\/pos-graduacao.uepb.edu.br\/ppgsp\/wp-json\/wp\/v2\/comments?post=683"}],"version-history":[{"count":5,"href":"https:\/\/pos-graduacao.uepb.edu.br\/ppgsp\/wp-json\/wp\/v2\/pages\/683\/revisions"}],"predecessor-version":[{"id":2053,"href":"https:\/\/pos-graduacao.uepb.edu.br\/ppgsp\/wp-json\/wp\/v2\/pages\/683\/revisions\/2053"}],"up":[{"embeddable":true,"href":"https:\/\/pos-graduacao.uepb.edu.br\/ppgsp\/wp-json\/wp\/v2\/pages\/677"}],"wp:attachment":[{"href":"https:\/\/pos-graduacao.uepb.edu.br\/ppgsp\/wp-json\/wp\/v2\/media?parent=683"}],"curies":[{"name":"wp","href":"https:\/\/api.w.org\/{rel}","templated":true}]}}