{"id":679,"date":"2017-07-20T12:22:48","date_gmt":"2017-07-20T12:22:48","guid":{"rendered":"https:\/\/pos-graduacao.uepb.edu.br\/ppgsp\/?page_id=679"},"modified":"2022-03-22T14:40:39","modified_gmt":"2022-03-22T14:40:39","slug":"perfil-do-egresso","status":"publish","type":"page","link":"https:\/\/pos-graduacao.uepb.edu.br\/ppgsp\/o-programa\/perfil-do-egresso\/","title":{"rendered":"Oportunidades"},"content":{"rendered":"<p><span style=\"font-weight: 400\">Neste espa\u00e7o ser\u00e3o informadas as oportunidades dispon\u00edveis para aqueles que pretendem desenvolver junto ao PPGSP atividades como: docente permanente, docente colaborador, p\u00f3s-doutor, estagi\u00e1rio. A disponibilidade dessas oportunidades depende das necessidades do curso, assim como, em alguns casos, da libera\u00e7\u00e3o de recursos por \u00f3rg\u00e3os de fomento.\u00a0<\/span><\/p>\n","protected":false},"excerpt":{"rendered":"<p>Neste espa\u00e7o ser\u00e3o informadas as oportunidades dispon\u00edveis para aqueles que pretendem desenvolver junto ao PPGSP atividades como: docente permanente, docente colaborador, p\u00f3s-doutor, estagi\u00e1rio. A disponibilidade dessas oportunidades depende das necessidades do curso, assim como, em alguns casos, da libera\u00e7\u00e3o de recursos por \u00f3rg\u00e3os de fomento.\u00a0<\/p>\n","protected":false},"author":3,"featured_media":0,"parent":677,"menu_order":4,"comment_status":"closed","ping_status":"closed","template":"","meta":{"footnotes":""},"class_list":["post-679","page","type-page","status-publish","hentry"],"_links":{"self":[{"href":"https:\/\/pos-graduacao.uepb.edu.br\/ppgsp\/wp-json\/wp\/v2\/pages\/679","targetHints":{"allow":["GET"]}}],"collection":[{"href":"https:\/\/pos-graduacao.uepb.edu.br\/ppgsp\/wp-json\/wp\/v2\/pages"}],"about":[{"href":"https:\/\/pos-graduacao.uepb.edu.br\/ppgsp\/wp-json\/wp\/v2\/types\/page"}],"author":[{"embeddable":true,"href":"https:\/\/pos-graduacao.uepb.edu.br\/ppgsp\/wp-json\/wp\/v2\/users\/3"}],"replies":[{"embeddable":true,"href":"https:\/\/pos-graduacao.uepb.edu.br\/ppgsp\/wp-json\/wp\/v2\/comments?post=679"}],"version-history":[{"count":2,"href":"https:\/\/pos-graduacao.uepb.edu.br\/ppgsp\/wp-json\/wp\/v2\/pages\/679\/revisions"}],"predecessor-version":[{"id":1653,"href":"https:\/\/pos-graduacao.uepb.edu.br\/ppgsp\/wp-json\/wp\/v2\/pages\/679\/revisions\/1653"}],"up":[{"embeddable":true,"href":"https:\/\/pos-graduacao.uepb.edu.br\/ppgsp\/wp-json\/wp\/v2\/pages\/677"}],"wp:attachment":[{"href":"https:\/\/pos-graduacao.uepb.edu.br\/ppgsp\/wp-json\/wp\/v2\/media?parent=679"}],"curies":[{"name":"wp","href":"https:\/\/api.w.org\/{rel}","templated":true}]}}