{"id":672,"date":"2017-07-20T11:34:01","date_gmt":"2017-07-20T11:34:01","guid":{"rendered":"https:\/\/pos-graduacao.uepb.edu.br\/ppgsp\/?page_id=672"},"modified":"2022-03-22T14:39:28","modified_gmt":"2022-03-22T14:39:28","slug":"objetivos","status":"publish","type":"page","link":"https:\/\/pos-graduacao.uepb.edu.br\/ppgsp\/o-programa\/objetivos\/","title":{"rendered":"Bolsas de Estudo"},"content":{"rendered":"<p><span style=\"font-weight: 400\">A disponibilidade de bolsas de estudo depende da libera\u00e7\u00e3o de \u00f3rg\u00e3os de fomento (CNPq, CAPES ou FAPESQ), de forma que o PPGSP n\u00e3o assegura bolsas para os discentes matriculados. Quando dispon\u00edvel, a sele\u00e7\u00e3o de bolsistas \u00e9 feita por uma Comiss\u00e3o de Bolsas do PPGSP, considerando as normas estabelecidas pelas ag\u00eancias de fomento, pelo Regimento da P\u00f3s-Gradua\u00e7\u00e3o da UEPB e pelo Programa de P\u00f3s-Gradua\u00e7\u00e3o em Sa\u00fade P\u00fablica da UEPB.<\/span><\/p>\n","protected":false},"excerpt":{"rendered":"<p>A disponibilidade de bolsas de estudo depende da libera\u00e7\u00e3o de \u00f3rg\u00e3os de fomento (CNPq, CAPES ou FAPESQ), de forma que o PPGSP n\u00e3o assegura bolsas para os discentes matriculados. Quando dispon\u00edvel, a sele\u00e7\u00e3o de bolsistas \u00e9 feita por uma Comiss\u00e3o de Bolsas do PPGSP, considerando as normas estabelecidas pelas ag\u00eancias de fomento, pelo Regimento da <a class=\"leiamais\" href=\"https:\/\/pos-graduacao.uepb.edu.br\/ppgsp\/o-programa\/objetivos\/\">Leia Mais&#8230;<\/a><\/p>\n","protected":false},"author":3,"featured_media":0,"parent":677,"menu_order":3,"comment_status":"closed","ping_status":"closed","template":"","meta":{"footnotes":""},"class_list":["post-672","page","type-page","status-publish","hentry"],"_links":{"self":[{"href":"https:\/\/pos-graduacao.uepb.edu.br\/ppgsp\/wp-json\/wp\/v2\/pages\/672","targetHints":{"allow":["GET"]}}],"collection":[{"href":"https:\/\/pos-graduacao.uepb.edu.br\/ppgsp\/wp-json\/wp\/v2\/pages"}],"about":[{"href":"https:\/\/pos-graduacao.uepb.edu.br\/ppgsp\/wp-json\/wp\/v2\/types\/page"}],"author":[{"embeddable":true,"href":"https:\/\/pos-graduacao.uepb.edu.br\/ppgsp\/wp-json\/wp\/v2\/users\/3"}],"replies":[{"embeddable":true,"href":"https:\/\/pos-graduacao.uepb.edu.br\/ppgsp\/wp-json\/wp\/v2\/comments?post=672"}],"version-history":[{"count":5,"href":"https:\/\/pos-graduacao.uepb.edu.br\/ppgsp\/wp-json\/wp\/v2\/pages\/672\/revisions"}],"predecessor-version":[{"id":1652,"href":"https:\/\/pos-graduacao.uepb.edu.br\/ppgsp\/wp-json\/wp\/v2\/pages\/672\/revisions\/1652"}],"up":[{"embeddable":true,"href":"https:\/\/pos-graduacao.uepb.edu.br\/ppgsp\/wp-json\/wp\/v2\/pages\/677"}],"wp:attachment":[{"href":"https:\/\/pos-graduacao.uepb.edu.br\/ppgsp\/wp-json\/wp\/v2\/media?parent=672"}],"curies":[{"name":"wp","href":"https:\/\/api.w.org\/{rel}","templated":true}]}}