{"id":339,"date":"2016-04-18T12:08:01","date_gmt":"2016-04-18T12:08:01","guid":{"rendered":"https:\/\/pos-graduacao.uepb.edu.br\/ppgri\/?page_id=339"},"modified":"2016-04-18T12:08:01","modified_gmt":"2016-04-18T12:08:01","slug":"apresentacao","status":"publish","type":"page","link":"https:\/\/pos-graduacao.uepb.edu.br\/ppgri\/apresentacao\/","title":{"rendered":"Apresenta\u00e7\u00e3o"},"content":{"rendered":"<p style=\"text-align: justify;\">O Programa de P\u00f3s-Gradua\u00e7\u00e3o em Rela\u00e7\u00f5es Internacionais (PPGRI), em n\u00edvel de Mestrado, funciona no campus da UEPB em Jo\u00e3o Pessoa. Foi recomendado pela CAPES em dezembro de 2007, iniciando suas atividades acad\u00eamicas em mar\u00e7o de 2009. Homologado pelo CNE (Port. MEC 1077, de 31\/08\/2012, DOU 13\/09\/2012, se\u00e7.1, p.2), o PPGRI \u00e9 o primeiro programa de p\u00f3s-gradua\u00e7\u00e3o em Rela\u00e7\u00f5es Internacionais das regi\u00f5es Norte e Nordeste, atendendo \u00e0 demanda de profissionais oriundos tanto do interior do estado, como tamb\u00e9m de estados vizinhos.<\/p>\n<p style=\"text-align: justify;\">S\u00e3o os seguintes os objetivos do curso: formar professores e pesquisadores de alto n\u00edvel capazes de atuar nos setores p\u00fablico, privado e, especialmente, na academia. Neste sentido, o programa \u00e9 uma fonte importante de forma\u00e7\u00e3o de docentes para suprir a demanda acad\u00eamica na \u00e1rea de Rela\u00e7\u00f5es Internacionais, com foco principal para as universidades do Norte e Nordeste do Brasil. Tamb\u00e9m s\u00e3o objetivos do referido programa produzir conhecimento s\u00f3lido e relevante na \u00e1rea de Rela\u00e7\u00f5es Internacionais e, atrav\u00e9s da forma\u00e7\u00e3o de profissionais que atuem em setores do governo, colaborar com a formula\u00e7\u00e3o de pol\u00edticas p\u00fablicas que visem uma melhor integra\u00e7\u00e3o do Brasil e do Nordeste brasileiro no cen\u00e1rio internacional.<\/p>\n","protected":false},"excerpt":{"rendered":"<p>O Programa de P\u00f3s-Gradua\u00e7\u00e3o em Rela\u00e7\u00f5es Internacionais (PPGRI), em n\u00edvel de Mestrado, funciona no campus da UEPB em Jo\u00e3o Pessoa. Foi recomendado pela CAPES em dezembro de 2007, iniciando suas atividades acad\u00eamicas em mar\u00e7o de 2009. Homologado pelo CNE (Port. MEC 1077, de 31\/08\/2012, DOU 13\/09\/2012, se\u00e7.1, p.2), o PPGRI \u00e9 o primeiro programa de <a class=\"leiamais\" href=\"https:\/\/pos-graduacao.uepb.edu.br\/ppgri\/apresentacao\/\">Leia Mais&#8230;<\/a><\/p>\n","protected":false},"author":1,"featured_media":0,"parent":0,"menu_order":0,"comment_status":"closed","ping_status":"closed","template":"","meta":{"footnotes":""},"class_list":["post-339","page","type-page","status-publish","hentry"],"_links":{"self":[{"href":"https:\/\/pos-graduacao.uepb.edu.br\/ppgri\/wp-json\/wp\/v2\/pages\/339","targetHints":{"allow":["GET"]}}],"collection":[{"href":"https:\/\/pos-graduacao.uepb.edu.br\/ppgri\/wp-json\/wp\/v2\/pages"}],"about":[{"href":"https:\/\/pos-graduacao.uepb.edu.br\/ppgri\/wp-json\/wp\/v2\/types\/page"}],"author":[{"embeddable":true,"href":"https:\/\/pos-graduacao.uepb.edu.br\/ppgri\/wp-json\/wp\/v2\/users\/1"}],"replies":[{"embeddable":true,"href":"https:\/\/pos-graduacao.uepb.edu.br\/ppgri\/wp-json\/wp\/v2\/comments?post=339"}],"version-history":[{"count":1,"href":"https:\/\/pos-graduacao.uepb.edu.br\/ppgri\/wp-json\/wp\/v2\/pages\/339\/revisions"}],"predecessor-version":[{"id":341,"href":"https:\/\/pos-graduacao.uepb.edu.br\/ppgri\/wp-json\/wp\/v2\/pages\/339\/revisions\/341"}],"wp:attachment":[{"href":"https:\/\/pos-graduacao.uepb.edu.br\/ppgri\/wp-json\/wp\/v2\/media?parent=339"}],"curies":[{"name":"wp","href":"https:\/\/api.w.org\/{rel}","templated":true}]}}