{"id":3347,"date":"2024-02-15T11:28:59","date_gmt":"2024-02-15T11:28:59","guid":{"rendered":"https:\/\/pos-graduacao.uepb.edu.br\/ppgri\/?page_id=3347"},"modified":"2024-06-18T19:16:37","modified_gmt":"2024-06-18T19:16:37","slug":"pagina-inicial","status":"publish","type":"page","link":"https:\/\/pos-graduacao.uepb.edu.br\/ppgri\/","title":{"rendered":"P\u00e1gina Inicial"},"content":{"rendered":"<div class=\"wpb-content-wrapper\"><p>[vc_row css=&#8221;.vc_custom_1718738023105{margin-top: 30px !important;}&#8221;][vc_column width=&#8221;2\/3&#8243;][vc_text_separator title=&#8221;\u00daltimas Not\u00edcias&#8221; i_icon_fontawesome=&#8221;fas fa-newspaper&#8221; i_color=&#8221;custom&#8221; title_align=&#8221;separator_align_left&#8221; add_icon=&#8221;true&#8221; i_custom_color=&#8221;#cc0000&#8243;]<div class=\"mdl-grid\"><div class=\"mdl-cell--6-col mdl-cell--6-col-tablet mdl-cell--12-col-phone bloco-noticias\"><div class=\"titulo-noticia-widget\"><a href=\"https:\/\/pos-graduacao.uepb.edu.br\/ppgri\/convite-defesa-publica-de-dissertacao-djalma-de-souza-da-silva-filho\/\"><h3 class=\"titulo-destaque-noticia\">Convite | Defesa P\u00fablica de Disserta\u00e7\u00e3o \u2013 Djalma de Souza da Silva Filho<\/h3><\/a><\/div><div class=\"titulo-noticia-widget\"><a href=\"https:\/\/pos-graduacao.uepb.edu.br\/ppgri\/convite-lancamento-do-livro-isla-autoritarismo-e-subdesenvolvimento-uma-comparacao-global-e-historica\/\"><h3 class=\"titulo-destaque-noticia\">Convite | Lan\u00e7amento do livro Isl\u00e3, Autoritarismo e Subdesenvolvimento: Uma Compara\u00e7\u00e3o Global e Hist\u00f3rica<\/h3><\/a><\/div><div class=\"titulo-noticia-widget\"><a href=\"https:\/\/pos-graduacao.uepb.edu.br\/ppgri\/palestra-online-o-outro-lado-da-historia-mulheres-na-segunda-guerra-mundial\/\"><h3 class=\"titulo-destaque-noticia\">Palestra online: O outro lado da hist\u00f3ria: Mulheres na Segunda Guerra Mundial<\/h3><\/a><\/div><div class=\"titulo-noticia-widget\"><a href=\"https:\/\/pos-graduacao.uepb.edu.br\/ppgri\/minicurso-politica-internacional-das-drogas-da-emergencia-a-consolidacao-do-proibicionismo-global\/\"><h3 class=\"titulo-destaque-noticia\">Minicurso \"Pol\u00edtica Internacional das Drogas: da emerg\u00eancia \u00e0 consolida\u00e7\u00e3o do proibicionismo global\"<\/h3><\/a><\/div><div class=\"titulo-noticia-widget\"><a href=\"https:\/\/pos-graduacao.uepb.edu.br\/ppgri\/convite-defesa-publica-de-dissertacao-maria-eduarda-angeiras-de-menezes\/\"><h3 class=\"titulo-destaque-noticia\">Convite | Defesa P\u00fablica de Disserta\u00e7\u00e3o \u2013 Maria Eduarda Angeiras de Menezes<\/h3><\/a><\/div><\/div><div class=\"mdl-cell--6-col mdl-cell--6-col-tablet mdl-cell--12-col-phone bloco-noticias\"><div class=\"titulo-noticia-widget\"><a href=\"https:\/\/pos-graduacao.uepb.edu.br\/ppgri\/palestra-onlineacessibilidade-informacional-trilhando-caminhos-para-uma-sociedade-inclusiva\/\"><h3 class=\"titulo-destaque-noticia\">Palestra online \u201cAcessibilidade Informacional: Trilhando Caminhos para uma Sociedade Inclusiva\u201d<\/h3><\/a><\/div><div class=\"titulo-noticia-widget\"><a href=\"https:\/\/pos-graduacao.uepb.edu.br\/ppgri\/processo-seletivo-2025-resultado-final-retificado\/\"><h3 class=\"titulo-destaque-noticia\">Processo seletivo 2025: Resultado Final RETIFICADO<\/h3><\/a><\/div><div class=\"titulo-noticia-widget\"><a href=\"https:\/\/pos-graduacao.uepb.edu.br\/ppgri\/resultado-final-apos-recursos-da-selecao-de-bolsistas-do-ppgri-de-2026\/\"><h3 class=\"titulo-destaque-noticia\">Resultado final ap\u00f3s recursos da sele\u00e7\u00e3o de bolsistas do PPGRI de 2026<\/h3><\/a><\/div><div class=\"titulo-noticia-widget\"><a href=\"https:\/\/pos-graduacao.uepb.edu.br\/ppgri\/resultado-retificado-da-selecao-de-bolsistas-do-ppgri-de-2026-edital-no-01-2026\/\"><h3 class=\"titulo-destaque-noticia\">Resultado retificado da sele\u00e7\u00e3o de bolsistas do PPGRI de 2026 \u2013 Edital n\u00ba 01\/2026.<\/h3><\/a><\/div><div class=\"titulo-noticia-widget\"><a href=\"https:\/\/pos-graduacao.uepb.edu.br\/ppgri\/resultado-final-da-selecao-de-bolsistas-do-ppgri-de-2026\/\"><h3 class=\"titulo-destaque-noticia\">Resultado final da sele\u00e7\u00e3o de bolsistas do PPGRI de 2026<\/h3><\/a><\/div><\/div><\/div>[\/vc_column][vc_column width=&#8221;1\/3&#8243;][vc_text_separator title=&#8221;Acesso R\u00e1pido&#8221; i_icon_fontawesome=&#8221;fas fa-angle-double-right&#8221; i_color=&#8221;custom&#8221; title_align=&#8221;separator_align_left&#8221; add_icon=&#8221;true&#8221; i_custom_color=&#8221;#cc0000&#8243;][vc_btn title=&#8221;Canal do Youtube&#8221; shape=&#8221;square&#8221; color=&#8221;danger&#8221; size=&#8221;lg&#8221; align=&#8221;left&#8221; button_block=&#8221;true&#8221; link=&#8221;url:https%3A%2F%2Fbit.ly%2Fyt-ppgriuepb|target:_blank&#8221; css=&#8221;.vc_custom_1718738118268{margin-bottom: 5px !important;}&#8221;][vc_btn title=&#8221;PPGRI no Instagram&#8221; shape=&#8221;square&#8221; color=&#8221;sandy-brown&#8221; size=&#8221;lg&#8221; align=&#8221;left&#8221; button_block=&#8221;true&#8221; link=&#8221;url:https%3A%2F%2Fwww.instagram.com%2Fppgri_uepb|target:_blank&#8221; css=&#8221;.vc_custom_1718738125148{margin-bottom: 5px !important;}&#8221;][vc_btn title=&#8221;PRPGP&#8221; shape=&#8221;square&#8221; color=&#8221;orange&#8221; size=&#8221;lg&#8221; align=&#8221;left&#8221; button_block=&#8221;true&#8221; link=&#8221;url:http%3A%2F%2Fprpgp.uepb.edu.br%2F|target:_blank&#8221; css=&#8221;.vc_custom_1718738130251{margin-bottom: 5px !important;}&#8221;][vc_btn title=&#8221;SUAP&#8221; shape=&#8221;square&#8221; color=&#8221;inverse&#8221; size=&#8221;lg&#8221; align=&#8221;left&#8221; button_block=&#8221;true&#8221; link=&#8221;url:https%3A%2F%2Fsuap.uepb.edu.br%2F|target:_blank&#8221; css=&#8221;.vc_custom_1718738135006{margin-bottom: 10px !important;}&#8221;][\/vc_column][\/vc_row][vc_row css=&#8221;.vc_custom_1718738041538{margin-top: 30px !important;margin-bottom: 30px !important;}&#8221;][vc_column][vc_text_separator title=&#8221;Traduza esta p\u00e1gina&#8221; i_icon_fontawesome=&#8221;fas fa-angle-double-right&#8221; i_color=&#8221;custom&#8221; title_align=&#8221;separator_align_left&#8221; add_icon=&#8221;true&#8221; i_custom_color=&#8221;#cc0000&#8243;][vc_column_text css=&#8221;.vc_custom_1718737977903{margin-left: 15px !important;}&#8221;]<div class=\"gtranslate_wrapper\" id=\"gt-wrapper-49755895\"><\/div>[\/vc_column_text][\/vc_column][\/vc_row]<\/p>\n<\/div>","protected":false},"excerpt":{"rendered":"<p>[vc_row css=&#8221;.vc_custom_1718738023105{margin-top: 30px !important;}&#8221;][vc_column width=&#8221;2\/3&#8243;][vc_text_separator title=&#8221;\u00daltimas Not\u00edcias&#8221; i_icon_fontawesome=&#8221;fas fa-newspaper&#8221; i_color=&#8221;custom&#8221; title_align=&#8221;separator_align_left&#8221; add_icon=&#8221;true&#8221; i_custom_color=&#8221;#cc0000&#8243;][\/vc_column][vc_column width=&#8221;1\/3&#8243;][vc_text_separator title=&#8221;Acesso R\u00e1pido&#8221; i_icon_fontawesome=&#8221;fas fa-angle-double-right&#8221; i_color=&#8221;custom&#8221; title_align=&#8221;separator_align_left&#8221; add_icon=&#8221;true&#8221; i_custom_color=&#8221;#cc0000&#8243;][vc_btn title=&#8221;Canal do Youtube&#8221; shape=&#8221;square&#8221; color=&#8221;danger&#8221; size=&#8221;lg&#8221; align=&#8221;left&#8221; button_block=&#8221;true&#8221; link=&#8221;url:https%3A%2F%2Fbit.ly%2Fyt-ppgriuepb|target:_blank&#8221; css=&#8221;.vc_custom_1718738118268{margin-bottom: 5px !important;}&#8221;][vc_btn title=&#8221;PPGRI no Instagram&#8221; shape=&#8221;square&#8221; color=&#8221;sandy-brown&#8221; size=&#8221;lg&#8221; align=&#8221;left&#8221; button_block=&#8221;true&#8221; link=&#8221;url:https%3A%2F%2Fwww.instagram.com%2Fppgri_uepb|target:_blank&#8221; css=&#8221;.vc_custom_1718738125148{margin-bottom: 5px !important;}&#8221;][vc_btn title=&#8221;PRPGP&#8221; shape=&#8221;square&#8221; color=&#8221;orange&#8221; size=&#8221;lg&#8221; align=&#8221;left&#8221; button_block=&#8221;true&#8221; link=&#8221;url:http%3A%2F%2Fprpgp.uepb.edu.br%2F|target:_blank&#8221; css=&#8221;.vc_custom_1718738130251{margin-bottom: 5px <a class=\"leiamais\" href=\"https:\/\/pos-graduacao.uepb.edu.br\/ppgri\/\">Leia Mais&#8230;<\/a><\/p>\n","protected":false},"author":34,"featured_media":0,"parent":0,"menu_order":0,"comment_status":"closed","ping_status":"closed","template":"","meta":{"footnotes":""},"class_list":["post-3347","page","type-page","status-publish","hentry"],"_links":{"self":[{"href":"https:\/\/pos-graduacao.uepb.edu.br\/ppgri\/wp-json\/wp\/v2\/pages\/3347","targetHints":{"allow":["GET"]}}],"collection":[{"href":"https:\/\/pos-graduacao.uepb.edu.br\/ppgri\/wp-json\/wp\/v2\/pages"}],"about":[{"href":"https:\/\/pos-graduacao.uepb.edu.br\/ppgri\/wp-json\/wp\/v2\/types\/page"}],"author":[{"embeddable":true,"href":"https:\/\/pos-graduacao.uepb.edu.br\/ppgri\/wp-json\/wp\/v2\/users\/34"}],"replies":[{"embeddable":true,"href":"https:\/\/pos-graduacao.uepb.edu.br\/ppgri\/wp-json\/wp\/v2\/comments?post=3347"}],"version-history":[{"count":11,"href":"https:\/\/pos-graduacao.uepb.edu.br\/ppgri\/wp-json\/wp\/v2\/pages\/3347\/revisions"}],"predecessor-version":[{"id":3781,"href":"https:\/\/pos-graduacao.uepb.edu.br\/ppgri\/wp-json\/wp\/v2\/pages\/3347\/revisions\/3781"}],"wp:attachment":[{"href":"https:\/\/pos-graduacao.uepb.edu.br\/ppgri\/wp-json\/wp\/v2\/media?parent=3347"}],"curies":[{"name":"wp","href":"https:\/\/api.w.org\/{rel}","templated":true}]}}