{"id":1430,"date":"2021-03-08T14:01:33","date_gmt":"2021-03-08T14:01:33","guid":{"rendered":"https:\/\/pos-graduacao.uepb.edu.br\/ppgri\/?page_id=1430"},"modified":"2022-06-10T11:42:54","modified_gmt":"2022-06-10T11:42:54","slug":"aulas-publicas","status":"publish","type":"page","link":"https:\/\/pos-graduacao.uepb.edu.br\/ppgri\/eventos\/aulas-publicas\/","title":{"rendered":"Aulas P\u00fablicas"},"content":{"rendered":"<p>Aula P\u00fablica: Dan\u00e7ando Conflitos, Desdobrando Pazes &#8211; O potencial da arte para a paz e para a transforma\u00e7\u00e3o de conflitos Aula p\u00fablica da disciplina de &#8216;Estudos Para a Paz&#8217;, ofertada no Mestrado em Rela\u00e7\u00f5es Internacionais do Programa de P\u00f3s-Gradua\u00e7\u00e3o em Rela\u00e7\u00f5es Internacionais da Universidade Estadual da Para\u00edba. A disciplina \u00e9 ministrada pelo Prof. Dr. Paulo Kuhlmann. Nessa aula, a professora convidada, Paula Facci, explora um pouco de sua pesquisa e da contribui\u00e7\u00e3o da arte na constru\u00e7\u00e3o da paz. Paula Ditzel Facci \u00e9 pesquisadora em estudos de paz e conflitos. Ela leciona na Unit for Peace and Conflict Studies, na Universidade de Innsbruck, \u00c1ustria, e no Instituto Paz e Mente, no Brasil. Ela foi pesquisadora visitante no Kroc Institute for International Peace Studies, na Universidade de Notre Dame, e no Center for Justice and Peacebuilding, na Eastern Mennonite University, Estados Unidos. Doutora em Estudos de Paz e Conflitos pela Universidade Jaume I, na Espanha, mestre na mesma \u00e1rea pela Universidade de Innsbruck, e bacharel em Rela\u00e7\u00f5es Internacionais pela Unesp. Sua publica\u00e7\u00e3o mais recente \u00e9 o livro \u201cDancing Conflicts, Unfolding Peaces: Movement as Method to Elicit Conflict Transformation\u201d, pela Palgrave (2020). Paula facilita workshops sobre m\u00e9todos de transforma\u00e7\u00e3o de conflitos com foco em dan\u00e7a e movimento para estudantes, organiza\u00e7\u00f5es e comunidades. Link: <a href=\"https:\/\/www.youtube.com\/watch?v=jOkZFVEnEvM\">https:\/\/www.youtube.com\/watch?v=jOkZFVEnEvM<\/a><\/p>\n","protected":false},"excerpt":{"rendered":"<p>Aula P\u00fablica: Dan\u00e7ando Conflitos, Desdobrando Pazes &#8211; O potencial da arte para a paz e para a transforma\u00e7\u00e3o de conflitos Aula p\u00fablica da disciplina de &#8216;Estudos Para a Paz&#8217;, ofertada no Mestrado em Rela\u00e7\u00f5es Internacionais do Programa de P\u00f3s-Gradua\u00e7\u00e3o em Rela\u00e7\u00f5es Internacionais da Universidade Estadual da Para\u00edba. A disciplina \u00e9 ministrada pelo Prof. Dr. Paulo <a class=\"leiamais\" href=\"https:\/\/pos-graduacao.uepb.edu.br\/ppgri\/eventos\/aulas-publicas\/\">Leia Mais&#8230;<\/a><\/p>\n","protected":false},"author":5,"featured_media":0,"parent":1417,"menu_order":0,"comment_status":"closed","ping_status":"closed","template":"","meta":{"footnotes":""},"class_list":["post-1430","page","type-page","status-publish","hentry"],"_links":{"self":[{"href":"https:\/\/pos-graduacao.uepb.edu.br\/ppgri\/wp-json\/wp\/v2\/pages\/1430","targetHints":{"allow":["GET"]}}],"collection":[{"href":"https:\/\/pos-graduacao.uepb.edu.br\/ppgri\/wp-json\/wp\/v2\/pages"}],"about":[{"href":"https:\/\/pos-graduacao.uepb.edu.br\/ppgri\/wp-json\/wp\/v2\/types\/page"}],"author":[{"embeddable":true,"href":"https:\/\/pos-graduacao.uepb.edu.br\/ppgri\/wp-json\/wp\/v2\/users\/5"}],"replies":[{"embeddable":true,"href":"https:\/\/pos-graduacao.uepb.edu.br\/ppgri\/wp-json\/wp\/v2\/comments?post=1430"}],"version-history":[{"count":4,"href":"https:\/\/pos-graduacao.uepb.edu.br\/ppgri\/wp-json\/wp\/v2\/pages\/1430\/revisions"}],"predecessor-version":[{"id":2070,"href":"https:\/\/pos-graduacao.uepb.edu.br\/ppgri\/wp-json\/wp\/v2\/pages\/1430\/revisions\/2070"}],"up":[{"embeddable":true,"href":"https:\/\/pos-graduacao.uepb.edu.br\/ppgri\/wp-json\/wp\/v2\/pages\/1417"}],"wp:attachment":[{"href":"https:\/\/pos-graduacao.uepb.edu.br\/ppgri\/wp-json\/wp\/v2\/media?parent=1430"}],"curies":[{"name":"wp","href":"https:\/\/api.w.org\/{rel}","templated":true}]}}