{"id":1408,"date":"2021-03-08T13:40:08","date_gmt":"2021-03-08T13:40:08","guid":{"rendered":"https:\/\/pos-graduacao.uepb.edu.br\/ppgri\/?page_id=1408"},"modified":"2026-04-30T11:47:01","modified_gmt":"2026-04-30T11:47:01","slug":"discentes","status":"publish","type":"page","link":"https:\/\/pos-graduacao.uepb.edu.br\/ppgri\/publicacoes\/discentes\/","title":{"rendered":"Discentes"},"content":{"rendered":"<div class=\"wpb-content-wrapper\"><p>[vc_row][vc_column][vc_tta_accordion title_tag=&#8221;h3&#8243; section_title_tag=&#8221;h2&#8243; style=&#8221;modern&#8221; c_icon=&#8221;triangle&#8221; active_section=&#8221;&#8221; collapsible_all=&#8221;true&#8221;][vc_tta_section title=&#8221;ARTIGO EM JORNAL OU REVISTA&#8221; tab_id=&#8221;1777548230983-ab934fc3-88b1&#8243;][vc_column_text css=&#8221;&#8221;]<strong>Trade relations between Brazil and asean: An analysis through the lenses of dependency and deindustrialization<\/strong><br \/>\nAutores:Let\u00edcia Silva Ara\u00fajo, Lucas Milanez de Lima Almeida e Alexandre Cesar Cunha Leite<br \/>\nAno: 2025<br \/>\nDOI:\u00a0<a href=\"https:\/\/doi.org\/10.22201\/iiec.20078951e.2025.222.70341\" target=\"_blank\" rel=\"noopener\">https:\/\/doi.org\/10.22201\/iiec.20078951e.2025.222.70341<\/a><\/p>\n<p><strong>Desinforma\u00e7\u00e3o: O Mal do S\u00e9culo\u2019\u2019 lan\u00e7ado pelo\u00a0Supremo Tribunal Federal (STF). T\u00edtulo do cap\u00edtulo: Fake news real\u00edstica: os desafios<\/strong> sociopol\u00edticos na era da Intelig\u00eancia Artificial.<br \/>\nAutores: F\u00e1bio Nobre, Saulo Costa e Lauro Filho.<br \/>\nAno: 2024<br \/>\nLink: <a href=\"https:\/\/www.stf.jus.br\/arquivo\/cms\/campanha\/anexo\/combate\/ebookdesinformacao_VOL2.pdf\" target=\"_blank\" rel=\"noopener\">https:\/\/www.stf.jus.br\/arquivo\/cms\/campanha\/anexo\/combate\/ebookdesinformacao_VOL2.pdf<\/a><\/p>\n<p><strong>LEITURAS DISTINTAS DE UMA MESMA PANDEMIA: UMA AN\u00c1LISE DO TWITTER PRESIDENCIAL EM CONFRONTO COM AS NOT\u00cdCIAS INTERNACIONAIS E A CONSTRU\u00c7\u00c3O DE IMAGEM DO BRASIL NO EXTERIOR<\/strong><br \/>\nAutora principal: Amanda Caroline Galdino<br \/>\nAno:2021[\/vc_column_text][\/vc_tta_section][vc_tta_section title=&#8221;ARTIGO EM PERI\u00d3DICO&#8221; tab_id=&#8221;1777548230986-5658c83e-ad88&#8243;][vc_column_text css=&#8221;&#8221;]<\/p>\n<div dir=\"auto\"><strong>Discursos importam: o impacto da m\u00eddia preparat\u00f3ria em ataques as Institui\u00e7\u00f5es Democr\u00e1ticas, aplicando estudo de caso nos Estados Unidos (2021) e no Brasil (2023)<\/strong><br \/>\nAutores: Alexandre Leite, F\u00e1bio Nobre e Lauro Filho<br \/>\nAno:2025<br \/>\nLink: <a href=\"https:\/\/www.cartainternacional.abri.org.br\/Carta\/article\/view\/1400\" target=\"_blank\" rel=\"noopener\">https:\/\/www.cartainternacional.abri.org.br\/Carta\/article\/view\/1400<\/a><\/div>\n<div dir=\"auto\"><\/div>\n<p>[\/vc_column_text][\/vc_tta_section][\/vc_tta_accordion][\/vc_column][\/vc_row]<\/p>\n<\/div>","protected":false},"excerpt":{"rendered":"<p>[vc_row][vc_column][vc_tta_accordion title_tag=&#8221;h3&#8243; section_title_tag=&#8221;h2&#8243; style=&#8221;modern&#8221; c_icon=&#8221;triangle&#8221; active_section=&#8221;&#8221; collapsible_all=&#8221;true&#8221;][vc_tta_section title=&#8221;ARTIGO EM JORNAL OU REVISTA&#8221; tab_id=&#8221;1777548230983-ab934fc3-88b1&#8243;][vc_column_text css=&#8221;&#8221;]Trade relations between Brazil and asean: An analysis through the lenses of dependency and deindustrialization Autores:Let\u00edcia Silva Ara\u00fajo, Lucas Milanez de Lima Almeida e Alexandre Cesar Cunha Leite Ano: 2025 DOI:\u00a0https:\/\/doi.org\/10.22201\/iiec.20078951e.2025.222.70341 Desinforma\u00e7\u00e3o: O Mal do S\u00e9culo\u2019\u2019 lan\u00e7ado pelo\u00a0Supremo Tribunal Federal (STF). T\u00edtulo <a class=\"leiamais\" href=\"https:\/\/pos-graduacao.uepb.edu.br\/ppgri\/publicacoes\/discentes\/\">Leia Mais&#8230;<\/a><\/p>\n","protected":false},"author":5,"featured_media":0,"parent":1403,"menu_order":0,"comment_status":"closed","ping_status":"closed","template":"","meta":{"footnotes":""},"class_list":["post-1408","page","type-page","status-publish","hentry"],"_links":{"self":[{"href":"https:\/\/pos-graduacao.uepb.edu.br\/ppgri\/wp-json\/wp\/v2\/pages\/1408","targetHints":{"allow":["GET"]}}],"collection":[{"href":"https:\/\/pos-graduacao.uepb.edu.br\/ppgri\/wp-json\/wp\/v2\/pages"}],"about":[{"href":"https:\/\/pos-graduacao.uepb.edu.br\/ppgri\/wp-json\/wp\/v2\/types\/page"}],"author":[{"embeddable":true,"href":"https:\/\/pos-graduacao.uepb.edu.br\/ppgri\/wp-json\/wp\/v2\/users\/5"}],"replies":[{"embeddable":true,"href":"https:\/\/pos-graduacao.uepb.edu.br\/ppgri\/wp-json\/wp\/v2\/comments?post=1408"}],"version-history":[{"count":10,"href":"https:\/\/pos-graduacao.uepb.edu.br\/ppgri\/wp-json\/wp\/v2\/pages\/1408\/revisions"}],"predecessor-version":[{"id":4732,"href":"https:\/\/pos-graduacao.uepb.edu.br\/ppgri\/wp-json\/wp\/v2\/pages\/1408\/revisions\/4732"}],"up":[{"embeddable":true,"href":"https:\/\/pos-graduacao.uepb.edu.br\/ppgri\/wp-json\/wp\/v2\/pages\/1403"}],"wp:attachment":[{"href":"https:\/\/pos-graduacao.uepb.edu.br\/ppgri\/wp-json\/wp\/v2\/media?parent=1408"}],"curies":[{"name":"wp","href":"https:\/\/api.w.org\/{rel}","templated":true}]}}

<div class="wpb-content-wrapper"><p>[vc_row][vc_column][vc_tta_accordion title_tag=&#8221;h3&#8243; section_title_tag=&#8221;h2&#8243; style=&#8221;modern&#8221; c_icon=&#8221;triangle&#8221; active_section=&#8221;&#8221; collapsible_all=&#8221;true&#8221;][vc_tta_section title=&#8221;ARTIGO EM JORNAL OU REVISTA&#8221; tab_id=&#8221;1777548230983-ab934fc3-88b1&#8243;][vc_column_text css=&#8221;&#8221;]<strong>Trade relations between Brazil and asean: An analysis through the lenses of dependency and deindustrialization</strong><br />
Autores:Letícia Silva Araújo, Lucas Milanez de Lima Almeida e Alexandre Cesar Cunha Leite<br />
Ano: 2025<br />
DOI: <a href="https://doi.org/10.22201/iiec.20078951e.2025.222.70341" target="_blank" rel="noopener">https://doi.org/10.22201/iiec.20078951e.2025.222.70341</a></p>
<p><strong>Desinformação: O Mal do Século’’ lançado pelo Supremo Tribunal Federal (STF). Título do capítulo: Fake news realística: os desafios</strong> sociopolíticos na era da Inteligência Artificial.<br />
Autores: Fábio Nobre, Saulo Costa e Lauro Filho.<br />
Ano: 2024<br />
Link: <a href="https://www.stf.jus.br/arquivo/cms/campanha/anexo/combate/ebookdesinformacao_VOL2.pdf" target="_blank" rel="noopener">https://www.stf.jus.br/arquivo/cms/campanha/anexo/combate/ebookdesinformacao_VOL2.pdf</a></p>
<p><strong>LEITURAS DISTINTAS DE UMA MESMA PANDEMIA: UMA ANÁLISE DO TWITTER PRESIDENCIAL EM CONFRONTO COM AS NOTÍCIAS INTERNACIONAIS E A CONSTRUÇÃO DE IMAGEM DO BRASIL NO EXTERIOR</strong><br />
Autora principal: Amanda Caroline Galdino<br />
Ano:2021[/vc_column_text][/vc_tta_section][vc_tta_section title=&#8221;ARTIGO EM PERIÓDICO&#8221; tab_id=&#8221;1777548230986-5658c83e-ad88&#8243;][vc_column_text css=&#8221;&#8221;]</p>
<div dir="auto"><strong>Discursos importam: o impacto da mídia preparatória em ataques as Instituições Democráticas, aplicando estudo de caso nos Estados Unidos (2021) e no Brasil (2023)</strong><br />
Autores: Alexandre Leite, Fábio Nobre e Lauro Filho<br />
Ano:2025<br />
Link: <a href="https://www.cartainternacional.abri.org.br/Carta/article/view/1400" target="_blank" rel="noopener">https://www.cartainternacional.abri.org.br/Carta/article/view/1400</a></div>
<div dir="auto"></div>
<p>[/vc_column_text][/vc_tta_section][/vc_tta_accordion][/vc_column][/vc_row]</p>
</div>

<p>[vc_row][vc_column][vc_tta_accordion title_tag=&#8221;h3&#8243; section_title_tag=&#8221;h2&#8243; style=&#8221;modern&#8221; c_icon=&#8221;triangle&#8221; active_section=&#8221;&#8221; collapsible_all=&#8221;true&#8221;][vc_tta_section title=&#8221;ARTIGO EM JORNAL OU REVISTA&#8221; tab_id=&#8221;1777548230983-ab934fc3-88b1&#8243;][vc_column_text css=&#8221;&#8221;]Trade relations between Brazil and asean: An analysis through the lenses of dependency and deindustrialization Autores:Letícia Silva Araújo, Lucas Milanez de Lima Almeida e Alexandre Cesar Cunha Leite Ano: 2025 DOI: https://doi.org/10.22201/iiec.20078951e.2025.222.70341 Desinformação: O Mal do Século’’ lançado pelo Supremo Tribunal Federal (STF). Título <a class="leiamais" href="https://pos-graduacao.uepb.edu.br/ppgri/publicacoes/discentes/">Leia Mais&#8230;</a></p>
