{"id":7,"date":"2015-11-19T12:46:03","date_gmt":"2015-11-19T12:46:03","guid":{"rendered":"https:\/\/pos-graduacao.uepb.edu.br\/ppgq\/?page_id=7"},"modified":"2025-01-31T10:36:50","modified_gmt":"2025-01-31T10:36:50","slug":"apresentacao","status":"publish","type":"page","link":"https:\/\/pos-graduacao.uepb.edu.br\/ppgq\/apresentacao\/","title":{"rendered":"Apresenta\u00e7\u00e3o"},"content":{"rendered":"<p>O Programa de P\u00f3s-gradua\u00e7\u00e3o em Qu\u00edmica (PPGQ) da Universidade Estadual da Para\u00edba (UEPB) foi aprovado na 157\u00aa reuni\u00e3o do Conselho T\u00e9cnico-Cient\u00edfico da CAPES, ocorrida entre 24 e 26 de Mar\u00e7o de 2015. O PPGQ \u00e9 fruto da a\u00e7\u00e3o de um grupo de professores do Departamento de Qu\u00edmica, Departamento de Farm\u00e1cia (ambos do Campus I) e do Departamento de Biologia (Campus V), que visualizaram potencial dentro da UEPB para submeter tal proposta \u00e0 \u00e1rea de Qu\u00edmica da CAPES, atendendo, principalmente, a uma car\u00eancia da regi\u00e3o por um curso Stricto Sensu nas Ci\u00eancias Qu\u00edmicas.<\/p>\n<p>Sua <strong>Miss\u00e3o<\/strong> \u00e9: Contribuir com a forma\u00e7\u00e3o de pessoal especializado para desenvolver, aprimorar e transferir conhecimentos t\u00e9cnico-cient\u00edficos em Qu\u00edmica com impacto na realidade local, regional e nacional na perspectiva de um desenvolvimento ambientalmente amig\u00e1vel, socialmente inclusivo e economicamente vi\u00e1vel.<\/p>\n<p>Seu <strong>Objetivo<\/strong> \u00e9: Formar recursos humanos altamente qualificados capazes de desenvolver ci\u00eancia, tecnologia e inova\u00e7\u00e3o para o ambiente acad\u00eamico e para o setor produtivo.<\/p>\n<p>Para isto, este Programa \u00e9 constitu\u00eddo por pesquisadores que, individualmente, j\u00e1 desenvolviam a\u00e7\u00f5es de pesquisa bem-sucedidas em Qu\u00edmica, com reflexo na aprova\u00e7\u00e3o de projetos individuais. Este potencial de pesquisa e desenvolvimento foi canalizado no sentido de buscar a aprova\u00e7\u00e3o de um curso de P\u00f3s-gradua\u00e7\u00e3o Stricto Sensu em Qu\u00edmica que atenderia \u00e0 crescente demanda formada por profissionais oriundos das IES de Campina Grande e regi\u00e3o, sendo o primeiro Programa de P\u00f3s-gradua\u00e7\u00e3o em ci\u00eancias exatas da UEPB, e o \u00fanico em Qu\u00edmica do Interior da PB, PE, RN, AL, CE, MA, PI e SE.<\/p>\n","protected":false},"excerpt":{"rendered":"<p>O Programa de P\u00f3s-gradua\u00e7\u00e3o em Qu\u00edmica (PPGQ) da Universidade Estadual da Para\u00edba (UEPB) foi aprovado na 157\u00aa reuni\u00e3o do Conselho T\u00e9cnico-Cient\u00edfico da CAPES, ocorrida entre 24 e 26 de Mar\u00e7o de 2015. O PPGQ \u00e9 fruto da a\u00e7\u00e3o de um grupo de professores do Departamento de Qu\u00edmica, Departamento de Farm\u00e1cia (ambos do Campus I) e <a class=\"leiamais\" href=\"https:\/\/pos-graduacao.uepb.edu.br\/ppgq\/apresentacao\/\">Leia Mais&#8230;<\/a><\/p>\n","protected":false},"author":28,"featured_media":0,"parent":0,"menu_order":0,"comment_status":"closed","ping_status":"closed","template":"","meta":{"footnotes":""},"class_list":["post-7","page","type-page","status-publish","hentry"],"_links":{"self":[{"href":"https:\/\/pos-graduacao.uepb.edu.br\/ppgq\/wp-json\/wp\/v2\/pages\/7","targetHints":{"allow":["GET"]}}],"collection":[{"href":"https:\/\/pos-graduacao.uepb.edu.br\/ppgq\/wp-json\/wp\/v2\/pages"}],"about":[{"href":"https:\/\/pos-graduacao.uepb.edu.br\/ppgq\/wp-json\/wp\/v2\/types\/page"}],"author":[{"embeddable":true,"href":"https:\/\/pos-graduacao.uepb.edu.br\/ppgq\/wp-json\/wp\/v2\/users\/28"}],"replies":[{"embeddable":true,"href":"https:\/\/pos-graduacao.uepb.edu.br\/ppgq\/wp-json\/wp\/v2\/comments?post=7"}],"version-history":[{"count":4,"href":"https:\/\/pos-graduacao.uepb.edu.br\/ppgq\/wp-json\/wp\/v2\/pages\/7\/revisions"}],"predecessor-version":[{"id":812,"href":"https:\/\/pos-graduacao.uepb.edu.br\/ppgq\/wp-json\/wp\/v2\/pages\/7\/revisions\/812"}],"wp:attachment":[{"href":"https:\/\/pos-graduacao.uepb.edu.br\/ppgq\/wp-json\/wp\/v2\/media?parent=7"}],"curies":[{"name":"wp","href":"https:\/\/api.w.org\/{rel}","templated":true}]}}