{"id":36,"date":"2014-07-29T14:36:21","date_gmt":"2014-07-29T17:36:21","guid":{"rendered":"https:\/\/pos-graduacao.uepb.edu.br\/ppgps\/?page_id=36"},"modified":"2019-04-22T10:07:10","modified_gmt":"2019-04-22T13:07:10","slug":"o-programa","status":"publish","type":"page","link":"https:\/\/pos-graduacao.uepb.edu.br\/ppgps\/o-programa\/","title":{"rendered":"O Programa"},"content":{"rendered":"<p style=\"text-align: justify\">Programa de P\u00f3s-Gradua\u00e7\u00e3o em Psicologia da Sa\u00fade<\/p>\n<p style=\"text-align: justify\">Objetivos do Curso\/Perfil do profissional a ser formado:<\/p>\n<p style=\"text-align: justify\">O Programa de P\u00f3s-Gradua\u00e7\u00e3o em Psicologia da Sa\u00fade tem como objetivo a forma\u00e7\u00e3o e qualifica\u00e7\u00e3o de pesquisadores e docentes, no \u00e2mbito\u00a0da Psicologia da Sa\u00fade e \u00e1reas afins, buscando levantar novas demandas e problemas de sa\u00fade individual e coletiva, contribuindo com sua\u00a0compreens\u00e3o e transforma\u00e7\u00e3o a partir dos conhecimentos da Psicologia e de disciplinas afins, com vistas \u00e0 promo\u00e7\u00e3o da sa\u00fade, qualidade de\u00a0vida, e bem estar das popula\u00e7\u00f5es da nossa regi\u00e3o.<\/p>\n<p style=\"text-align: justify\">Objetivos espec\u00edficos:<\/p>\n<ul>\n<li style=\"text-align: justify\">Formar pesquisadores para que atuem com \u00e9tica, iniciativa, responsabilidade e autonomia intelectual e ideol\u00f3gica, em conformidade com as\u00a0quest\u00f5es atuais da Psicologia da sa\u00fade;<\/li>\n<li style=\"text-align: justify\">Capacitar psic\u00f3logos ou profissionais de \u00e1reas afins para o exerc\u00edcio da pesquisa e para o exerc\u00edcio do magist\u00e9rio superior em Psicologia da\u00a0Sa\u00fade;<\/li>\n<li style=\"text-align: justify\">Produzir conhecimento que subsidie teoricamente interven\u00e7\u00f5es profissionais em diferentes contextos e sobre diferentes tem\u00e1ticas;<\/li>\n<li style=\"text-align: justify\">Produzir e divulgar conhecimento cient\u00edfico com relev\u00e2ncia social na \u00e1rea espec\u00edfica da Psicologia da Sa\u00fade, fomentando a pesquisa em\u00a0psicologia na regi\u00e3o de Campina Grande e em toda Para\u00edba;<\/li>\n<li>Formar profissionais em Psicologia da Sa\u00fade para que possam atuar nas diversas \u00e1reas da sa\u00fade p\u00fablica.<\/li>\n<\/ul>\n","protected":false},"excerpt":{"rendered":"<p>Programa de P\u00f3s-Gradua\u00e7\u00e3o em Psicologia da Sa\u00fade Objetivos do Curso\/Perfil do profissional a ser formado: O Programa de P\u00f3s-Gradua\u00e7\u00e3o em Psicologia da Sa\u00fade tem como objetivo a forma\u00e7\u00e3o e qualifica\u00e7\u00e3o de pesquisadores e docentes, no \u00e2mbito\u00a0da Psicologia da Sa\u00fade e \u00e1reas afins, buscando levantar novas demandas e problemas de sa\u00fade individual e coletiva, contribuindo com <a class=\"leiamais\" href=\"https:\/\/pos-graduacao.uepb.edu.br\/ppgps\/o-programa\/\">Leia Mais&#8230;<\/a><\/p>\n","protected":false},"author":50,"featured_media":0,"parent":0,"menu_order":0,"comment_status":"open","ping_status":"open","template":"","meta":{"footnotes":""},"class_list":["post-36","page","type-page","status-publish","hentry"],"_links":{"self":[{"href":"https:\/\/pos-graduacao.uepb.edu.br\/ppgps\/wp-json\/wp\/v2\/pages\/36","targetHints":{"allow":["GET"]}}],"collection":[{"href":"https:\/\/pos-graduacao.uepb.edu.br\/ppgps\/wp-json\/wp\/v2\/pages"}],"about":[{"href":"https:\/\/pos-graduacao.uepb.edu.br\/ppgps\/wp-json\/wp\/v2\/types\/page"}],"author":[{"embeddable":true,"href":"https:\/\/pos-graduacao.uepb.edu.br\/ppgps\/wp-json\/wp\/v2\/users\/50"}],"replies":[{"embeddable":true,"href":"https:\/\/pos-graduacao.uepb.edu.br\/ppgps\/wp-json\/wp\/v2\/comments?post=36"}],"version-history":[{"count":2,"href":"https:\/\/pos-graduacao.uepb.edu.br\/ppgps\/wp-json\/wp\/v2\/pages\/36\/revisions"}],"predecessor-version":[{"id":549,"href":"https:\/\/pos-graduacao.uepb.edu.br\/ppgps\/wp-json\/wp\/v2\/pages\/36\/revisions\/549"}],"wp:attachment":[{"href":"https:\/\/pos-graduacao.uepb.edu.br\/ppgps\/wp-json\/wp\/v2\/media?parent=36"}],"curies":[{"name":"wp","href":"https:\/\/api.w.org\/{rel}","templated":true}]}}

<p style="text-align: justify">Programa de Pós-Graduação em Psicologia da Saúde</p>
<p style="text-align: justify">Objetivos do Curso/Perfil do profissional a ser formado:</p>
<p style="text-align: justify">O Programa de Pós-Graduação em Psicologia da Saúde tem como objetivo a formação e qualificação de pesquisadores e docentes, no âmbito da Psicologia da Saúde e áreas afins, buscando levantar novas demandas e problemas de saúde individual e coletiva, contribuindo com sua compreensão e transformação a partir dos conhecimentos da Psicologia e de disciplinas afins, com vistas à promoção da saúde, qualidade de vida, e bem estar das populações da nossa região.</p>
<p style="text-align: justify">Objetivos específicos:</p>
<ul>
<li style="text-align: justify">Formar pesquisadores para que atuem com ética, iniciativa, responsabilidade e autonomia intelectual e ideológica, em conformidade com as questões atuais da Psicologia da saúde;</li>
<li style="text-align: justify">Capacitar psicólogos ou profissionais de áreas afins para o exercício da pesquisa e para o exercício do magistério superior em Psicologia da Saúde;</li>
<li style="text-align: justify">Produzir conhecimento que subsidie teoricamente intervenções profissionais em diferentes contextos e sobre diferentes temáticas;</li>
<li style="text-align: justify">Produzir e divulgar conhecimento científico com relevância social na área específica da Psicologia da Saúde, fomentando a pesquisa em psicologia na região de Campina Grande e em toda Paraíba;</li>
<li>Formar profissionais em Psicologia da Saúde para que possam atuar nas diversas áreas da saúde pública.</li>
</ul>

<p>Programa de Pós-Graduação em Psicologia da Saúde Objetivos do Curso/Perfil do profissional a ser formado: O Programa de Pós-Graduação em Psicologia da Saúde tem como objetivo a formação e qualificação de pesquisadores e docentes, no âmbito da Psicologia da Saúde e áreas afins, buscando levantar novas demandas e problemas de saúde individual e coletiva, contribuindo com <a class="leiamais" href="https://pos-graduacao.uepb.edu.br/ppgps/o-programa/">Leia Mais&#8230;</a></p>
