{"id":331,"date":"2018-03-20T09:59:49","date_gmt":"2018-03-20T12:59:49","guid":{"rendered":"https:\/\/pos-graduacao.uepb.edu.br\/ppgps\/?page_id=331"},"modified":"2024-06-19T15:59:19","modified_gmt":"2024-06-19T18:59:19","slug":"dissertacoes-2","status":"publish","type":"page","link":"https:\/\/pos-graduacao.uepb.edu.br\/ppgps\/dissertacoes-2\/","title":{"rendered":"Disserta\u00e7\u00f5es"},"content":{"rendered":"<div class=\"wpb-content-wrapper\"><p>[vc_row][vc_column][vc_tta_tabs active_section=&#8221;1&#8243; css=&#8221;.vc_custom_1718823551556{margin-top: 30px !important;}&#8221;][vc_tta_section title=&#8221;2018&#8243; tab_id=&#8221;1718820096129-8d1b4c67-9077&#8243;][vc_column_text css=&#8221;.vc_custom_1718823570191{margin-top: 20px !important;}&#8221;]L\u00daCIA JAMILLY OLIVEIRA DE MORAIS<br \/>\n<a href=\"https:\/\/pos-graduacao.uepb.edu.br\/ppgps\/download\/DISSERTACAO-Lucia-Jamilly.pdf\">A ATEN\u00c7\u00c3O \u00c0 SA\u00daDE DOS HOMENS EM RELATOS DE PROFISSIONAIS DA ATEN\u00c7\u00c3O PRIM\u00c1RIA \u00c0 SA\u00daDE<\/a><\/p>\n<p>ANA VER\u00d4NICA DE ALENCAR<br \/>\n<a href=\"https:\/\/pos-graduacao.uepb.edu.br\/ppgps\/download\/Veronica-Dissertacao-para-o-Livro.pdf\">MARCAS DA NEGRITUDE: ESTUDO SOBRE AS RELA\u00c7\u00d5ES INTERSUBJETIVAS DO TRABALHO DE PROFESSORAS NEGRAS<\/a><\/p>\n<p>POLIANA DANTAS DA N\u00d3BREGA<br \/>\n<a href=\"https:\/\/pos-graduacao.uepb.edu.br\/ppgps\/download\/DISSERTACAO-POLIANA-DANTAS-DA-NOBREGA.pdf\">A REDE DE SA\u00daDE DO TRABALHADOR SOB A PERSPECTIVA DO USU\u00c1RIO: AN\u00c1LISE DAS TRAJET\u00d3RIAS E DAS IMPLICA\u00c7\u00d5ES DO ADOECIMENTO PARA O TRABALHADOR<\/a>[\/vc_column_text][\/vc_tta_section][vc_tta_section title=&#8221;2017&#8243; tab_id=&#8221;1718820096143-7b3d0fe4-55b5&#8243;][vc_column_text css=&#8221;.vc_custom_1718823577576{margin-top: 20px !important;}&#8221;]ANNA KARENYNA GUEDES DE MORAIS LIMA<br \/>\n<a href=\"https:\/\/pos-graduacao.uepb.edu.br\/ppgps\/download\/ANNA-KARENYNA-GUEDES-DE-MORAIS-LIMA.pdf\">EU SENTI QUE FALTAVA ALGUMA COISA&#8221;:UMA AN\u00c1LISE DO RETORNO \u00c0 ATIVIDADE PARA PROFESSORES UNIVERSIT\u00c1RIOS<\/a><\/p>\n<p>MYRYAM DE OLIVEIRA MELO<br \/>\n<a href=\"https:\/\/pos-graduacao.uepb.edu.br\/ppgps\/download\/DISSERTACAO-MYRIAM-DE-OLIVEIRA-MELO.pdf\">EQUIPE MULTIPROFISSIONAL E CUIDADOS PALIATIVOS: INTERFACES PARA PROMO\u00c7\u00c3O DA SA\u00daDE NA ATEN\u00c7\u00c3O B\u00c1SICA<\/a><\/p>\n<p>MARIA DO SOCORRO ROBERTO DE LUCENA<br \/>\n<a href=\"https:\/\/pos-graduacao.uepb.edu.br\/ppgps\/download\/MARIA-DO-SOCORRO-ROBERTO-DE-LUCENA.pdf\">AN\u00c1LISE DA RELA\u00c7\u00c3O TRABALHO E SA\u00daDE DE PSIC\u00d3LOGOS DOS N\u00daCLEOS DE APOIO \u00c0 SA\u00daDE DA FAMILIA-NASF<\/a><\/p>\n<p>HELYSSA LUANA LOPES.<br \/>\n<a href=\"https:\/\/pos-graduacao.uepb.edu.br\/ppgps\/download\/HELYSSA-LUANA-LOPES-MESTRADO.pdf\">SUPORTE SOCIAL NO TRABALHO E AUTOEFIC\u00c1CIA COMO PREDITORES DA QUALIDADE DE VIDA PROFISSIONAL EM BOMBEIROS MILITARES<\/a><\/p>\n<p>GABRIELLA C\u00c9ZAR DOS SANTOS<br \/>\n<a href=\"https:\/\/pos-graduacao.uepb.edu.br\/ppgps\/download\/DISSERTACAO-GABRIELLA-CEZAR-DOS-SANTOS-2.pdf\">CUIDADOS PALIATIVOS PEDI\u00c1TRICOS: ARTE, ESS\u00caNCIA E CI\u00caNCIA NO CUIDADO DE CRIAN\u00c7AS COM DOEN\u00c7AS LIMITANTES OU AMEA\u00c7ADORAS DA VIDA<\/a><\/p>\n<p>LUC\u00c9LIA DE ALMEIDA ANDRADE<br \/>\n<a href=\"https:\/\/pos-graduacao.uepb.edu.br\/ppgps\/download\/DISSERTACAO-LUCELIA-DE-ALMEIDA-ANDRADE.pdf\">SA\u00daDE MENTAL NA ATEN\u00c7\u00c3O B\u00c1SICA EM CASINHAS\/PE: UM ESTUDO DE CASO EM UM MUNIC\u00cdPIO DE PEQUENO PORTE<\/a><\/p>\n<p>VAL\u00c9RIA MORAIS DA SILVEIRA SOUSA<br \/>\n<a href=\"https:\/\/pos-graduacao.uepb.edu.br\/ppgps\/download\/DISSERTACAO-VALERIA-MORAIS-DA-SILVEIRA-SO.pdf\">REABILITA\u00c7\u00c3O PROFISSIONAL E SA\u00daDE MENTAL: O CAMINHO DE VOLTA DO TRABALHADOR REABILITADO<\/a><\/p>\n<p>NICODEMUS DE OLIVEIRA SOBRINHO<br \/>\n<a href=\"https:\/\/pos-graduacao.uepb.edu.br\/ppgps\/download\/DISSERTACAO-NICODEMUS-DE-OLIVEIRA-SOBRINHO.pdf\">A PRECARIZA\u00c7\u00c3O DO TRABALHO DOS PROFISSIONAIS DA ATEN\u00c7\u00c3O B\u00c1SICA DE SA\u00daDE DE UM DISTRITO SANIT\u00c1RIO DE CAMPINA GRANDE\/PB<\/a>.<\/p>\n<p>WILMA FERNANDES DE ARA\u00daJO<br \/>\n<a href=\"https:\/\/pos-graduacao.uepb.edu.br\/ppgps\/download\/Dissertacao-Wilma-Fernandes-de-Araujo.pdf\">DISCURSO DE MEDICALIZA\u00c7\u00c3O: O SIGNIFICADO DO TDAH PARA PAIS E M\u00c3ES DE ALUNOS DO ENSINO FUNDAMENTAL<\/a><\/p>\n<p>PAULA RAMOS OLIVEIRA ANDRADE<br \/>\n<a href=\"https:\/\/pos-graduacao.uepb.edu.br\/ppgps\/download\/DISSERTACAO-PAULA-RAMOS-OLIVEIRA-ANDRADE.pdf\">O TRABALHO E SEUS SENTIDOS: UM OLHAR NA PERSPECTIVA DO APOSENTADO<\/a>[\/vc_column_text][\/vc_tta_section][\/vc_tta_tabs][\/vc_column][\/vc_row]<\/p>\n<\/div>","protected":false},"excerpt":{"rendered":"<p>[vc_row][vc_column][vc_tta_tabs active_section=&#8221;1&#8243; css=&#8221;.vc_custom_1718823551556{margin-top: 30px !important;}&#8221;][vc_tta_section title=&#8221;2018&#8243; tab_id=&#8221;1718820096129-8d1b4c67-9077&#8243;][vc_column_text css=&#8221;.vc_custom_1718823570191{margin-top: 20px !important;}&#8221;]L\u00daCIA JAMILLY OLIVEIRA DE MORAIS A ATEN\u00c7\u00c3O \u00c0 SA\u00daDE DOS HOMENS EM RELATOS DE PROFISSIONAIS DA ATEN\u00c7\u00c3O PRIM\u00c1RIA \u00c0 SA\u00daDE ANA VER\u00d4NICA DE ALENCAR MARCAS DA NEGRITUDE: ESTUDO SOBRE AS RELA\u00c7\u00d5ES INTERSUBJETIVAS DO TRABALHO DE PROFESSORAS NEGRAS POLIANA DANTAS DA N\u00d3BREGA A REDE DE SA\u00daDE DO <a class=\"leiamais\" href=\"https:\/\/pos-graduacao.uepb.edu.br\/ppgps\/dissertacoes-2\/\">Leia Mais&#8230;<\/a><\/p>\n","protected":false},"author":34,"featured_media":0,"parent":0,"menu_order":0,"comment_status":"closed","ping_status":"closed","template":"","meta":{"footnotes":""},"class_list":["post-331","page","type-page","status-publish","hentry"],"_links":{"self":[{"href":"https:\/\/pos-graduacao.uepb.edu.br\/ppgps\/wp-json\/wp\/v2\/pages\/331","targetHints":{"allow":["GET"]}}],"collection":[{"href":"https:\/\/pos-graduacao.uepb.edu.br\/ppgps\/wp-json\/wp\/v2\/pages"}],"about":[{"href":"https:\/\/pos-graduacao.uepb.edu.br\/ppgps\/wp-json\/wp\/v2\/types\/page"}],"author":[{"embeddable":true,"href":"https:\/\/pos-graduacao.uepb.edu.br\/ppgps\/wp-json\/wp\/v2\/users\/34"}],"replies":[{"embeddable":true,"href":"https:\/\/pos-graduacao.uepb.edu.br\/ppgps\/wp-json\/wp\/v2\/comments?post=331"}],"version-history":[{"count":41,"href":"https:\/\/pos-graduacao.uepb.edu.br\/ppgps\/wp-json\/wp\/v2\/pages\/331\/revisions"}],"predecessor-version":[{"id":1884,"href":"https:\/\/pos-graduacao.uepb.edu.br\/ppgps\/wp-json\/wp\/v2\/pages\/331\/revisions\/1884"}],"wp:attachment":[{"href":"https:\/\/pos-graduacao.uepb.edu.br\/ppgps\/wp-json\/wp\/v2\/media?parent=331"}],"curies":[{"name":"wp","href":"https:\/\/api.w.org\/{rel}","templated":true}]}}