{"id":650,"date":"2016-04-15T11:37:10","date_gmt":"2016-04-15T11:37:10","guid":{"rendered":"https:\/\/pos-graduacao.uepb.edu.br\/ppgo\/?page_id=650"},"modified":"2016-04-15T11:37:48","modified_gmt":"2016-04-15T11:37:48","slug":"apresentacao","status":"publish","type":"page","link":"https:\/\/pos-graduacao.uepb.edu.br\/ppgo\/apresentacao\/","title":{"rendered":"Apresenta\u00e7\u00e3o"},"content":{"rendered":"<div class=\"textwidget\">\n<div class=\"jspContainer\">\n<div class=\"jspPane\">\n<p>O Programa de P\u00f3s-Gradua\u00e7\u00e3o em Odontologia tem como um dos seus princ\u00edpios a dissemina\u00e7\u00e3o dos conhecimentos e pr\u00e1ticas desenvolvidas dentro do curso, n\u00e3o apenas para a comunidade cient\u00edfica, mas tamb\u00e9m para a sociedade em geral. Os docentes e discentes s\u00e3o constantemente estimulados a participar de congressos, cursos e jornadas acad\u00eamicas, seja como palestrantes ou como ouvintes. No tocante a dissemina\u00e7\u00e3o deste conhecimento para a sociedade, destacam-se as campanhas educativas por interm\u00e9dio de a\u00e7\u00f5es sociais ou veicula\u00e7\u00e3o de informa\u00e7\u00f5es relevantes em jornais escritos ou televisivos, proporcionando um conhecimento mais disseminado das pr\u00e1ticas executadas no curso.<\/p>\n<p>Este site disponibiliza as informa\u00e7\u00f5es de relev\u00e2ncia sobre o funcionamento do curso, destacando-se a apresenta\u00e7\u00e3o, as linhas de pesquisa, as disciplinas do curr\u00edculo e o corpo docente integrante, verificando-se o link do curr\u00edculo Lates dos mesmos para verifica\u00e7\u00e3o da produ\u00e7\u00e3o cient\u00edfica. Nesse site tamb\u00e9m se observa todas informa\u00e7\u00f5es inerentes aos processos seletivos do Programa, reduzindo significativamente as d\u00favidas dos poss\u00edveis candidatos. Destaca-se que o projeto do site prev\u00ea disponibiliza\u00e7\u00e3o em breve das planilhas com os gastos do programa.<\/p>\n<\/div>\n<\/div>\n<\/div>\n","protected":false},"excerpt":{"rendered":"<p>O Programa de P\u00f3s-Gradua\u00e7\u00e3o em Odontologia tem como um dos seus princ\u00edpios a dissemina\u00e7\u00e3o dos conhecimentos e pr\u00e1ticas desenvolvidas dentro do curso, n\u00e3o apenas para a comunidade cient\u00edfica, mas tamb\u00e9m para a sociedade em geral. Os docentes e discentes s\u00e3o constantemente estimulados a participar de congressos, cursos e jornadas acad\u00eamicas, seja como palestrantes ou como <a class=\"leiamais\" href=\"https:\/\/pos-graduacao.uepb.edu.br\/ppgo\/apresentacao\/\">Leia Mais&#8230;<\/a><\/p>\n","protected":false},"author":3,"featured_media":0,"parent":0,"menu_order":0,"comment_status":"closed","ping_status":"closed","template":"","meta":{"footnotes":""},"class_list":["post-650","page","type-page","status-publish","hentry"],"_links":{"self":[{"href":"https:\/\/pos-graduacao.uepb.edu.br\/ppgo\/wp-json\/wp\/v2\/pages\/650","targetHints":{"allow":["GET"]}}],"collection":[{"href":"https:\/\/pos-graduacao.uepb.edu.br\/ppgo\/wp-json\/wp\/v2\/pages"}],"about":[{"href":"https:\/\/pos-graduacao.uepb.edu.br\/ppgo\/wp-json\/wp\/v2\/types\/page"}],"author":[{"embeddable":true,"href":"https:\/\/pos-graduacao.uepb.edu.br\/ppgo\/wp-json\/wp\/v2\/users\/3"}],"replies":[{"embeddable":true,"href":"https:\/\/pos-graduacao.uepb.edu.br\/ppgo\/wp-json\/wp\/v2\/comments?post=650"}],"version-history":[{"count":2,"href":"https:\/\/pos-graduacao.uepb.edu.br\/ppgo\/wp-json\/wp\/v2\/pages\/650\/revisions"}],"predecessor-version":[{"id":652,"href":"https:\/\/pos-graduacao.uepb.edu.br\/ppgo\/wp-json\/wp\/v2\/pages\/650\/revisions\/652"}],"wp:attachment":[{"href":"https:\/\/pos-graduacao.uepb.edu.br\/ppgo\/wp-json\/wp\/v2\/media?parent=650"}],"curies":[{"name":"wp","href":"https:\/\/api.w.org\/{rel}","templated":true}]}}