{"id":13,"date":"2012-01-18T12:52:39","date_gmt":"2012-01-18T12:52:39","guid":{"rendered":"http:\/\/pos-graduacao.ascom.uepb.edu.br\/ppgo\/?page_id=13"},"modified":"2025-10-07T12:12:38","modified_gmt":"2025-10-07T12:12:38","slug":"corpo-docente","status":"publish","type":"page","link":"https:\/\/pos-graduacao.uepb.edu.br\/ppgo\/corpo-docente\/","title":{"rendered":"Corpo Docente"},"content":{"rendered":"<div class=\"wpb-content-wrapper\"><p>[vc_row gap=&#8221;30&#8243;][vc_column width=&#8221;1\/2&#8243;][vc_text_separator title=&#8221;Docentes Permanentes&#8221; title_align=&#8221;separator_align_left&#8221;][vc_column_text css=&#8221;&#8221;]<strong>Alessandro Leite Cavalcanti<\/strong><br \/>\n<em><a href=\"http:\/\/lattes.cnpq.br\/4751883787176824\" target=\"_blank\" rel=\"noopener\">Curr\u00edculo Lattes<\/a>\u00a0\/\u00a0<\/em><em><a href=\"https:\/\/orcid.org\/0000-0003-3572-3332\" target=\"_blank\" rel=\"noopener\">ORCID<\/a>\u00a0\/\u00a0<\/em><em><a href=\"https:\/\/www.webofscience.com\/wos\/author\/record\/1742217\" target=\"_blank\" rel=\"noopener\">ResearcherID<\/a>\u00a0\/\u00a0<\/em><a href=\"https:\/\/scholar.google.com.br\/citations?user=LZ_UBOwAAAAJ&amp;hl=pt-BR&amp;oi=ao\" target=\"_blank\" rel=\"noopener\"><em>Google Acad\u00eamico<\/em><\/a><br \/>\n<em>E-mail: alessandrocavalcanti@servidor.uepb.edu.br<\/em><\/p>\n<p><strong>Alidianne F\u00e1bia Cabral Cavalcanti<\/strong><br \/>\n<em><a href=\"http:\/\/lattes.cnpq.br\/7010340903426566\" target=\"_blank\" rel=\"noopener\">Curr\u00edculo Lattes<\/a>\u00a0\/\u00a0<\/em><em><a href=\"https:\/\/orcid.org\/0000-0002-7779-2478\" target=\"_blank\" rel=\"noopener\">ORCID<\/a>\u00a0\/\u00a0<\/em><em><a href=\"https:\/\/www.webofscience.com\/wos\/author\/record\/GVU-4912-2022\" target=\"_blank\" rel=\"noopener\">ResearcherID<\/a>\u00a0\/\u00a0<\/em><a href=\"https:\/\/scholar.google.com.br\/citations?user=JN9HyzcAAAAJ&amp;hl=pt-BR&amp;oi=ao\" target=\"_blank\" rel=\"noopener\"><em>Google Acad\u00eamico<\/em><\/a><br \/>\n<em>E-mail:\u00a0alidianne@servidor.uepb.edu.br<\/em><\/p>\n<p><strong>Ana Fl\u00e1via Granville-Garcia<\/strong><br \/>\n<em><a href=\"http:\/\/lattes.cnpq.br\/7659139411442846\" target=\"_blank\" rel=\"noopener\">Curr\u00edculo Lattes<\/a>\u00a0\/\u00a0<\/em><em><a href=\"https:\/\/orcid.org\/0000-0002-6054-8372\" target=\"_blank\" rel=\"noopener\">ORCID<\/a>\u00a0\/\u00a0<\/em><em><a href=\"https:\/\/www.webofscience.com\/wos\/author\/record\/852435\" target=\"_blank\" rel=\"noopener\">ResearcherID<\/a>\u00a0\/\u00a0<\/em><a href=\"https:\/\/scholar.google.com.br\/citations?hl=pt-BR&amp;user=DV4XxzYAAAAJ\" target=\"_blank\" rel=\"noopener\"><em>Google Acad\u00eamico<\/em><\/a><br \/>\n<em>E-mail:\u00a0anaflavia@servidor.uepb.edu.br<\/em><\/p>\n<p><strong>Andreza Cristina de Lima Targino Massoni<\/strong><br \/>\n<em><a href=\"http:\/\/lattes.cnpq.br\/5037419163338179\" target=\"_blank\" rel=\"noopener\">Curr\u00edculo Lattes<\/a>\u00a0\/\u00a0<\/em><em><a href=\"https:\/\/orcid.org\/0000-0002-3332-8315\" target=\"_blank\" rel=\"noopener\">ORCID<\/a>\u00a0\/\u00a0<\/em><em><a href=\"https:\/\/www.webofscience.com\/wos\/author\/record\/GVT-4553-2022\" target=\"_blank\" rel=\"noopener\">ResearcherID<\/a>\u00a0\/\u00a0<\/em><a href=\"https:\/\/scholar.google.com.br\/citations?user=0SsoCNkAAAAJ&amp;hl=pt-BR&amp;oi=ao\" target=\"_blank\" rel=\"noopener\"><em>Google Acad\u00eamico<\/em><\/a><br \/>\n<em>E-mail:\u00a0andrezatargino@servidor.uepb.edu.br<\/em><\/p>\n<p><strong>Bas\u00edlio Rodrigues Vieira<\/strong><br \/>\n<em><a href=\"http:\/\/lattes.cnpq.br\/0245597908831634\" target=\"_blank\" rel=\"noopener\">Curr\u00edculo Lattes<\/a>\u00a0\/\u00a0<\/em><em><a href=\"https:\/\/orcid.org\/0000-0002-2025-7773\" target=\"_blank\" rel=\"noopener\">ORCID<\/a>\u00a0\/\u00a0<\/em><em><a href=\"https:\/\/www.webofscience.com\/wos\/author\/record\/HTL-6452-2023\" target=\"_blank\" rel=\"noopener\">ResearcherID<\/a>\u00a0\/\u00a0<\/em><a href=\"https:\/\/scholar.google.com\/citations?user=rsDYhUYAAAAJ&amp;hl=pt-BR&amp;oi=ao\" target=\"_blank\" rel=\"noopener\"><em>Google Acad\u00eamico<\/em><\/a><br \/>\n<em>E-mail: basilio.vieira@servidor.uepb.edu.br<\/em><\/p>\n<p><strong>Cassiano Francisco Weege Nonaka<\/strong><br \/>\n<em><a href=\"http:\/\/lattes.cnpq.br\/0224522010734716\" target=\"_blank\" rel=\"noopener\">Curr\u00edculo Lattes<\/a>\u00a0\/\u00a0<\/em><em><a href=\"https:\/\/orcid.org\/0000-0003-2380-109X\" target=\"_blank\" rel=\"noopener\">ORCID<\/a>\u00a0\/\u00a0<\/em><em><a href=\"https:\/\/www.webofscience.com\/wos\/author\/record\/1646739\" target=\"_blank\" rel=\"noopener\">ResearcherID<\/a>\u00a0\/\u00a0<\/em><a href=\"https:\/\/scholar.google.com.br\/citations?hl=pt-BR&amp;user=QlEd6vYAAAAJ\" target=\"_blank\" rel=\"noopener\"><em>Google Acad\u00eamico<\/em><\/a><br \/>\n<em>E-mail:\u00a0cassiano.nonaka@servidor.uepb.edu.br<\/em><\/p>\n<p><strong>Daniela Pita de Melo<\/strong><br \/>\n<em><a href=\"http:\/\/lattes.cnpq.br\/2824485698432887\" target=\"_blank\" rel=\"noopener\">Curr\u00edculo Lattes<\/a>\u00a0\/\u00a0<\/em><em><a href=\"https:\/\/orcid.org\/0000-0002-6477-6997\" target=\"_blank\" rel=\"noopener\">ORCID<\/a>\u00a0\/\u00a0<\/em><em><a href=\"https:\/\/www.webofscience.com\/wos\/author\/record\/1695035\" target=\"_blank\" rel=\"noopener\">ResearcherID<\/a>\u00a0\/\u00a0<\/em><a href=\"https:\/\/scholar.google.com.br\/citations?user=q6Nd7BgAAAAJ&amp;hl=pt-BR&amp;oi=ao\" target=\"_blank\" rel=\"noopener\"><em>Google Acad\u00eamico<\/em><\/a><br \/>\n<em>E-mail:\u00a0danipita@servidor.uepb.edu.br<\/em><\/p>\n<p><strong>Edja Maria Melo de Brito Costa<\/strong><br \/>\n<em><a href=\"http:\/\/lattes.cnpq.br\/0192415370217147\" target=\"_blank\" rel=\"noopener\">Curr\u00edculo Lattes<\/a><\/em><em>\u00a0\/\u00a0<\/em><em><a href=\"https:\/\/orcid.org\/0000-0002-3166-709X\" target=\"_blank\" rel=\"noopener\">ORCID<\/a>\u00a0\/\u00a0<\/em><em><a href=\"https:\/\/www.webofscience.com\/wos\/author\/record\/GVT-9390-2022\" target=\"_blank\" rel=\"noopener\">ResearcherID<\/a>\u00a0\/\u00a0<\/em><a href=\"https:\/\/scholar.google.com.br\/citations?user=V9jKhBQAAAAJ&amp;hl=pt-BR&amp;oi=ao\" target=\"_blank\" rel=\"noopener\"><em>Goog<\/em><em>le Acad\u00eamico<\/em><\/a><br \/>\n<em>E-mail:\u00a0edjacosta@servidor.uepb.edu.br<\/em><\/p>\n<p><strong>\u00c9rick T\u00e1ssio Barbosa Neves<\/strong><br \/>\n<em><a href=\"http:\/\/lattes.cnpq.br\/1773585626923170\" target=\"_blank\" rel=\"noopener\">Curr\u00edculo Lattes<\/a><\/em><em>\u00a0\/\u00a0<\/em><em><a href=\"https:\/\/orcid.org\/0000-0002-9300-1007\" target=\"_blank\" rel=\"noopener\">ORCID<\/a>\u00a0\/\u00a0<\/em><em><a href=\"https:\/\/www.webofscience.com\/wos\/author\/record\/510213\" target=\"_blank\" rel=\"noopener\">ResearcherID<\/a>\u00a0\/\u00a0<\/em><a href=\"https:\/\/scholar.google.com.br\/citations?user=0T_Pa-cAAAAJ&amp;hl=pt-BR&amp;oi=ao\" target=\"_blank\" rel=\"noopener\"><em>Goog<\/em><em>le Acad\u00eamico<\/em><\/a><br \/>\n<em>E-mail: erick.neves@servidor.uepb.edu.br<\/em><\/p>\n<p><strong>Jo\u00e3o Paulo da Silva Neto<\/strong><br \/>\n<em><a href=\"http:\/\/lattes.cnpq.br\/4405252063778832\" target=\"_blank\" rel=\"noopener\">Curr\u00edculo Lattes<\/a><\/em><em>\u00a0\/\u00a0<\/em><em><a href=\"https:\/\/orcid.org\/0000-0002-3140-2403\" target=\"_blank\" rel=\"noopener\">ORCID<\/a>\u00a0\/\u00a0<\/em><em><a href=\"https:\/\/www.webofscience.com\/wos\/author\/record\/208014\" target=\"_blank\" rel=\"noopener\">ResearcherID<\/a>\u00a0\/\u00a0<\/em><a href=\"https:\/\/scholar.google.com.br\/citations?user=wQsaL1oAAAAJ&amp;hl=pt-BR&amp;oi=ao\" target=\"_blank\" rel=\"noopener\"><em>Goog<\/em><em>le Acad\u00eamico<\/em><\/a><br \/>\n<em>E-mail:\u00a0joaopaulosneto@servidor.uepb.edu.br<\/em><\/p>\n<p><strong>Jozinete Vieira Pereira<\/strong><br \/>\n<em><a href=\"http:\/\/lattes.cnpq.br\/8041850574045487\" target=\"_blank\" rel=\"noopener\">Curr\u00edculo Lattes<\/a><\/em><em>\u00a0\/\u00a0<\/em><em><a href=\"https:\/\/orcid.org\/0000-0001-7225-6409\" target=\"_blank\" rel=\"noopener\">ORCID<\/a>\u00a0\/\u00a0<\/em><em><a href=\"https:\/\/www.webofscience.com\/wos\/author\/record\/GWM-9926-2022\" target=\"_blank\" rel=\"noopener\">ResearcherID<\/a>\u00a0\/\u00a0<\/em><a href=\"https:\/\/scholar.google.com.br\/citations?user=54ofLtIAAAAJ&amp;hl=pt-BR&amp;oi=ao\" target=\"_blank\" rel=\"noopener\"><em>Goog<\/em><em>le Acad\u00eamico<\/em><\/a><br \/>\n<em>E-mail:\u00a0jozinetevieira@servidor.uepb.edu.br<\/em><\/p>\n<p><strong>Manuel Antonio Gord\u00f3n-N\u00fa\u00f1ez<\/strong><br \/>\n<em><a href=\"http:\/\/lattes.cnpq.br\/6553619409299152\" target=\"_blank\" rel=\"noopener\">Curr\u00edculo Lattes<\/a><\/em><em>\u00a0\/\u00a0<\/em><em><a href=\"https:\/\/orcid.org\/0000-0002-7039-4004\" target=\"_blank\" rel=\"noopener\">ORCID<\/a>\u00a0\/\u00a0<\/em><em><a href=\"https:\/\/www.webofscience.com\/wos\/author\/record\/GMW-4399-2022\" target=\"_blank\" rel=\"noopener\">ResearcherID<\/a>\u00a0\/\u00a0<\/em><a href=\"https:\/\/scholar.google.com.br\/citations?user=7cqWw04AAAAJ&amp;hl=pt-BR&amp;oi=ao\" target=\"_blank\" rel=\"noopener\"><em>Goog<\/em><em>le Acad\u00eamico<\/em><\/a><br \/>\n<em>E-mail:\u00a0godonnunez152631@servidor.uepb.edu.br<\/em><\/p>\n<p><strong>Maria Helena Chaves de Vasconcelos Cat\u00e3o<\/strong><br \/>\n<em><a href=\"http:\/\/lattes.cnpq.br\/2133065990110383\" target=\"_blank\" rel=\"noopener\">Curr\u00edculo Lattes<\/a><\/em><em>\u00a0\/\u00a0<\/em><em><a href=\"https:\/\/orcid.org\/0000-0001-7681-3225\" target=\"_blank\" rel=\"noopener\">ORCID<\/a>\u00a0\/\u00a0<\/em><em><a href=\"https:\/\/www.webofscience.com\/wos\/author\/record\/3228234\">ResearcherID<\/a> \/\u00a0<\/em><em>Goog<\/em><em>le Acad\u00eamico<\/em><br \/>\n<em>E-mail:\u00a0mhelenact@servidor.uepb.edu.br<\/em><\/p>\n<p><strong>Patr\u00edcia Meira Bento<\/strong><br \/>\n<em><a href=\"http:\/\/lattes.cnpq.br\/7371238765825611\" target=\"_blank\" rel=\"noopener\">Curr\u00edculo Lattes<\/a><\/em><em>\u00a0\/\u00a0<\/em><em><a href=\"https:\/\/orcid.org\/0000-0002-9811-6663\" target=\"_blank\" rel=\"noopener\">ORCID<\/a>\u00a0\/\u00a0<\/em><em><a href=\"https:\/\/www.webofscience.com\/wos\/author\/record\/JHT-7601-2023\">ResearcherID<\/a>\u00a0\/\u00a0<\/em><a href=\"https:\/\/scholar.google.com.br\/citations?user=fyAqtaYAAAAJ&amp;hl=pt-BR&amp;oi=ao\" target=\"_blank\" rel=\"noopener\"><em>Goog<\/em><em>le Acad\u00eamico<\/em><\/a><br \/>\n<em>E-mail:\u00a0patmeira@servidor.uepb.edu.br<\/em><\/p>\n<p><strong>Pollianna Muniz Alves<\/strong><br \/>\n<em><a href=\"http:\/\/lattes.cnpq.br\/4860117599607892\" target=\"_blank\" rel=\"noopener\">Curr\u00edculo Lattes<\/a><\/em><em>\u00a0\/\u00a0<\/em><em><a href=\"https:\/\/orcid.org\/0000-0003-1297-4032\" target=\"_blank\" rel=\"noopener\">ORCID<\/a>\u00a0\/\u00a0<\/em><em><a href=\"https:\/\/www.webofscience.com\/wos\/author\/record\/1391630\" target=\"_blank\" rel=\"noopener\">ResearcherID<\/a>\u00a0\/\u00a0<\/em><a href=\"https:\/\/scholar.google.com.br\/citations?user=7tBZ-fcAAAAJ&amp;hl=pt-BR&amp;oi=ao\" target=\"_blank\" rel=\"noopener\"><em>Goog<\/em><em>le Acad\u00eamico<\/em><\/a><br \/>\n<em>E-mail:\u00a0pmunizalves@servidor.uepb.edu.br<\/em><\/p>\n<p><strong>S\u00e9rgio d\u2019\u00c1vila Lins Bezerra Cavalcanti<\/strong><br \/>\n<em><a href=\"http:\/\/lattes.cnpq.br\/8178780570352971\" target=\"_blank\" rel=\"noopener\">Curr\u00edculo Lattes<\/a><\/em><em>\u00a0\/\u00a0<\/em><em><a href=\"https:\/\/orcid.org\/0000-0002-7836-896X\" target=\"_blank\" rel=\"noopener\">ORCID<\/a>\u00a0\/\u00a0<\/em><em><a href=\"https:\/\/www.webofscience.com\/wos\/author\/record\/1665513\" target=\"_blank\" rel=\"noopener\">ResearcherID<\/a>\u00a0\/\u00a0<\/em><a href=\"https:\/\/scholar.google.com.br\/citations?user=QqZJcMcAAAAJ&amp;hl=pt-BR&amp;oi=ao\" target=\"_blank\" rel=\"noopener\"><em>Goog<\/em><em>le Acad\u00eamico<\/em><\/a><br \/>\n<em>E-mail:\u00a0davila@servidor.uepb.edu.br<\/em>[\/vc_column_text][\/vc_column][vc_column width=&#8221;1\/2&#8243;][vc_text_separator title=&#8221;Docentes Colaboradores&#8221; title_align=&#8221;separator_align_left&#8221;][vc_column_text css=&#8221;&#8221;]<strong>Daliana Queiroga de Castro Gomes<\/strong><br \/>\n<em><a href=\"http:\/\/lattes.cnpq.br\/5687380520458665\" target=\"_blank\" rel=\"noopener\">Curr\u00edculo Lattes<\/a>\u00a0\/\u00a0<\/em><em><a href=\"https:\/\/orcid.org\/0000-0002-3154-7039\" target=\"_blank\" rel=\"noopener\">ORCID<\/a>\u00a0\/\u00a0<\/em><em><a href=\"https:\/\/www.webofscience.com\/wos\/author\/record\/GWC-7759-2022\" target=\"_blank\" rel=\"noopener\">ResearcherID<\/a>\u00a0\/\u00a0<\/em><a href=\"https:\/\/scholar.google.com.br\/citations?user=c__36W4AAAAJ&amp;hl=pt-BR&amp;oi=ao\" target=\"_blank\" rel=\"noopener\"><em>Google Acad\u00eamico<\/em><\/a><br \/>\n<em>E-mail:\u00a0dqcgomes@servidor.uepb.edu.br<\/em><\/p>\n<p><strong>Kenio Costa de Lima<\/strong><br \/>\n<em><a href=\"http:\/\/lattes.cnpq.br\/5835673385014578\" target=\"_blank\" rel=\"noopener\">Curr\u00edculo Lattes<\/a><\/em><em>\u00a0\/\u00a0<\/em><em><a href=\"https:\/\/orcid.org\/0000-0002-5668-4398\" target=\"_blank\" rel=\"noopener\">ORCID<\/a>\u00a0\/\u00a0<\/em><em><a href=\"https:\/\/www.webofscience.com\/wos\/author\/record\/626504\">ResearcherID<\/a> \/\u00a0<\/em><a href=\"https:\/\/scholar.google.com.br\/citations?user=WTV5qQgAAAAJ&amp;hl=pt-BR&amp;oi=ao\" target=\"_blank\" rel=\"noopener\"><em>Goog<\/em><em>le Acad\u00eamico<\/em><\/a><br \/>\n<em>E-mail:\u00a0limke@uol.com.br<\/em><\/p>\n<p><strong>Saulo Leonardo Sousa Melo<\/strong><br \/>\n<em><a href=\"http:\/\/lattes.cnpq.br\/3043966507619496\" target=\"_blank\" rel=\"noopener\">Curr\u00edculo Lattes<\/a><\/em><em>\u00a0\/\u00a0<\/em><em><a href=\"https:\/\/orcid.org\/0000-0003-2299-5769\" target=\"_blank\" rel=\"noopener\">ORCID<\/a>\u00a0\/\u00a0<\/em><em>ResearcherID \/\u00a0<\/em><a href=\"https:\/\/scholar.google.com.br\/citations?user=IVS5W3EAAAAJ&amp;hl=pt-BR&amp;oi=ao\" target=\"_blank\" rel=\"noopener\"><em>Goog<\/em><em>le Acad\u00eamico<\/em><\/a><br \/>\n<em>E-mail:\u00a0sousamel@ohsu.edu<\/em>[\/vc_column_text][vc_text_separator title=&#8221;Docentes Visitantes&#8221; title_align=&#8221;separator_align_left&#8221; css=&#8221;.vc_custom_1746631805621{padding-top: 40px !important;border-radius: 1px !important;}&#8221;][vc_column_text css=&#8221;&#8221;]<strong>Diego Rom\u00e1rio da Silva<\/strong><br \/>\n<a href=\"http:\/\/lattes.cnpq.br\/0522585351371155\" target=\"_blank\" rel=\"noopener\"><em>Curr\u00edculo Lattes<\/em><\/a><em>\u00a0\/\u00a0<\/em><em><a href=\"https:\/\/orcid.org\/0000-0001-9724-0147\" target=\"_blank\" rel=\"noopener\">ORCID<\/a>\u00a0\/\u00a0<\/em><em><a href=\"https:\/\/www.webofscience.com\/wos\/author\/record\/AAV-2529-2020?fbclid=PAQ0xDSwKJulpleHRuA2FlbQIxMAABp0MQ5tMmFX5IMsD16Y9Zz_Q0dgFbvGhz5Lr_68Men6OPLMhe_z2cHmar4H9w_aem_wJFqbP3ArJdeOB4r536glg\" target=\"_blank\" rel=\"noopener\">ResearcherID<\/a> \/\u00a0<\/em><a href=\"https:\/\/scholar.google.com.br\/citations?user=2J3rj2oAAAAJ&amp;hl=pt-BR\" target=\"_blank\" rel=\"noopener\"><em>Goog<\/em><em>le Acad\u00eamico<\/em><\/a><br \/>\n<em>E-mail: silva.romario@servidor.uepb.edu.br<\/em>[\/vc_column_text][\/vc_column][\/vc_row]<\/p>\n<\/div>","protected":false},"excerpt":{"rendered":"<p>[vc_row gap=&#8221;30&#8243;][vc_column width=&#8221;1\/2&#8243;][vc_text_separator title=&#8221;Docentes Permanentes&#8221; title_align=&#8221;separator_align_left&#8221;][vc_column_text css=&#8221;&#8221;]Alessandro Leite Cavalcanti Curr\u00edculo Lattes\u00a0\/\u00a0ORCID\u00a0\/\u00a0ResearcherID\u00a0\/\u00a0Google Acad\u00eamico E-mail: alessandrocavalcanti@servidor.uepb.edu.br Alidianne F\u00e1bia Cabral Cavalcanti Curr\u00edculo Lattes\u00a0\/\u00a0ORCID\u00a0\/\u00a0ResearcherID\u00a0\/\u00a0Google Acad\u00eamico E-mail:\u00a0alidianne@servidor.uepb.edu.br Ana Fl\u00e1via Granville-Garcia Curr\u00edculo Lattes\u00a0\/\u00a0ORCID\u00a0\/\u00a0ResearcherID\u00a0\/\u00a0Google Acad\u00eamico E-mail:\u00a0anaflavia@servidor.uepb.edu.br Andreza Cristina de Lima Targino Massoni Curr\u00edculo Lattes\u00a0\/\u00a0ORCID\u00a0\/\u00a0ResearcherID\u00a0\/\u00a0Google Acad\u00eamico E-mail:\u00a0andrezatargino@servidor.uepb.edu.br Bas\u00edlio Rodrigues Vieira Curr\u00edculo Lattes\u00a0\/\u00a0ORCID\u00a0\/\u00a0ResearcherID\u00a0\/\u00a0Google Acad\u00eamico E-mail: basilio.vieira@servidor.uepb.edu.br Cassiano Francisco Weege Nonaka Curr\u00edculo Lattes\u00a0\/\u00a0ORCID\u00a0\/\u00a0ResearcherID\u00a0\/\u00a0Google Acad\u00eamico E-mail:\u00a0cassiano.nonaka@servidor.uepb.edu.br <a class=\"leiamais\" href=\"https:\/\/pos-graduacao.uepb.edu.br\/ppgo\/corpo-docente\/\">Leia Mais&#8230;<\/a><\/p>\n","protected":false},"author":5,"featured_media":0,"parent":0,"menu_order":0,"comment_status":"open","ping_status":"open","template":"","meta":{"footnotes":""},"class_list":["post-13","page","type-page","status-publish","hentry"],"_links":{"self":[{"href":"https:\/\/pos-graduacao.uepb.edu.br\/ppgo\/wp-json\/wp\/v2\/pages\/13","targetHints":{"allow":["GET"]}}],"collection":[{"href":"https:\/\/pos-graduacao.uepb.edu.br\/ppgo\/wp-json\/wp\/v2\/pages"}],"about":[{"href":"https:\/\/pos-graduacao.uepb.edu.br\/ppgo\/wp-json\/wp\/v2\/types\/page"}],"author":[{"embeddable":true,"href":"https:\/\/pos-graduacao.uepb.edu.br\/ppgo\/wp-json\/wp\/v2\/users\/5"}],"replies":[{"embeddable":true,"href":"https:\/\/pos-graduacao.uepb.edu.br\/ppgo\/wp-json\/wp\/v2\/comments?post=13"}],"version-history":[{"count":124,"href":"https:\/\/pos-graduacao.uepb.edu.br\/ppgo\/wp-json\/wp\/v2\/pages\/13\/revisions"}],"predecessor-version":[{"id":2990,"href":"https:\/\/pos-graduacao.uepb.edu.br\/ppgo\/wp-json\/wp\/v2\/pages\/13\/revisions\/2990"}],"wp:attachment":[{"href":"https:\/\/pos-graduacao.uepb.edu.br\/ppgo\/wp-json\/wp\/v2\/media?parent=13"}],"curies":[{"name":"wp","href":"https:\/\/api.w.org\/{rel}","templated":true}]}}