{"id":956,"date":"2013-01-04T14:43:27","date_gmt":"2013-01-04T14:43:27","guid":{"rendered":"\/ppgli\/?page_id=956"},"modified":"2024-06-26T11:52:35","modified_gmt":"2024-06-26T14:52:35","slug":"visibilidade","status":"publish","type":"page","link":"https:\/\/pos-graduacao.uepb.edu.br\/ppgli\/visibilidade\/","title":{"rendered":"PPGLI nas redes"},"content":{"rendered":"<p style=\"text-align: justify;\">O Programa de P\u00f3s-gradua\u00e7\u00e3o em Literatura e Interculturalidade divulga em sua p\u00e1gina oficial <a href=\"https:\/\/pos-graduacao.uepb.edu.br\/ppgli\/\" target=\"_blank\" rel=\"noopener\">https:\/\/pos-graduacao.uepb.edu.br\/ppgli\/<\/a> informa\u00e7\u00f5es sobre o Hist\u00f3rico dos Cursos, a Estrutura em que est\u00e3o montados, o corpo docente com perfil de cada um e e-mail e telefone, planos de curso das disciplinas oferecidas ao longo do ano em curso, alunos do programa, t\u00edtulos de disserta\u00e7\u00f5es defendidas, editais abertos e passados, eventos promovidos pelo Curso, produ\u00e7\u00e3o cient\u00edfica docente e discente no ano-base, grupos de Pesquisas e n\u00facleos de pesquisas, e Tabela em que se informam as aplica\u00e7\u00f5es dos recursos do PROAP\/CAPES. Al\u00e9m desse itens, tamb\u00e9m h\u00e1 links em que informamos sobre o processo de admiss\u00e3o de docentes no Programa e sobre o Processo de Sele\u00e7\u00e3o de alunos. Al\u00e9m disto, \u00e9 importante destacar a abrang\u00eancia do programa atrav\u00e9s de seus semin\u00e1rios, simp\u00f3sios e confer\u00eancias. Desde agosto de 2011, a UEPB tem investido num cont\u00ednuo processo de aprimoramento de seu sistema de inform\u00e1tica e de seus bancos de dados, buscando maior visibilidade, acessibilidade e armazenamento de informa\u00e7\u00f5es.<\/p>\n","protected":false},"excerpt":{"rendered":"<p>O Programa de P\u00f3s-gradua\u00e7\u00e3o em Literatura e Interculturalidade divulga em sua p\u00e1gina oficial https:\/\/pos-graduacao.uepb.edu.br\/ppgli\/ informa\u00e7\u00f5es sobre o Hist\u00f3rico dos Cursos, a Estrutura em que est\u00e3o montados, o corpo docente com perfil de cada um e e-mail e telefone, planos de curso das disciplinas oferecidas ao longo do ano em curso, alunos do programa, t\u00edtulos de <a class=\"leiamais\" href=\"https:\/\/pos-graduacao.uepb.edu.br\/ppgli\/visibilidade\/\">Leia Mais&#8230;<\/a><\/p>\n","protected":false},"author":5,"featured_media":0,"parent":0,"menu_order":0,"comment_status":"open","ping_status":"open","template":"","meta":{"footnotes":""},"class_list":["post-956","page","type-page","status-publish","hentry"],"jetpack_sharing_enabled":true,"_links":{"self":[{"href":"https:\/\/pos-graduacao.uepb.edu.br\/ppgli\/wp-json\/wp\/v2\/pages\/956","targetHints":{"allow":["GET"]}}],"collection":[{"href":"https:\/\/pos-graduacao.uepb.edu.br\/ppgli\/wp-json\/wp\/v2\/pages"}],"about":[{"href":"https:\/\/pos-graduacao.uepb.edu.br\/ppgli\/wp-json\/wp\/v2\/types\/page"}],"author":[{"embeddable":true,"href":"https:\/\/pos-graduacao.uepb.edu.br\/ppgli\/wp-json\/wp\/v2\/users\/5"}],"replies":[{"embeddable":true,"href":"https:\/\/pos-graduacao.uepb.edu.br\/ppgli\/wp-json\/wp\/v2\/comments?post=956"}],"version-history":[{"count":6,"href":"https:\/\/pos-graduacao.uepb.edu.br\/ppgli\/wp-json\/wp\/v2\/pages\/956\/revisions"}],"predecessor-version":[{"id":5226,"href":"https:\/\/pos-graduacao.uepb.edu.br\/ppgli\/wp-json\/wp\/v2\/pages\/956\/revisions\/5226"}],"wp:attachment":[{"href":"https:\/\/pos-graduacao.uepb.edu.br\/ppgli\/wp-json\/wp\/v2\/media?parent=956"}],"curies":[{"name":"wp","href":"https:\/\/api.w.org\/{rel}","templated":true}]}}