{"id":953,"date":"2013-01-04T14:43:11","date_gmt":"2013-01-04T14:43:11","guid":{"rendered":"\/ppgli\/?page_id=953"},"modified":"2025-02-04T08:49:22","modified_gmt":"2025-02-04T11:49:22","slug":"insercao-social-2","status":"publish","type":"page","link":"https:\/\/pos-graduacao.uepb.edu.br\/ppgli\/insercao-social-2\/","title":{"rendered":"Inser\u00e7\u00e3o Social"},"content":{"rendered":"<p>O PPGLI conta, atualmente, com 18 docentes, dos quais 13 conclu\u00edram um ou mais de um p\u00f3s-doutorado em institui\u00e7\u00e3o brasileira ou estrangeira e h\u00e1, atualmente, outros docentes que est\u00e3o realizando est\u00e1gio p\u00f3s-doutoral. Esse \u00e9 um primeiro aspecto que mostra o compromisso do programa e de seus docentes tanto com a atualiza\u00e7\u00e3o e o aperfei\u00e7oamento de sua forma\u00e7\u00e3o quanto com a difus\u00e3o de seus trabalhos e pesquisas, a cria\u00e7\u00e3o de redes de colabora\u00e7\u00e3o e a promo\u00e7\u00e3o de debate rigoroso acerca da produ\u00e7\u00e3o intelectual realizada em seu \u00e2mbito. Nesse sentido, o PPGLI conta, atualmente, com uma \u00f3tima rede de colabora\u00e7\u00e3o nacional, por meio de seus docentes, com contatos e participa\u00e7\u00f5es envolvendo universidades de todas as regi\u00f5es do pa\u00eds, como USP, UNESP, UNICAMP, UFRJ, UFPE, UFRPE, UPE, UEL, UFSM, UFG, UFMG, UFRN, UFAC, UnB, UFERSA, UNILA, UFPR, UERN, UFCG, UFPB, UERJ, UFPel. Dessas redes resultam interc\u00e2mbios em diversos formatos, tais como: participa\u00e7\u00f5es em bancas, organiza\u00e7\u00f5es de dossi\u00eas para publica\u00e7\u00e3o em revistas, participa\u00e7\u00e3o em publica\u00e7\u00f5es de colet\u00e2neas em livros, organiza\u00e7\u00e3o e participa\u00e7\u00e3o em simp\u00f3sios e grupos de trabalhos em eventos e associa\u00e7\u00f5es de pesquisa da \u00e1rea de Letras, participa\u00e7\u00e3o como consultores ad hoc para revistas e ag\u00eancias de fomento, participa\u00e7\u00f5es em grupos de pesquisa cadastrados no CNPq. Sobre a Inser\u00e7\u00e3o e distribui\u00e7\u00e3o de nossos alunos, ver o menu \u201cEgressos\u201d<\/p>\n","protected":false},"excerpt":{"rendered":"<p>O PPGLI conta, atualmente, com 18 docentes, dos quais 13 conclu\u00edram um ou mais de um p\u00f3s-doutorado em institui\u00e7\u00e3o brasileira ou estrangeira e h\u00e1, atualmente, outros docentes que est\u00e3o realizando est\u00e1gio p\u00f3s-doutoral. Esse \u00e9 um primeiro aspecto que mostra o compromisso do programa e de seus docentes tanto com a atualiza\u00e7\u00e3o e o aperfei\u00e7oamento de <a class=\"leiamais\" href=\"https:\/\/pos-graduacao.uepb.edu.br\/ppgli\/insercao-social-2\/\">Leia Mais&#8230;<\/a><\/p>\n","protected":false},"author":5,"featured_media":0,"parent":0,"menu_order":0,"comment_status":"open","ping_status":"open","template":"","meta":{"footnotes":""},"class_list":["post-953","page","type-page","status-publish","hentry"],"jetpack_sharing_enabled":true,"_links":{"self":[{"href":"https:\/\/pos-graduacao.uepb.edu.br\/ppgli\/wp-json\/wp\/v2\/pages\/953","targetHints":{"allow":["GET"]}}],"collection":[{"href":"https:\/\/pos-graduacao.uepb.edu.br\/ppgli\/wp-json\/wp\/v2\/pages"}],"about":[{"href":"https:\/\/pos-graduacao.uepb.edu.br\/ppgli\/wp-json\/wp\/v2\/types\/page"}],"author":[{"embeddable":true,"href":"https:\/\/pos-graduacao.uepb.edu.br\/ppgli\/wp-json\/wp\/v2\/users\/5"}],"replies":[{"embeddable":true,"href":"https:\/\/pos-graduacao.uepb.edu.br\/ppgli\/wp-json\/wp\/v2\/comments?post=953"}],"version-history":[{"count":5,"href":"https:\/\/pos-graduacao.uepb.edu.br\/ppgli\/wp-json\/wp\/v2\/pages\/953\/revisions"}],"predecessor-version":[{"id":5466,"href":"https:\/\/pos-graduacao.uepb.edu.br\/ppgli\/wp-json\/wp\/v2\/pages\/953\/revisions\/5466"}],"wp:attachment":[{"href":"https:\/\/pos-graduacao.uepb.edu.br\/ppgli\/wp-json\/wp\/v2\/media?parent=953"}],"curies":[{"name":"wp","href":"https:\/\/api.w.org\/{rel}","templated":true}]}}