{"id":5239,"date":"2024-06-26T11:54:10","date_gmt":"2024-06-26T14:54:10","guid":{"rendered":"https:\/\/pos-graduacao.uepb.edu.br\/ppgli\/?page_id=5239"},"modified":"2025-09-18T10:55:19","modified_gmt":"2025-09-18T13:55:19","slug":"equipe-tecnica","status":"publish","type":"page","link":"https:\/\/pos-graduacao.uepb.edu.br\/ppgli\/equipe-tecnica\/","title":{"rendered":"Equipe T\u00e9cnica"},"content":{"rendered":"<div class=\"wpb-content-wrapper\"><p>[vc_row][vc_column][vc_column_text css=&#8221;&#8221;]<strong>Secret\u00e1ria: <\/strong>J\u00e9ssica Helena Silva S\u00e1 Santos<\/p>\n<p><strong>Contatos<\/strong><\/p>\n<p>Telefone\/Whatsapp: (83) 3344-5304<\/p>\n<p>E-mail: <a href=\"mailto:ppgli@setor.uepb.edu.br\">ppgli@setor.uepb.edu.br<\/a><\/p>\n<p>Hor\u00e1rio de atendimento presencial: segunda a sexta-feira, das 13h \u00e0s 18h.<\/p>\n<p>&nbsp;<\/p>\n<p><strong>Endere\u00e7o para correspond\u00eancia<\/strong>:<\/p>\n<p>Programa de P\u00f3s-Gradua\u00e7\u00e3o em Literatura e Interculturalidade<\/p>\n<p>Central de Integra\u00e7\u00e3o Acad\u00eamica de aulas da UEPB, 3\u00ba andar \u2013 sala 313<\/p>\n<p>Rua Domitila Cabral de Castro S\/N \u2013 CEP: 58.429-570 \u2013 Bairro Universit\u00e1rio (Bodocong\u00f3) \u2013 Campina Grande \u2013 PB[\/vc_column_text][\/vc_column][\/vc_row]<\/p>\n<\/div>","protected":false},"excerpt":{"rendered":"<p>[vc_row][vc_column][vc_column_text css=&#8221;&#8221;]Secret\u00e1ria: J\u00e9ssica Helena Silva S\u00e1 Santos Contatos Telefone\/Whatsapp: (83) 3344-5304 E-mail: ppgli@setor.uepb.edu.br Hor\u00e1rio de atendimento presencial: segunda a sexta-feira, das 13h \u00e0s 18h. &nbsp; Endere\u00e7o para correspond\u00eancia: Programa de P\u00f3s-Gradua\u00e7\u00e3o em Literatura e Interculturalidade Central de Integra\u00e7\u00e3o Acad\u00eamica de aulas da UEPB, 3\u00ba andar \u2013 sala 313 Rua Domitila Cabral de Castro S\/N \u2013 <a class=\"leiamais\" href=\"https:\/\/pos-graduacao.uepb.edu.br\/ppgli\/equipe-tecnica\/\">Leia Mais&#8230;<\/a><\/p>\n","protected":false},"author":34,"featured_media":0,"parent":0,"menu_order":0,"comment_status":"closed","ping_status":"closed","template":"","meta":{"footnotes":""},"class_list":["post-5239","page","type-page","status-publish","hentry"],"jetpack_sharing_enabled":true,"_links":{"self":[{"href":"https:\/\/pos-graduacao.uepb.edu.br\/ppgli\/wp-json\/wp\/v2\/pages\/5239","targetHints":{"allow":["GET"]}}],"collection":[{"href":"https:\/\/pos-graduacao.uepb.edu.br\/ppgli\/wp-json\/wp\/v2\/pages"}],"about":[{"href":"https:\/\/pos-graduacao.uepb.edu.br\/ppgli\/wp-json\/wp\/v2\/types\/page"}],"author":[{"embeddable":true,"href":"https:\/\/pos-graduacao.uepb.edu.br\/ppgli\/wp-json\/wp\/v2\/users\/34"}],"replies":[{"embeddable":true,"href":"https:\/\/pos-graduacao.uepb.edu.br\/ppgli\/wp-json\/wp\/v2\/comments?post=5239"}],"version-history":[{"count":6,"href":"https:\/\/pos-graduacao.uepb.edu.br\/ppgli\/wp-json\/wp\/v2\/pages\/5239\/revisions"}],"predecessor-version":[{"id":5748,"href":"https:\/\/pos-graduacao.uepb.edu.br\/ppgli\/wp-json\/wp\/v2\/pages\/5239\/revisions\/5748"}],"wp:attachment":[{"href":"https:\/\/pos-graduacao.uepb.edu.br\/ppgli\/wp-json\/wp\/v2\/media?parent=5239"}],"curies":[{"name":"wp","href":"https:\/\/api.w.org\/{rel}","templated":true}]}}