{"id":5229,"date":"2024-06-26T12:00:38","date_gmt":"2024-06-26T15:00:38","guid":{"rendered":"https:\/\/pos-graduacao.uepb.edu.br\/ppgli\/?page_id=5229"},"modified":"2025-02-04T08:53:05","modified_gmt":"2025-02-04T11:53:05","slug":"missao","status":"publish","type":"page","link":"https:\/\/pos-graduacao.uepb.edu.br\/ppgli\/missao\/","title":{"rendered":"Miss\u00e3o"},"content":{"rendered":"<p>\u00c9 preciso entender um Programa de P\u00f3s-gradua\u00e7\u00e3o como o PPGLI a partir de dois fatores importantes que constantemente desafiam sua miss\u00e3o: o ainda baixo n\u00famero de mestrados e doutorados em Letras no contexto do Nordeste, diante da procura n\u00e3o totalmente atendida, e o impacto significativo do Programa no processo de forma\u00e7\u00e3o e ensino em escolas, faculdades e universidades p\u00fablicas e privadas. \u00c9 desse desafio ainda atual que se origina e mantem o PPGLI, de construir processos seletivos que sejam abertos para atender parte da demanda existente, e que persiste, focando numa forma\u00e7\u00e3o que tenha a consist\u00eancia acad\u00eamica exigida de mestrado e doutorado acad\u00eamicos, sem relativizar a import\u00e2ncia do mundo do trabalho que espera cada vez mais contar com profissionais com forma\u00e7\u00e3o s\u00f3lida na \u00e1rea de atua\u00e7\u00e3o.<\/p>\n<p>Da\u00ed se origina uma voca\u00e7\u00e3o do PPGLI que se situa em n\u00edvel plural e relacional, sem deixar de ser regional, pois n\u00e3o existe uma proposta de conjunto na Regi\u00e3o Nordeste que, sistematicamente, focalize a aten\u00e7\u00e3o de discentes e docentes quanto \u00e0 necessidade hist\u00f3rica, c\u00edvica e \u00e9tica de uma mobiliza\u00e7\u00e3o intelectual em larga escala, em torno de uma cultura nacional que fa\u00e7a dialogar interculturalmente, via literatura, o popular e o erudito, a produ\u00e7\u00e3o liter\u00e1ria em sua diversidade social e cultural. Estamos formando professores e pesquisadores que expandam o conhecimento das identidades e dos encontros interculturais, trazendo assim uma significativa contribui\u00e7\u00e3o para o desenvolvimento regional e nacional. Temos, portanto, esse pertencimento \u00e0s demandas por forma\u00e7\u00e3o em n\u00edvel de mestrado e doutorado ainda forte no nordeste, incluindo um mundo do trabalho que poder\u00e1 contar com profissionais cada vez mais qualificados, sem perder do foco de pesquisa a necessidade sempre atual de promover o encontro com a produ\u00e7\u00e3o te\u00f3rica e cr\u00edtica de outros contextos.<\/p>\n","protected":false},"excerpt":{"rendered":"<p>\u00c9 preciso entender um Programa de P\u00f3s-gradua\u00e7\u00e3o como o PPGLI a partir de dois fatores importantes que constantemente desafiam sua miss\u00e3o: o ainda baixo n\u00famero de mestrados e doutorados em Letras no contexto do Nordeste, diante da procura n\u00e3o totalmente atendida, e o impacto significativo do Programa no processo de forma\u00e7\u00e3o e ensino em escolas, <a class=\"leiamais\" href=\"https:\/\/pos-graduacao.uepb.edu.br\/ppgli\/missao\/\">Leia Mais&#8230;<\/a><\/p>\n","protected":false},"author":34,"featured_media":0,"parent":0,"menu_order":0,"comment_status":"closed","ping_status":"closed","template":"","meta":{"footnotes":""},"class_list":["post-5229","page","type-page","status-publish","hentry"],"jetpack_sharing_enabled":true,"_links":{"self":[{"href":"https:\/\/pos-graduacao.uepb.edu.br\/ppgli\/wp-json\/wp\/v2\/pages\/5229","targetHints":{"allow":["GET"]}}],"collection":[{"href":"https:\/\/pos-graduacao.uepb.edu.br\/ppgli\/wp-json\/wp\/v2\/pages"}],"about":[{"href":"https:\/\/pos-graduacao.uepb.edu.br\/ppgli\/wp-json\/wp\/v2\/types\/page"}],"author":[{"embeddable":true,"href":"https:\/\/pos-graduacao.uepb.edu.br\/ppgli\/wp-json\/wp\/v2\/users\/34"}],"replies":[{"embeddable":true,"href":"https:\/\/pos-graduacao.uepb.edu.br\/ppgli\/wp-json\/wp\/v2\/comments?post=5229"}],"version-history":[{"count":2,"href":"https:\/\/pos-graduacao.uepb.edu.br\/ppgli\/wp-json\/wp\/v2\/pages\/5229\/revisions"}],"predecessor-version":[{"id":5471,"href":"https:\/\/pos-graduacao.uepb.edu.br\/ppgli\/wp-json\/wp\/v2\/pages\/5229\/revisions\/5471"}],"wp:attachment":[{"href":"https:\/\/pos-graduacao.uepb.edu.br\/ppgli\/wp-json\/wp\/v2\/media?parent=5229"}],"curies":[{"name":"wp","href":"https:\/\/api.w.org\/{rel}","templated":true}]}}

Missão

<p>É preciso entender um Programa de Pós-graduação como o PPGLI a partir de dois fatores importantes que constantemente desafiam sua missão: o ainda baixo número de mestrados e doutorados em Letras no contexto do Nordeste, diante da procura não totalmente atendida, e o impacto significativo do Programa no processo de formação e ensino em escolas, faculdades e universidades públicas e privadas. É desse desafio ainda atual que se origina e mantem o PPGLI, de construir processos seletivos que sejam abertos para atender parte da demanda existente, e que persiste, focando numa formação que tenha a consistência acadêmica exigida de mestrado e doutorado acadêmicos, sem relativizar a importância do mundo do trabalho que espera cada vez mais contar com profissionais com formação sólida na área de atuação.</p>
<p>Daí se origina uma vocação do PPGLI que se situa em nível plural e relacional, sem deixar de ser regional, pois não existe uma proposta de conjunto na Região Nordeste que, sistematicamente, focalize a atenção de discentes e docentes quanto à necessidade histórica, cívica e ética de uma mobilização intelectual em larga escala, em torno de uma cultura nacional que faça dialogar interculturalmente, via literatura, o popular e o erudito, a produção literária em sua diversidade social e cultural. Estamos formando professores e pesquisadores que expandam o conhecimento das identidades e dos encontros interculturais, trazendo assim uma significativa contribuição para o desenvolvimento regional e nacional. Temos, portanto, esse pertencimento às demandas por formação em nível de mestrado e doutorado ainda forte no nordeste, incluindo um mundo do trabalho que poderá contar com profissionais cada vez mais qualificados, sem perder do foco de pesquisa a necessidade sempre atual de promover o encontro com a produção teórica e crítica de outros contextos.</p>

<p>É preciso entender um Programa de Pós-graduação como o PPGLI a partir de dois fatores importantes que constantemente desafiam sua missão: o ainda baixo número de mestrados e doutorados em Letras no contexto do Nordeste, diante da procura não totalmente atendida, e o impacto significativo do Programa no processo de formação e ensino em escolas, <a class="leiamais" href="https://pos-graduacao.uepb.edu.br/ppgli/missao/">Leia Mais&#8230;</a></p>
