{"id":3705,"date":"2024-05-21T12:13:44","date_gmt":"2024-05-21T12:13:44","guid":{"rendered":"https:\/\/pos-graduacao.uepb.edu.br\/ppgli\/?page_id=3705"},"modified":"2025-07-24T12:41:25","modified_gmt":"2025-07-24T15:41:25","slug":"pagina-inicial","status":"publish","type":"page","link":"https:\/\/pos-graduacao.uepb.edu.br\/ppgli\/","title":{"rendered":"P\u00e1gina Inicial"},"content":{"rendered":"<div class=\"wpb-content-wrapper\"><p>[vc_row gap=&#8221;30&#8243;][vc_column width=&#8221;2\/3&#8243;][vc_text_separator title=&#8221;\u00daltimas Not\u00edcias&#8221; i_icon_fontawesome=&#8221;fas fa-angle-double-right&#8221; i_color=&#8221;custom&#8221; title_align=&#8221;separator_align_left&#8221; css=&#8221;.vc_custom_1716293703521{margin-top: 30px !important;}&#8221; add_icon=&#8221;true&#8221; i_custom_color=&#8221;#cc0000&#8243;]<div class=\"mdl-grid\"><div class=\"mdl-cell--12-col bloco-noticias\"><div class=\"titulo-noticia-widget\"><a href=\"https:\/\/pos-graduacao.uepb.edu.br\/ppgli\/divulgacao-dos-locais-de-prova-mestrado-ppgli-uepb-edital-02-2026\/\"><h3 class=\"titulo-destaque-noticia\">DIVULGA\u00c7\u00c3O DOS LOCAIS DE PROVA \u2013 MESTRADO PPGLI\/UEPB EDITAL 02\/2026<\/h3><\/a><\/div><div class=\"titulo-noticia-widget\"><a href=\"https:\/\/pos-graduacao.uepb.edu.br\/ppgli\/divulgacao-dos-locais-de-prova-doutorado-ppgli-uepb\/\"><h3 class=\"titulo-destaque-noticia\">DIVULGA\u00c7\u00c3O DOS LOCAIS DE PROVA \u2013 DOUTORADO PPGLI\/UEPB<\/h3><\/a><\/div><div class=\"titulo-noticia-widget\"><a href=\"https:\/\/pos-graduacao.uepb.edu.br\/ppgli\/orientacoes-para-docentes-e-discentes-sobre-o-coleta-sucupira-2025\/\"><h3 class=\"titulo-destaque-noticia\">Orienta\u00e7\u00f5es para docentes e discentes sobre o Coleta Sucupira 2025<\/h3><\/a><\/div><div class=\"titulo-noticia-widget\"><a href=\"https:\/\/pos-graduacao.uepb.edu.br\/ppgli\/inscricoes-homologadas-conforme-as-disposicoes-estabelecidas-no-edital-no-02-2026\/\"><h3 class=\"titulo-destaque-noticia\">Inscri\u00e7\u00f5es Homologadas, conforme as disposi\u00e7\u00f5es estabelecidas no Edital n\u00ba 02\/2026<\/h3><\/a><\/div><div class=\"titulo-noticia-widget\"><a href=\"https:\/\/pos-graduacao.uepb.edu.br\/ppgli\/resultado-dos-recursos-referentes-a-primeira-fase-do-processo-seletivo-que-trata-das-inscricoes-homologadas-conforme-as-disposicoes-estabelecidas-no-edital-no-02-2026\/\"><h3 class=\"titulo-destaque-noticia\">Resultado dos Recursos referentes \u00e0 Primeira Fase do Processo Seletivo, que trata das Inscri\u00e7\u00f5es Homologadas, conforme as disposi\u00e7\u00f5es estabelecidas no Edital n\u00ba 02\/2026<\/h3><\/a><\/div><div class=\"titulo-noticia-widget\"><a href=\"https:\/\/pos-graduacao.uepb.edu.br\/ppgli\/resultado-preliminar-selecao-ppgli\/\"><h3 class=\"titulo-destaque-noticia\">Resultado Preliminar Sele\u00e7\u00e3o PPGLI<\/h3><\/a><\/div><div class=\"titulo-noticia-widget\"><a href=\"https:\/\/pos-graduacao.uepb.edu.br\/ppgli\/resultado-final-edital-01-2026-bolsa-de-pos-doutorado-ppgli-fapesq\/\"><h3 class=\"titulo-destaque-noticia\">Resultado Final \u2013 Edital 01\/2026 \u2013 Bolsa de P\u00f3s-Doutorado PPGLI\/FAPESQ<\/h3><\/a><\/div><div class=\"titulo-noticia-widget\"><a href=\"https:\/\/pos-graduacao.uepb.edu.br\/ppgli\/resultado-da-fase-2-curriculo-edital-01-2026-bolsa-de-pos-doutorado-ppgli-fapesq\/\"><h3 class=\"titulo-destaque-noticia\">Resultado da Fase 2 (Curr\u00edculo) \u2013 Edital 01\/2026 \u2013 Bolsa de P\u00f3s-Doutorado PPGLI\/FAPESQ<\/h3><\/a><\/div><div class=\"titulo-noticia-widget\"><a href=\"https:\/\/pos-graduacao.uepb.edu.br\/ppgli\/resultado-da-fase-1-projeto-edital-01-2026-bolsa-de-pos-doutorado-ppgli-fapesq\/\"><h3 class=\"titulo-destaque-noticia\">Resultado da Fase 1 (Projeto) \u2013 Edital 01\/2026 \u2013 Bolsa de P\u00f3s-Doutorado PPGLI\/FAPESQ<\/h3><\/a><\/div><div class=\"titulo-noticia-widget\"><a href=\"https:\/\/pos-graduacao.uepb.edu.br\/ppgli\/edital-de-selecao-02-2026-mestrado-e-doutorado-para-2026-retificado-em-19-de-fevereiro-de-2026\/\"><h3 class=\"titulo-destaque-noticia\">EDITAL DE SELE\u00c7\u00c3O 02\/2026 Mestrado e Doutorado (Retificado em 19\/02\/2026)<\/h3><\/a><\/div><\/div><\/div>[\/vc_column][vc_column width=&#8221;1\/3&#8243;][vc_text_separator title=&#8221;Acesso R\u00e1pido&#8221; i_icon_fontawesome=&#8221;fas fa-angle-double-right&#8221; i_color=&#8221;custom&#8221; title_align=&#8221;separator_align_left&#8221; css=&#8221;.vc_custom_1716293738598{margin-top: 30px !important;}&#8221; add_icon=&#8221;true&#8221; i_custom_color=&#8221;#cc0000&#8243;][vc_btn title=&#8221;Calend\u00e1rio 2025.2&#8243; shape=&#8221;square&#8221; color=&#8221;violet&#8221; size=&#8221;lg&#8221; align=&#8221;left&#8221; css=&#8221;.vc_custom_1753371681272{margin-bottom: 5px !important;}&#8221; button_block=&#8221;true&#8221; link=&#8221;url:https%3A%2F%2Fpos-graduacao.uepb.edu.br%2Fppgli%2Fdownload%2Fcalendario-2025-2%2F%3Fwpdmdl%3D5704%26masterkey%3DnbG-mWq8DkfeNFjF986hFy8llerI8dXg7IIPb50buB1ePJu7VKDt6iVEQzbqR45J1lGHbd-naRJ2G8mdqfEYSYgcCdPlK4J1w_ssFX0q7pE|target:_blank&#8221;][vc_btn title=&#8221;Bancas de defesa&#8221; shape=&#8221;square&#8221; color=&#8221;purple&#8221; size=&#8221;lg&#8221; align=&#8221;left&#8221; css=&#8221;.vc_custom_1718738713531{margin-bottom: 5px !important;}&#8221; button_block=&#8221;true&#8221; link=&#8221;url:https%3A%2F%2Fpos-graduacao.uepb.edu.br%2Fppgli%2Fbancas-de-defesa-por-videoconferencia%2F&#8221;][vc_btn title=&#8221;CAPES&#8221; shape=&#8221;square&#8221; color=&#8221;blue&#8221; size=&#8221;lg&#8221; align=&#8221;left&#8221; css=&#8221;.vc_custom_1718738724435{margin-bottom: 5px !important;}&#8221; button_block=&#8221;true&#8221; link=&#8221;url:http%3A%2F%2Fwww.capes.gov.br%2F|target:_blank&#8221;][vc_btn title=&#8221;CNPQ&#8221; shape=&#8221;square&#8221; color=&#8221;primary&#8221; size=&#8221;lg&#8221; align=&#8221;left&#8221; css=&#8221;.vc_custom_1718738730648{margin-bottom: 5px !important;}&#8221; button_block=&#8221;true&#8221; link=&#8221;url:http%3A%2F%2Fwww.cnpq.br%2F|target:_blank&#8221;][vc_btn title=&#8221;Docentes&#8221; shape=&#8221;square&#8221; color=&#8221;peacoc&#8221; size=&#8221;lg&#8221; align=&#8221;left&#8221; css=&#8221;.vc_custom_1718738756022{margin-bottom: 5px !important;}&#8221; button_block=&#8221;true&#8221; link=&#8221;url:https%3A%2F%2Fpos-graduacao.uepb.edu.br%2Fppgli%2Fcorpo-docente%2F&#8221;][vc_btn title=&#8221;Editais&#8221; shape=&#8221;square&#8221; color=&#8221;info&#8221; size=&#8221;lg&#8221; align=&#8221;left&#8221; css=&#8221;.vc_custom_1718738768676{margin-bottom: 5px !important;}&#8221; button_block=&#8221;true&#8221; link=&#8221;url:https%3A%2F%2Fpos-graduacao.uepb.edu.br%2Fppgli%2Feditais-de-processos-seletivos%2F&#8221;][vc_btn title=&#8221;PRPGP&#8221; shape=&#8221;square&#8221; color=&#8221;inverse&#8221; size=&#8221;lg&#8221; align=&#8221;left&#8221; css=&#8221;.vc_custom_1718738780996{margin-bottom: 5px !important;}&#8221; button_block=&#8221;true&#8221; link=&#8221;url:https%3A%2F%2Fpos-graduacao.uepb.edu.br%2Fppgli%2Feditais-de-processos-seletivos%2F|target:_blank&#8221;][\/vc_column][\/vc_row][vc_row gap=&#8221;30&#8243;][vc_column][vc_text_separator title=&#8221;Traduza esta p\u00e1gina&#8221; i_icon_fontawesome=&#8221;fas fa-angle-double-right&#8221; i_color=&#8221;custom&#8221; title_align=&#8221;separator_align_left&#8221; add_icon=&#8221;true&#8221; i_custom_color=&#8221;#cc0000&#8243;][vc_column_text css=&#8221;.vc_custom_1717701635529{margin-bottom: 30px !important;margin-left: 20px !important;}&#8221;]<div class=\"gtranslate_wrapper\" id=\"gt-wrapper-20114956\"><\/div>[\/vc_column_text][\/vc_column][\/vc_row]<\/p>\n<\/div>","protected":false},"excerpt":{"rendered":"<p>[vc_row gap=&#8221;30&#8243;][vc_column width=&#8221;2\/3&#8243;][vc_text_separator title=&#8221;\u00daltimas Not\u00edcias&#8221; i_icon_fontawesome=&#8221;fas fa-angle-double-right&#8221; i_color=&#8221;custom&#8221; title_align=&#8221;separator_align_left&#8221; css=&#8221;.vc_custom_1716293703521{margin-top: 30px !important;}&#8221; add_icon=&#8221;true&#8221; i_custom_color=&#8221;#cc0000&#8243;][\/vc_column][vc_column width=&#8221;1\/3&#8243;][vc_text_separator title=&#8221;Acesso R\u00e1pido&#8221; i_icon_fontawesome=&#8221;fas fa-angle-double-right&#8221; i_color=&#8221;custom&#8221; title_align=&#8221;separator_align_left&#8221; css=&#8221;.vc_custom_1716293738598{margin-top: 30px !important;}&#8221; add_icon=&#8221;true&#8221; i_custom_color=&#8221;#cc0000&#8243;][vc_btn title=&#8221;Calend\u00e1rio 2025.2&#8243; shape=&#8221;square&#8221; color=&#8221;violet&#8221; size=&#8221;lg&#8221; align=&#8221;left&#8221; css=&#8221;.vc_custom_1753371681272{margin-bottom: 5px !important;}&#8221; button_block=&#8221;true&#8221; link=&#8221;url:https%3A%2F%2Fpos-graduacao.uepb.edu.br%2Fppgli%2Fdownload%2Fcalendario-2025-2%2F%3Fwpdmdl%3D5704%26masterkey%3DnbG-mWq8DkfeNFjF986hFy8llerI8dXg7IIPb50buB1ePJu7VKDt6iVEQzbqR45J1lGHbd-naRJ2G8mdqfEYSYgcCdPlK4J1w_ssFX0q7pE|target:_blank&#8221;][vc_btn title=&#8221;Bancas de defesa&#8221; shape=&#8221;square&#8221; color=&#8221;purple&#8221; size=&#8221;lg&#8221; align=&#8221;left&#8221; css=&#8221;.vc_custom_1718738713531{margin-bottom: 5px !important;}&#8221; button_block=&#8221;true&#8221; link=&#8221;url:https%3A%2F%2Fpos-graduacao.uepb.edu.br%2Fppgli%2Fbancas-de-defesa-por-videoconferencia%2F&#8221;][vc_btn title=&#8221;CAPES&#8221; shape=&#8221;square&#8221; color=&#8221;blue&#8221; size=&#8221;lg&#8221; align=&#8221;left&#8221; css=&#8221;.vc_custom_1718738724435{margin-bottom: <a class=\"leiamais\" href=\"https:\/\/pos-graduacao.uepb.edu.br\/ppgli\/\">Leia Mais&#8230;<\/a><\/p>\n","protected":false},"author":5,"featured_media":0,"parent":0,"menu_order":0,"comment_status":"closed","ping_status":"closed","template":"","meta":{"footnotes":""},"class_list":["post-3705","page","type-page","status-publish","hentry"],"jetpack_sharing_enabled":true,"_links":{"self":[{"href":"https:\/\/pos-graduacao.uepb.edu.br\/ppgli\/wp-json\/wp\/v2\/pages\/3705","targetHints":{"allow":["GET"]}}],"collection":[{"href":"https:\/\/pos-graduacao.uepb.edu.br\/ppgli\/wp-json\/wp\/v2\/pages"}],"about":[{"href":"https:\/\/pos-graduacao.uepb.edu.br\/ppgli\/wp-json\/wp\/v2\/types\/page"}],"author":[{"embeddable":true,"href":"https:\/\/pos-graduacao.uepb.edu.br\/ppgli\/wp-json\/wp\/v2\/users\/5"}],"replies":[{"embeddable":true,"href":"https:\/\/pos-graduacao.uepb.edu.br\/ppgli\/wp-json\/wp\/v2\/comments?post=3705"}],"version-history":[{"count":25,"href":"https:\/\/pos-graduacao.uepb.edu.br\/ppgli\/wp-json\/wp\/v2\/pages\/3705\/revisions"}],"predecessor-version":[{"id":3927,"href":"https:\/\/pos-graduacao.uepb.edu.br\/ppgli\/wp-json\/wp\/v2\/pages\/3705\/revisions\/3927"}],"wp:attachment":[{"href":"https:\/\/pos-graduacao.uepb.edu.br\/ppgli\/wp-json\/wp\/v2\/media?parent=3705"}],"curies":[{"name":"wp","href":"https:\/\/api.w.org\/{rel}","templated":true}]}}