{"id":15,"date":"2012-02-03T13:08:24","date_gmt":"2012-02-03T13:08:24","guid":{"rendered":"http:\/\/pos-graduacao.ascom.uepb.edu.br\/ppgli\/?page_id=15"},"modified":"2024-06-27T10:44:46","modified_gmt":"2024-06-27T13:44:46","slug":"estrutura-dos-cursos","status":"publish","type":"page","link":"https:\/\/pos-graduacao.uepb.edu.br\/ppgli\/estrutura-dos-cursos\/","title":{"rendered":"Estrutura dos Cursos"},"content":{"rendered":"<div class=\"wpb-content-wrapper\"><p>[vc_row gap=&#8221;30&#8243;][vc_column width=&#8221;1\/4&#8243;][vc_text_separator title=&#8221;MESTRADO&#8221; title_align=&#8221;separator_align_left&#8221;][vc_column_text]O Mestrado em Literatura e Interculturalidade tem sua estrutura organizada em dois anos. O primeiro ano \u00e9 dividido em dois semestres, dedicado ao cumprimento dos cr\u00e9ditos em disciplinas. O segundo ano \u00e9 dedicado \u00e0 elabora\u00e7\u00e3o da disserta\u00e7\u00e3o. As atividades s\u00e3o desenvolvidas durante a semana, nos turnos manh\u00e3 e tarde. O n\u00famero de cr\u00e9ditos \u00e9 de 30, sendo 24 em disciplinas e 6 na disserta\u00e7\u00e3o. Cada cr\u00e9dito corresponde a quinze (15) horas de aula te\u00f3rica ou atividades equivalentes.[\/vc_column_text][\/vc_column][vc_column width=&#8221;1\/4&#8243;][vc_text_separator title=&#8221;DOUTORADO&#8221; title_align=&#8221;separator_align_left&#8221;][vc_column_text]O Doutorado em Literatura e Interculturalidade tem sua estrutura organizada em quatro anos, sendo modular semestral, totalizando um m\u00ednimo de 06 (seis) semestres correspondentes a 12 (doze) cr\u00e9ditos de disciplinas, 12 (doze) cr\u00e9ditos de semin\u00e1rios e 24 cr\u00e9ditos de Tese. Cada cr\u00e9dito corresponde a quinze (15) horas de aula te\u00f3rica ou atividades equivalentes. As atividades s\u00e3o desenvolvidas durante a semana, nos turnos manh\u00e3 e tarde.[\/vc_column_text][\/vc_column][vc_column width=&#8221;2\/4&#8243;][vc_text_separator title=&#8221;ESTRUTURA DO PROGRAMA&#8221; title_align=&#8221;separator_align_left&#8221;][vc_column_text]<b>\u00c1rea de concentra\u00e7\u00e3o<\/b>: Literatura e Estudos Interculturais<\/p>\n<p><strong>Linhas de Pesquisa<\/strong><\/p>\n<ul>\n<li>Literatura, Mem\u00f3ria e Estudos Culturais: Estudo do texto liter\u00e1rio observando como este veicula forma\u00e7\u00f5es identit\u00e1rias, sobretudo de g\u00eanero, etnia e classe social, bem como experi\u00eancias de vida e mem\u00f3ria, individual e coletiva, refletindo sobre as rela\u00e7\u00f5es de poder implicadas em tais forma\u00e7\u00f5es, com especial interesse pelas formas de di\u00e1logo entre as literaturas erudita e popular.<\/li>\n<\/ul>\n<ul>\n<li>Literatura e Hermen\u00eautica: Estudo do texto liter\u00e1rio em suas complexas rela\u00e7\u00f5es com outros saberes, tais como o mito, a religiosidade, a psican\u00e1lise e a filosofia, visando compreender como os diversos g\u00eaneros da poesia, da narrativa e do drama representam estas rela\u00e7\u00f5es e a busca pela compreens\u00e3o da condi\u00e7\u00e3o humana nestes saberes.<\/li>\n<li>Literatura Comparada e Intermidialidade: Estudo das rela\u00e7\u00f5es entre diferentes literaturas, das formas de di\u00e1logo numa mesma tradi\u00e7\u00e3o liter\u00e1ria nacional e das intera\u00e7\u00f5es entre literatura e outras artes e literatura e outras m\u00eddias, bem como entre as culturas erudita, de massa e popular.<\/li>\n<\/ul>\n<p>[\/vc_column_text][\/vc_column][\/vc_row]<\/p>\n<\/div>","protected":false},"excerpt":{"rendered":"<p>[vc_row gap=&#8221;30&#8243;][vc_column width=&#8221;1\/4&#8243;][vc_text_separator title=&#8221;MESTRADO&#8221; title_align=&#8221;separator_align_left&#8221;][vc_column_text]O Mestrado em Literatura e Interculturalidade tem sua estrutura organizada em dois anos. O primeiro ano \u00e9 dividido em dois semestres, dedicado ao cumprimento dos cr\u00e9ditos em disciplinas. O segundo ano \u00e9 dedicado \u00e0 elabora\u00e7\u00e3o da disserta\u00e7\u00e3o. As atividades s\u00e3o desenvolvidas durante a semana, nos turnos manh\u00e3 e tarde. O n\u00famero <a class=\"leiamais\" href=\"https:\/\/pos-graduacao.uepb.edu.br\/ppgli\/estrutura-dos-cursos\/\">Leia Mais&#8230;<\/a><\/p>\n","protected":false},"author":5,"featured_media":0,"parent":0,"menu_order":0,"comment_status":"open","ping_status":"open","template":"","meta":{"footnotes":""},"class_list":["post-15","page","type-page","status-publish","hentry"],"jetpack_sharing_enabled":true,"_links":{"self":[{"href":"https:\/\/pos-graduacao.uepb.edu.br\/ppgli\/wp-json\/wp\/v2\/pages\/15","targetHints":{"allow":["GET"]}}],"collection":[{"href":"https:\/\/pos-graduacao.uepb.edu.br\/ppgli\/wp-json\/wp\/v2\/pages"}],"about":[{"href":"https:\/\/pos-graduacao.uepb.edu.br\/ppgli\/wp-json\/wp\/v2\/types\/page"}],"author":[{"embeddable":true,"href":"https:\/\/pos-graduacao.uepb.edu.br\/ppgli\/wp-json\/wp\/v2\/users\/5"}],"replies":[{"embeddable":true,"href":"https:\/\/pos-graduacao.uepb.edu.br\/ppgli\/wp-json\/wp\/v2\/comments?post=15"}],"version-history":[{"count":16,"href":"https:\/\/pos-graduacao.uepb.edu.br\/ppgli\/wp-json\/wp\/v2\/pages\/15\/revisions"}],"predecessor-version":[{"id":3818,"href":"https:\/\/pos-graduacao.uepb.edu.br\/ppgli\/wp-json\/wp\/v2\/pages\/15\/revisions\/3818"}],"wp:attachment":[{"href":"https:\/\/pos-graduacao.uepb.edu.br\/ppgli\/wp-json\/wp\/v2\/media?parent=15"}],"curies":[{"name":"wp","href":"https:\/\/api.w.org\/{rel}","templated":true}]}}

<div class="wpb-content-wrapper"><p>[vc_row gap=&#8221;30&#8243;][vc_column width=&#8221;1/4&#8243;][vc_text_separator title=&#8221;MESTRADO&#8221; title_align=&#8221;separator_align_left&#8221;][vc_column_text]O Mestrado em Literatura e Interculturalidade tem sua estrutura organizada em dois anos. O primeiro ano é dividido em dois semestres, dedicado ao cumprimento dos créditos em disciplinas. O segundo ano é dedicado à elaboração da dissertação. As atividades são desenvolvidas durante a semana, nos turnos manhã e tarde. O número de créditos é de 30, sendo 24 em disciplinas e 6 na dissertação. Cada crédito corresponde a quinze (15) horas de aula teórica ou atividades equivalentes.[/vc_column_text][/vc_column][vc_column width=&#8221;1/4&#8243;][vc_text_separator title=&#8221;DOUTORADO&#8221; title_align=&#8221;separator_align_left&#8221;][vc_column_text]O Doutorado em Literatura e Interculturalidade tem sua estrutura organizada em quatro anos, sendo modular semestral, totalizando um mínimo de 06 (seis) semestres correspondentes a 12 (doze) créditos de disciplinas, 12 (doze) créditos de seminários e 24 créditos de Tese. Cada crédito corresponde a quinze (15) horas de aula teórica ou atividades equivalentes. As atividades são desenvolvidas durante a semana, nos turnos manhã e tarde.[/vc_column_text][/vc_column][vc_column width=&#8221;2/4&#8243;][vc_text_separator title=&#8221;ESTRUTURA DO PROGRAMA&#8221; title_align=&#8221;separator_align_left&#8221;][vc_column_text]<b>Área de concentração</b>: Literatura e Estudos Interculturais</p>
<p><strong>Linhas de Pesquisa</strong></p>
<ul>
<li>Literatura, Memória e Estudos Culturais: Estudo do texto literário observando como este veicula formações identitárias, sobretudo de gênero, etnia e classe social, bem como experiências de vida e memória, individual e coletiva, refletindo sobre as relações de poder implicadas em tais formações, com especial interesse pelas formas de diálogo entre as literaturas erudita e popular.</li>
</ul>
<ul>
<li>Literatura e Hermenêutica: Estudo do texto literário em suas complexas relações com outros saberes, tais como o mito, a religiosidade, a psicanálise e a filosofia, visando compreender como os diversos gêneros da poesia, da narrativa e do drama representam estas relações e a busca pela compreensão da condição humana nestes saberes.</li>
<li>Literatura Comparada e Intermidialidade: Estudo das relações entre diferentes literaturas, das formas de diálogo numa mesma tradição literária nacional e das interações entre literatura e outras artes e literatura e outras mídias, bem como entre as culturas erudita, de massa e popular.</li>
</ul>
<p>[/vc_column_text][/vc_column][/vc_row]</p>
</div>

<p>[vc_row gap=&#8221;30&#8243;][vc_column width=&#8221;1/4&#8243;][vc_text_separator title=&#8221;MESTRADO&#8221; title_align=&#8221;separator_align_left&#8221;][vc_column_text]O Mestrado em Literatura e Interculturalidade tem sua estrutura organizada em dois anos. O primeiro ano é dividido em dois semestres, dedicado ao cumprimento dos créditos em disciplinas. O segundo ano é dedicado à elaboração da dissertação. As atividades são desenvolvidas durante a semana, nos turnos manhã e tarde. O número <a class="leiamais" href="https://pos-graduacao.uepb.edu.br/ppgli/estrutura-dos-cursos/">Leia Mais&#8230;</a></p>
