{"id":1352,"date":"2013-10-09T14:16:58","date_gmt":"2013-10-09T14:16:58","guid":{"rendered":"\/ppgli\/?page_id=1352"},"modified":"2025-02-04T08:47:32","modified_gmt":"2025-02-04T11:47:32","slug":"historico","status":"publish","type":"page","link":"https:\/\/pos-graduacao.uepb.edu.br\/ppgli\/historico\/","title":{"rendered":"Hist\u00f3rico"},"content":{"rendered":"<p>O PPGLI surge como tal em 2006, com a cria\u00e7\u00e3o do Mestrado em Literatura e Interculturalidade, embora as ideias embrion\u00e1rias do projeto reportem a 1996, quando se cogitou a cria\u00e7\u00e3o de um curso de p\u00f3s-gradua\u00e7\u00e3o <em>stricto sensu <\/em>que, ent\u00e3o, pudesse atender \u00e0 demanda, no interior da PB, pela forma\u00e7\u00e3o de mestres nas duas sub\u00e1reas fundamentais da forma\u00e7\u00e3o em Letras, isto \u00e9, Lingu\u00edstica e Literatura. Tal processo de cria\u00e7\u00e3o, que tem como base a participa\u00e7\u00e3o inicial de docentes que atuavam no Mestrado Interdisciplinar em Ci\u00eancias da Sociedade, deixa suas marcas na hist\u00f3ria do PPGLI, especialmente na configura\u00e7\u00e3o da linha de pesquisa de Literatura, Mem\u00f3ria e Estudos Culturais, que ainda hoje \u00e9 uma das que congrega o maior n\u00famero de docentes e de trabalhos de conclus\u00e3o defendidos no programa. Com a aprova\u00e7\u00e3o do curso de Doutorado, em 2011, o PPGLI assume, pois, sua configura\u00e7\u00e3o atual, constituindo-se, de fato, num programa de p\u00f3s-gradua\u00e7\u00e3o, n\u00e3o mais apenas num curso de Mestrado.<\/p>\n<p>Hoje o programa conta com tr\u00eas linhas de pesquisa \u2013 Literatura, Mem\u00f3ria e Estudos Culturais; Literatura e Hermen\u00eautica; e Literatura Comparada e Intermidialidade \u2013 cuja abrang\u00eancia acolhe trabalhos voltados para os estudos liter\u00e1rios e suas interfaces com outras artes e \u00e1reas do conhecimento. Desse modo, a configura\u00e7\u00e3o do programa tem ampla ader\u00eancia aos estudos liter\u00e1rios, ao mesmo tempo em que se mostra atenta \u00e0s din\u00e2micas contempor\u00e2neas da \u00e1rea, de modo a contemplar estudos em teoria e cr\u00edtica liter\u00e1ria, literaturas vern\u00e1culas e estrangeiras, estudos comparatistas e abordagens interdisciplinares e transdisciplinares capazes de dialogar com as diversas problem\u00e1ticas do \u00e2mbito dos estudos liter\u00e1rios e interculturais, contemporaneamente, em meio \u00e0s reconfigura\u00e7\u00f5es da pr\u00f3pria literatura e das Humanidades.<\/p>\n<p>Considerando-se o ano de 2011 como baliza, o PPGLI conta atualmente com cerca de 250 disserta\u00e7\u00f5es e teses defendidas, o que mostra seu trajeto de crescimento e consolida\u00e7\u00e3o. H\u00e1 que ressaltar, nesse sentido, que o programa \u00e9 o \u00fanico voltado centralmente aos estudos liter\u00e1rios situado no interior do Estado da Para\u00edba, j\u00e1 que outros existentes s\u00e3o voltados para os estudos da linguagem, do ensino e da literatura, sem que a tomem como objeto de sua especificidade. O programa responde, tamb\u00e9m, a uma demanda de interioriza\u00e7\u00e3o da p\u00f3s-gradua\u00e7\u00e3o nos estudos liter\u00e1rios na Para\u00edba, atendendo n\u00e3o s\u00f3 um p\u00fablico-alvo oriundo do pr\u00f3prio estado, mas tamb\u00e9m de estados circunvizinhos e, mesmo, de outras regi\u00f5es do pa\u00eds.<\/p>\n<p>Do ponto de vista de seu funcionamento, o programa conta hoje com 19 docentes permanentes. Do total, 17 s\u00e3o docentes efetivos da pr\u00f3pria UEPB, provenientes de diferentes campi e departamentos da institui\u00e7\u00e3o. Atualmente, o PPGLI conta com 1 bolsista de Produtividade do CNPq e 1 bolsista de produtividade institucional UEPB.<\/p>\n","protected":false},"excerpt":{"rendered":"<p>O PPGLI surge como tal em 2006, com a cria\u00e7\u00e3o do Mestrado em Literatura e Interculturalidade, embora as ideias embrion\u00e1rias do projeto reportem a 1996, quando se cogitou a cria\u00e7\u00e3o de um curso de p\u00f3s-gradua\u00e7\u00e3o stricto sensu que, ent\u00e3o, pudesse atender \u00e0 demanda, no interior da PB, pela forma\u00e7\u00e3o de mestres nas duas sub\u00e1reas fundamentais <a class=\"leiamais\" href=\"https:\/\/pos-graduacao.uepb.edu.br\/ppgli\/historico\/\">Leia Mais&#8230;<\/a><\/p>\n","protected":false},"author":13,"featured_media":0,"parent":0,"menu_order":0,"comment_status":"open","ping_status":"open","template":"","meta":{"footnotes":""},"class_list":["post-1352","page","type-page","status-publish","hentry"],"jetpack_sharing_enabled":true,"_links":{"self":[{"href":"https:\/\/pos-graduacao.uepb.edu.br\/ppgli\/wp-json\/wp\/v2\/pages\/1352","targetHints":{"allow":["GET"]}}],"collection":[{"href":"https:\/\/pos-graduacao.uepb.edu.br\/ppgli\/wp-json\/wp\/v2\/pages"}],"about":[{"href":"https:\/\/pos-graduacao.uepb.edu.br\/ppgli\/wp-json\/wp\/v2\/types\/page"}],"author":[{"embeddable":true,"href":"https:\/\/pos-graduacao.uepb.edu.br\/ppgli\/wp-json\/wp\/v2\/users\/13"}],"replies":[{"embeddable":true,"href":"https:\/\/pos-graduacao.uepb.edu.br\/ppgli\/wp-json\/wp\/v2\/comments?post=1352"}],"version-history":[{"count":2,"href":"https:\/\/pos-graduacao.uepb.edu.br\/ppgli\/wp-json\/wp\/v2\/pages\/1352\/revisions"}],"predecessor-version":[{"id":5465,"href":"https:\/\/pos-graduacao.uepb.edu.br\/ppgli\/wp-json\/wp\/v2\/pages\/1352\/revisions\/5465"}],"wp:attachment":[{"href":"https:\/\/pos-graduacao.uepb.edu.br\/ppgli\/wp-json\/wp\/v2\/media?parent=1352"}],"curies":[{"name":"wp","href":"https:\/\/api.w.org\/{rel}","templated":true}]}}