{"id":1313,"date":"2013-10-09T11:43:45","date_gmt":"2013-10-09T11:43:45","guid":{"rendered":"\/ppgli\/?page_id=1313"},"modified":"2025-02-04T11:17:13","modified_gmt":"2025-02-04T14:17:13","slug":"projetos-de-pesquisa","status":"publish","type":"page","link":"https:\/\/pos-graduacao.uepb.edu.br\/ppgli\/projetos-de-pesquisa\/","title":{"rendered":"Projetos de Pesquisa"},"content":{"rendered":"<div class=\"wpb-content-wrapper\"><p>[vc_row][vc_column][vc_column_text css=&#8221;&#8221;]Projetos de Pesquisa desenvolvidos pelos docentes do Programa de P\u00f3s-Gradua\u00e7\u00e3o em Literatura e Interculturalidade no quadri\u00eanio 2021-2024:[\/vc_column_text][\/vc_column][\/vc_row][vc_row][vc_column][vc_column_text css=&#8221;&#8221;]<\/p>\n<style type=\"text\/css\">\n.tg  {border-collapse:collapse;border-spacing:0;text-align:left !important;}<br \/>.tg td{border-color:black;border-style:solid;border-width:1px;font-family:Arial, sans-serif;font-size:14px; overflow:hidden;padding:10px 5px;word-break:normal; text-align:left !important;}<br \/>.tg th{border-color:black;border-style:solid;border-width:1px;font-family:Arial, sans-serif;font-size:14px;font-weight:normal; overflow:hidden; padding:10px 5px; word-break:normal; text-align:left !important;}<br \/>.tg .tg-0lax{text-align:left;vertical-align:top}<\/style>\n<table class=\" tg\">\n<thead>\n<tr>\n<th class=\"tg-0lax\"><span style=\"color: black;\">T\u00edtulo<\/span><\/th>\n<th class=\"tg-0lax\" style=\"color: black;\">Linha de pesquisa<\/th>\n<th class=\"tg-0lax\"><span style=\"color: black;\">Coordenador<\/span><\/th>\n<th class=\"tg-0lax\"><span style=\"color: black;\">Situa\u00e7\u00e3o<\/span><\/th>\n<\/tr>\n<\/thead>\n<tbody>\n<tr>\n<td><span style=\"color: black;\">A dissimula\u00e7\u00e3o como estrat\u00e9gia de sobreviv\u00eancia entre os subalternizados<\/span><\/td>\n<td><span style=\"color: black;\">Literatura, mem\u00f3ria e estudos culturais<\/span><\/td>\n<td><span style=\"color: black;\">Francisca Zuleide Duarte de Souza<\/span><\/td>\n<td><span style=\"color: black;\">Conclu\u00eddo<\/span><\/td>\n<\/tr>\n<tr>\n<td><span style=\"color: black;\">A produ\u00e7\u00e3o dramat\u00fargica de W. J. Solha: corpo tipogr\u00e1fico e\u00a0\u00a0\u00a0prospec\u00e7\u00f5es anal\u00edticas (ciclo I: do romance \u00e0 pe\u00e7a)<\/span><\/td>\n<td><span style=\"color: black;\">Literatura comparada e intermidialidade<\/span><\/td>\n<td><span style=\"color: black;\">Di\u00f3genes Andr\u00e9 Vieira Maciel<\/span><\/td>\n<td><span style=\"color: black;\">Em andamento<\/span><\/td>\n<\/tr>\n<tr>\n<td><span style=\"color: black;\">A RELA\u00c7\u00c3O ENTRE INCONSCIENTE E SIGNIFICANTE EM FREUD E LACAN: um\u00a0\u00a0\u00a0estudo preliminar<\/span><\/td>\n<td><span style=\"color: black;\">Literatura e hermen\u00eautica<\/span><\/td>\n<td><span style=\"color: black;\">Reginaldo Oliveira Silva<\/span><\/td>\n<td><span style=\"color: black;\">Em andamento<\/span><\/td>\n<\/tr>\n<tr>\n<td><span style=\"color: black;\">A representa\u00e7\u00e3o da di\u00e1spora nas literaturas africanas e\u00a0\u00a0\u00a0latino-americanas contempor\u00e2neas<\/span><\/td>\n<td><span style=\"color: black;\">Literatura, mem\u00f3ria e estudos culturais<\/span><\/td>\n<td><span style=\"color: black;\">Francisca Zuleide Duarte de Souza<\/span><\/td>\n<td><span style=\"color: black;\">Conclu\u00eddo<\/span><\/td>\n<\/tr>\n<tr>\n<td><span style=\"color: black;\">A trajet\u00f3ria p\u00f3s-autonomista de Josefina Ludmer<\/span><\/td>\n<td><span style=\"color: black;\">Literatura, mem\u00f3ria e estudos culturais<\/span><\/td>\n<td><span style=\"color: black;\">Wanderlan da Silva Alves<\/span><\/td>\n<td><span style=\"color: black;\">Em andamento<\/span><\/td>\n<\/tr>\n<tr>\n<td><span style=\"color: black;\">ABORDAGEM SEMI\u00d3TICA DO TEXTO DE FIC\u00c7\u00c3O: DINAMISMOS SIMBOL\u00d3GICOS E\u00a0\u00a0\u00a0ESCRITURAS DAS MARGENS<\/span><\/td>\n<td><span style=\"color: black;\">Literatura, mem\u00f3ria e estudos culturais<\/span><\/td>\n<td><span style=\"color: black;\">Linduarte Pereira Rodrigues<\/span><\/td>\n<td><span style=\"color: black;\">Em andamento<\/span><\/td>\n<\/tr>\n<tr>\n<td><span style=\"color: black;\">ATUALIZA\u00c7\u00c3O M\u00cdTICA EM G\u00caNEROS DE FIC\u00c7\u00c3O: O MITO COSMOG\u00d4NICO EM\u00a0\u00a0\u00a0ASSASSIN&#8217;S CREED<\/span><\/td>\n<td><span style=\"color: black;\">Literatura, mem\u00f3ria e estudos culturais<\/span><\/td>\n<td><span style=\"color: black;\">Linduarte Pereira Rodrigues<\/span><\/td>\n<td><span style=\"color: black;\">Em andamento<\/span><\/td>\n<\/tr>\n<tr>\n<td><span style=\"color: black;\">Benditas Escritas Transgressoras<\/span><\/td>\n<td><span style=\"color: black;\">Literatura e hermen\u00eautica<\/span><\/td>\n<td><span style=\"color: black;\">Maria Simone Marinho Nogueira<\/span><\/td>\n<td><span style=\"color: black;\">Em andamento<\/span><\/td>\n<\/tr>\n<tr>\n<td><span style=\"color: black;\">CAMINHOS DA LITERATURA AFRO-AMERICANA: MARGINALIDADE, DI\u00c1SPORA,\u00a0\u00a0\u00a0IDENTIDADE E C\u00c2NONE<\/span><\/td>\n<td><span style=\"color: black;\">Literatura comparada e intermidialidade<\/span><\/td>\n<td><span style=\"color: black;\">Sueli Meira Liebig<\/span><\/td>\n<td><span style=\"color: black;\">Conclu\u00eddo<\/span><\/td>\n<\/tr>\n<tr>\n<td><span style=\"color: black;\">CONS\u00d3RCIO DE LITERATURAS NEGRAS DAS AM\u00c9RICAS<\/span><\/td>\n<td><span style=\"color: black;\">Literatura comparada e intermidialidade<\/span><\/td>\n<td><span style=\"color: black;\">Sueli Meira Liebig<\/span><\/td>\n<td><span style=\"color: black;\">Em andamento<\/span><\/td>\n<\/tr>\n<tr>\n<td><span style=\"color: black;\">Do conhecimento \u00e0 ignor\u00e2ncia: uma an\u00e1lise do percurso gerativo de\u00a0\u00a0\u00a0sentido da obra Frankenstein de Mary Shelley<\/span><\/td>\n<td><span style=\"color: black;\">Literatura, mem\u00f3ria e estudos culturais<\/span><\/td>\n<td><span style=\"color: black;\">Linduarte Pereira Rodrigues<\/span><\/td>\n<td><span style=\"color: black;\">Em andamento<\/span><\/td>\n<\/tr>\n<tr>\n<td><span style=\"color: black;\">Do moderno regional na dramaturgia campinense: texto dramat\u00fargico,\u00a0\u00a0\u00a0hist\u00f3ria do espet\u00e1culo e cultura teatral no contexto p\u00f3s-1964<\/span><\/td>\n<td><span style=\"color: black;\">Literatura, mem\u00f3ria e estudos culturais<\/span><\/td>\n<td><span style=\"color: black;\">Di\u00f3genes Andr\u00e9 Vieira Maciel<\/span><\/td>\n<td><span style=\"color: black;\">Conclu\u00eddo<\/span><\/td>\n<\/tr>\n<tr>\n<td><span style=\"color: black;\">Do recalcado ao recalcador: a passagem da primeira para a segunda\u00a0\u00a0\u00a0t\u00f3pica em Sigmund Freud<\/span><\/td>\n<td><span style=\"color: black;\">Literatura e hermen\u00eautica<\/span><\/td>\n<td><span style=\"color: black;\">Reginaldo Oliveira Silva<\/span><\/td>\n<td><span style=\"color: black;\">Conclu\u00eddo<\/span><\/td>\n<\/tr>\n<tr>\n<td><span style=\"color: black;\">ESCRITORAS BRASILEIRAS OITOCENTISTAS: RESGATE, HIST\u00d3RIA E LEITURAS\u00a0\u00a0\u00a0CR\u00cdTICAS<\/span><\/td>\n<td><span style=\"color: black;\">Literatura, mem\u00f3ria e estudos culturais<\/span><\/td>\n<td><span style=\"color: black;\">Marcelo Medeiros da Silva<\/span><\/td>\n<td><span style=\"color: black;\">Em andamento<\/span><\/td>\n<\/tr>\n<tr>\n<td><span style=\"color: black;\">\u00c9tica, literatura e contemporaneidade<\/span><\/td>\n<td><span style=\"color: black;\">Literatura, mem\u00f3ria e estudos culturais<\/span><\/td>\n<td><span style=\"color: black;\">Wanderlan da Silva Alves<\/span><\/td>\n<td><span style=\"color: black;\">Conclu\u00eddo<\/span><\/td>\n<\/tr>\n<tr>\n<td><span style=\"color: black;\">Ficcionaliza\u00e7\u00e3o do processo narrativo na obra de Machado de Assis:\u00a0\u00a0\u00a0Campo Liter\u00e1rio e Vida Social<\/span><\/td>\n<td><span style=\"color: black;\">Literatura, mem\u00f3ria e estudos culturais<\/span><\/td>\n<td><span style=\"color: black;\">Rog\u00e9rio Fernandes dos Santos<\/span><\/td>\n<td><span style=\"color: black;\">Em andamento<\/span><\/td>\n<\/tr>\n<tr>\n<td><span style=\"color: black;\">Forma\u00e7\u00e3o do leitor de textos liter\u00e1rios contempor\u00e2neos<\/span><\/td>\n<td><span style=\"color: black;\">Literatura, mem\u00f3ria e estudos culturais<\/span><\/td>\n<td><span style=\"color: black;\">Ant\u00f4nio de P\u00e1dua Dias da Silva<\/span><\/td>\n<td><span style=\"color: black;\">Em andamento<\/span><\/td>\n<\/tr>\n<tr>\n<td><span style=\"color: black;\">Hibridismos da cr\u00edtica e da literatura: derivas escriturais na Am\u00e9rica\u00a0\u00a0\u00a0Latina no s\u00e9culo XXI<\/span><\/td>\n<td><span style=\"color: black;\">Literatura comparada e intermidialidade<\/span><\/td>\n<td><span style=\"color: black;\">Wanderlan da Silva Alves<\/span><\/td>\n<td><span style=\"color: black;\">Em andamento<\/span><\/td>\n<\/tr>\n<tr>\n<td><span style=\"color: black;\">Literatura de multid\u00e3o e trabalho imaterial: o romance hist\u00f3rico\u00a0\u00a0\u00a0brasileiro contempor\u00e2neo<\/span><\/td>\n<td><span style=\"color: black;\">Literatura, mem\u00f3ria e estudos culturais<\/span><\/td>\n<td><span style=\"color: black;\">Luciano Barbosa Justino<\/span><\/td>\n<td><span style=\"color: black;\">Conclu\u00eddo<\/span><\/td>\n<\/tr>\n<tr>\n<td><span style=\"color: black;\">LITERATURA E PSICAN\u00c1LISE: a incid\u00eancia do significante em Jacques\u00a0\u00a0\u00a0Lacan e Machado de Assis<\/span><\/td>\n<td><span style=\"color: black;\">Literatura e hermen\u00eautica<\/span><\/td>\n<td><span style=\"color: black;\">Reginaldo Oliveira Silva<\/span><\/td>\n<td><span style=\"color: black;\">Em andamento<\/span><\/td>\n<\/tr>\n<tr>\n<td><span style=\"color: black;\">Literaturas fora de si: narrativas impertinentes na fic\u00e7\u00e3o\u00a0\u00a0\u00a0latino-americana contempor\u00e2nea<\/span><\/td>\n<td><span style=\"color: black;\">Literatura comparada e intermidialidade<\/span><\/td>\n<td><span style=\"color: black;\">Wanderlan da Silva Alves<\/span><\/td>\n<td><span style=\"color: black;\">Conclu\u00eddo<\/span><\/td>\n<\/tr>\n<tr>\n<td><span style=\"color: black;\">Logoterapia, literatura e Imagin\u00e1rio<\/span><\/td>\n<td><span style=\"color: black;\">Literatura e hermen\u00eautica<\/span><\/td>\n<td><span style=\"color: black;\">Gilvan de Melo Santos<\/span><\/td>\n<td><span style=\"color: black;\">Em andamento<\/span><\/td>\n<\/tr>\n<tr>\n<td><span style=\"color: black;\">Marguerite Porete e a m\u00edstica feminina como escrita de si<\/span><\/td>\n<td><span style=\"color: black;\">Literatura e hermen\u00eautica<\/span><\/td>\n<td><span style=\"color: black;\">Maria Simone Marinho Nogueira<\/span><\/td>\n<td><span style=\"color: black;\">Conclu\u00eddo<\/span><\/td>\n<\/tr>\n<tr>\n<td><span style=\"color: black;\">Mem\u00f3ria da cena paraibana: historiografia, dramaturgia e encena\u00e7\u00e3o [2\u00aa\u00a0\u00a0\u00a0fase]<\/span><\/td>\n<td><span style=\"color: black;\">Literatura comparada e intermidialidade<\/span><\/td>\n<td><span style=\"color: black;\">Di\u00f3genes Andr\u00e9 Vieira Maciel<\/span><\/td>\n<td><span style=\"color: black;\">Conclu\u00eddo<\/span><\/td>\n<\/tr>\n<tr>\n<td><span style=\"color: black;\">MITO DE IN\u00caS DE CASTRO NAS DRAMATURGIAS BRASILEIRA E PORTUGUESA DE\u00a0\u00a0\u00a0AUTORIA DE MULHERES NA PERSPECTIVA DA INTERCULTURALIDADE E DOS ESTUDOS SOBRE\u00a0\u00a0\u00a0UTOPIA<\/span><\/td>\n<td><span style=\"color: black;\">Literatura, mem\u00f3ria e estudos culturais<\/span><\/td>\n<td><span style=\"color: black;\">Val\u00e9ria Andrade<\/span><\/td>\n<td><span style=\"color: black;\">Em andamento<\/span><\/td>\n<\/tr>\n<tr>\n<td><span style=\"color: black;\">MULHERES M\u00cdSTICAS MEDIEVAIS: REESCREVENDO SUBJETIVIDADES<\/span><\/td>\n<td><span style=\"color: black;\">Literatura e hermen\u00eautica<\/span><\/td>\n<td><span style=\"color: black;\">Maria Simone Marinho Nogueira<\/span><\/td>\n<td><span style=\"color: black;\">Em andamento<\/span><\/td>\n<\/tr>\n<tr>\n<td><span style=\"color: black;\">Mulheres No Romance Hist\u00f3rico Contempor\u00e2neo Portugu\u00eas: Figura\u00e7\u00f5es Da\u00a0\u00a0\u00a0Personagem Feminina<\/span><\/td>\n<td><span style=\"color: black;\">Literatura, mem\u00f3ria e estudos culturais<\/span><\/td>\n<td><span style=\"color: black;\">Aldinida de Medeiros Souza<\/span><\/td>\n<td><span style=\"color: black;\">Em andamento<\/span><\/td>\n<\/tr>\n<tr>\n<td><span style=\"color: black;\">N\u00facleo de Pesquisa em Literaturas Escritas por Mulheres<\/span><\/td>\n<td><span style=\"color: black;\">Literatura comparada e intermidialidade<\/span><\/td>\n<td><span style=\"color: black;\">Sueli Meira Liebig<\/span><\/td>\n<td><span style=\"color: black;\">Em andamento<\/span><\/td>\n<\/tr>\n<tr>\n<td><span style=\"color: black;\">O EX\u00cdLIO NAS LITERATURAS CONTEMPOR\u00c2NEAS DE L\u00cdNGUA PORTUGUESA<\/span><\/td>\n<td><span style=\"color: black;\">Literatura, mem\u00f3ria e estudos culturais<\/span><\/td>\n<td><span style=\"color: black;\">Francisca Zuleide Duarte de Souza<\/span><\/td>\n<td><span style=\"color: black;\">Conclu\u00eddo<\/span><\/td>\n<\/tr>\n<tr>\n<td><span style=\"color: black;\">O FEN\u00d4MENO DA PLASTICIDADE CULTURAL EM NARRATIVAS POPULARES DA\u00a0\u00a0\u00a0LIETARATURA DE CORDEL<\/span><\/td>\n<td><span style=\"color: black;\">Literatura, mem\u00f3ria e estudos culturais<\/span><\/td>\n<td><span style=\"color: black;\">Linduarte Pereira Rodrigues<\/span><\/td>\n<td><span style=\"color: black;\">Em andamento<\/span><\/td>\n<\/tr>\n<tr>\n<td><span style=\"color: black;\">O GRITO DAS LITERATURAS DAS BORDAS SOCIAIS: UM OLHAR PARA AS MOV\u00caNCIAS\u00a0\u00a0\u00a0E PERFORMANCES DOS G\u00caNEROS DA TRADI\u00c7\u00c3O ORAL<\/span><\/td>\n<td><span style=\"color: black;\">Literatura comparada e intermidialidade<\/span><\/td>\n<td><span style=\"color: black;\">Marcelo Vieira da N\u00f3brega<\/span><\/td>\n<td><span style=\"color: black;\">Em andamento<\/span><\/td>\n<\/tr>\n<tr>\n<td><span style=\"color: black;\">O IMAGIN\u00c1RIO NO S\u00c9CULO XXI: VERTENTES, INTERSEC\u00c7\u00d5ES E DI\u00c1LOGOS\u00a0\u00a0\u00a0HERMEN\u00caUTICOS<\/span><\/td>\n<td><span style=\"color: black;\">Literatura e hermen\u00eautica<\/span><\/td>\n<td><span style=\"color: black;\">Geam Karlo Gomes<\/span><\/td>\n<td><span style=\"color: black;\">Em andamento<\/span><\/td>\n<\/tr>\n<tr>\n<td><span style=\"color: black;\">PO\u00c9TICAS DA EXIST\u00caNCIA: INTERDISCURSIVIDADES ENTRE LITERATURA,\u00a0\u00a0\u00a0RELIGI\u00c3O, FILOSOFIA (Fase 2)<\/span><\/td>\n<td><span style=\"color: black;\">Literatura e hermen\u00eautica<\/span><\/td>\n<td><span style=\"color: black;\">Antonio Carlos de Melo Magalh\u00e3es<\/span><\/td>\n<td><span style=\"color: black;\">Em andamento<\/span><\/td>\n<\/tr>\n<tr>\n<td><span style=\"color: black;\">Rastros das atrocidades da ditadura militar no Brasil (1964-1985) na\u00a0\u00a0\u00a0Literatura do s\u00e9x. XXI<\/span><\/td>\n<td><span style=\"color: black;\">Literatura e hermen\u00eautica<\/span><\/td>\n<td><span style=\"color: black;\">Eli Brand\u00e3o da Silva<\/span><\/td>\n<td><span style=\"color: black;\">Em andamento<\/span><\/td>\n<\/tr>\n<tr>\n<td><span style=\"color: black;\">RASTROS INTERDISCURSIVOS DE DESAPARECIDOS PELA DITADURA MILITAR NO\u00a0\u00a0\u00a0BRASIL (1964-1985), NO ROMANCE AINDA ESTOU AQUI, DE MARCELO RUBENS PAIVA<\/span><\/td>\n<td><span style=\"color: black;\">Literatura e hermen\u00eautica<\/span><\/td>\n<td><span style=\"color: black;\">Eli Brand\u00e3o da Silva<\/span><\/td>\n<td><span style=\"color: black;\">Conclu\u00eddo<\/span><\/td>\n<\/tr>\n<tr>\n<td><span style=\"color: black;\">RASTROS INTERDISCURSIVOS EM TORNO DE DESAPARECIDOS PELA DITADURA\u00a0\u00a0\u00a0MILITAR NO BRASIL (1964-1985), NO ROMANCE K. RELATOS DE UMA BUSCA, DE B.\u00a0\u00a0\u00a0KUCINSKI<\/span><\/td>\n<td><span style=\"color: black;\">Literatura e hermen\u00eautica<\/span><\/td>\n<td><span style=\"color: black;\">Eli Brand\u00e3o da Silva<\/span><\/td>\n<td><span style=\"color: black;\">Conclu\u00eddo<\/span><\/td>\n<\/tr>\n<\/tbody>\n<\/table>\n<p>[\/vc_column_text][\/vc_column][\/vc_row]<\/p>\n<\/div>","protected":false},"excerpt":{"rendered":"<p>[vc_row][vc_column][vc_column_text css=&#8221;&#8221;]Projetos de Pesquisa desenvolvidos pelos docentes do Programa de P\u00f3s-Gradua\u00e7\u00e3o em Literatura e Interculturalidade no quadri\u00eanio 2021-2024:[\/vc_column_text][\/vc_column][\/vc_row][vc_row][vc_column][vc_column_text css=&#8221;&#8221;] T\u00edtulo Linha de pesquisa Coordenador Situa\u00e7\u00e3o A dissimula\u00e7\u00e3o como estrat\u00e9gia de sobreviv\u00eancia entre os subalternizados Literatura, mem\u00f3ria e estudos culturais Francisca Zuleide Duarte de Souza Conclu\u00eddo A produ\u00e7\u00e3o dramat\u00fargica de W. J. Solha: corpo tipogr\u00e1fico e\u00a0\u00a0\u00a0prospec\u00e7\u00f5es <a class=\"leiamais\" href=\"https:\/\/pos-graduacao.uepb.edu.br\/ppgli\/projetos-de-pesquisa\/\">Leia Mais&#8230;<\/a><\/p>\n","protected":false},"author":13,"featured_media":0,"parent":0,"menu_order":0,"comment_status":"open","ping_status":"open","template":"","meta":{"footnotes":""},"class_list":["post-1313","page","type-page","status-publish","hentry"],"jetpack_sharing_enabled":true,"_links":{"self":[{"href":"https:\/\/pos-graduacao.uepb.edu.br\/ppgli\/wp-json\/wp\/v2\/pages\/1313","targetHints":{"allow":["GET"]}}],"collection":[{"href":"https:\/\/pos-graduacao.uepb.edu.br\/ppgli\/wp-json\/wp\/v2\/pages"}],"about":[{"href":"https:\/\/pos-graduacao.uepb.edu.br\/ppgli\/wp-json\/wp\/v2\/types\/page"}],"author":[{"embeddable":true,"href":"https:\/\/pos-graduacao.uepb.edu.br\/ppgli\/wp-json\/wp\/v2\/users\/13"}],"replies":[{"embeddable":true,"href":"https:\/\/pos-graduacao.uepb.edu.br\/ppgli\/wp-json\/wp\/v2\/comments?post=1313"}],"version-history":[{"count":40,"href":"https:\/\/pos-graduacao.uepb.edu.br\/ppgli\/wp-json\/wp\/v2\/pages\/1313\/revisions"}],"predecessor-version":[{"id":5492,"href":"https:\/\/pos-graduacao.uepb.edu.br\/ppgli\/wp-json\/wp\/v2\/pages\/1313\/revisions\/5492"}],"wp:attachment":[{"href":"https:\/\/pos-graduacao.uepb.edu.br\/ppgli\/wp-json\/wp\/v2\/media?parent=1313"}],"curies":[{"name":"wp","href":"https:\/\/api.w.org\/{rel}","templated":true}]}}