{"id":1249,"date":"2013-10-09T14:51:57","date_gmt":"2013-10-09T14:51:57","guid":{"rendered":"\/ppgli\/?page_id=1249"},"modified":"2025-02-06T10:36:35","modified_gmt":"2025-02-06T13:36:35","slug":"revista-sociopoetica","status":"publish","type":"page","link":"https:\/\/pos-graduacao.uepb.edu.br\/ppgli\/revista-sociopoetica\/","title":{"rendered":"Revista Sociopo\u00e9tica"},"content":{"rendered":"<p>A revista\u00a0<strong>Sociopo\u00e9tica<\/strong>\u00a0\u00e9 um peri\u00f3dico do Programa de P\u00f3s-gradua\u00e7\u00e3o em Literatura e Intercuturalidade da Universidade Estadual da Para\u00edba, com periodicidade semestral, catalogada sob o ISSN 1980-7856, e \u00e9\u00a0 publicada exclusivamente\u00a0<em>on-line<\/em>.<\/p>\n<p><a href=\"https:\/\/revista.uepb.edu.br\/SOCIOPOETICA\/index\">Clique aqui para acessar a revista Sociopo\u00e9tica<\/a><\/p>\n<p>&nbsp;<\/p>\n","protected":false},"excerpt":{"rendered":"<p>A revista\u00a0Sociopo\u00e9tica\u00a0\u00e9 um peri\u00f3dico do Programa de P\u00f3s-gradua\u00e7\u00e3o em Literatura e Intercuturalidade da Universidade Estadual da Para\u00edba, com periodicidade semestral, catalogada sob o ISSN 1980-7856, e \u00e9\u00a0 publicada exclusivamente\u00a0on-line. Clique aqui para acessar a revista Sociopo\u00e9tica &nbsp;<\/p>\n","protected":false},"author":13,"featured_media":0,"parent":0,"menu_order":0,"comment_status":"open","ping_status":"open","template":"","meta":{"footnotes":""},"class_list":["post-1249","page","type-page","status-publish","hentry"],"jetpack_sharing_enabled":true,"_links":{"self":[{"href":"https:\/\/pos-graduacao.uepb.edu.br\/ppgli\/wp-json\/wp\/v2\/pages\/1249","targetHints":{"allow":["GET"]}}],"collection":[{"href":"https:\/\/pos-graduacao.uepb.edu.br\/ppgli\/wp-json\/wp\/v2\/pages"}],"about":[{"href":"https:\/\/pos-graduacao.uepb.edu.br\/ppgli\/wp-json\/wp\/v2\/types\/page"}],"author":[{"embeddable":true,"href":"https:\/\/pos-graduacao.uepb.edu.br\/ppgli\/wp-json\/wp\/v2\/users\/13"}],"replies":[{"embeddable":true,"href":"https:\/\/pos-graduacao.uepb.edu.br\/ppgli\/wp-json\/wp\/v2\/comments?post=1249"}],"version-history":[{"count":9,"href":"https:\/\/pos-graduacao.uepb.edu.br\/ppgli\/wp-json\/wp\/v2\/pages\/1249\/revisions"}],"predecessor-version":[{"id":5515,"href":"https:\/\/pos-graduacao.uepb.edu.br\/ppgli\/wp-json\/wp\/v2\/pages\/1249\/revisions\/5515"}],"wp:attachment":[{"href":"https:\/\/pos-graduacao.uepb.edu.br\/ppgli\/wp-json\/wp\/v2\/media?parent=1249"}],"curies":[{"name":"wp","href":"https:\/\/api.w.org\/{rel}","templated":true}]}}