{"id":2124,"date":"2023-11-13T12:33:13","date_gmt":"2023-11-13T12:33:13","guid":{"rendered":"https:\/\/pos-graduacao.uepb.edu.br\/ppgfp\/?page_id=2124"},"modified":"2025-02-11T16:57:15","modified_gmt":"2025-02-11T16:57:15","slug":"pagina-inicial","status":"publish","type":"page","link":"https:\/\/pos-graduacao.uepb.edu.br\/ppgfp\/","title":{"rendered":"P\u00e1gina Inicial"},"content":{"rendered":"<div class=\"wpb-content-wrapper\"><p>[vc_row full_width=&#8221;stretch_row_content_no_spaces&#8221;][vc_column css=&#8221;.vc_custom_1717609253222{padding-bottom: 30px !important;}&#8221;][vc_single_image image=&#8221;3003&#8243; img_size=&#8221;full&#8221; css=&#8221;&#8221;][\/vc_column][\/vc_row][vc_row gap=&#8221;30&#8243;][vc_column width=&#8221;2\/3&#8243;][vc_text_separator title=&#8221;\u00daltimas Not\u00edcias&#8221; i_icon_fontawesome=&#8221;fas fa-angle-double-right&#8221; i_color=&#8221;custom&#8221; title_align=&#8221;separator_align_left&#8221; css=&#8221;&#8221; add_icon=&#8221;true&#8221; i_custom_color=&#8221;#cc0000&#8243;]<div class=\"mdl-grid\"><div class=\"mdl-cell--6-col mdl-cell--6-col-tablet mdl-cell--12-col-phone bloco-noticias\"><div class=\"titulo-noticia-widget\"><a href=\"https:\/\/pos-graduacao.uepb.edu.br\/ppgfp\/resultado-final-relacao-de-candidatos-aprovados-turma-2026-1\/\"><h3 class=\"titulo-destaque-noticia\">Resultado Final \u2013 Rela\u00e7\u00e3o de Candidatos Aprovados (Turma 2026.1)<\/h3><\/a><\/div><div class=\"titulo-noticia-widget\"><a href=\"https:\/\/pos-graduacao.uepb.edu.br\/ppgfp\/comunicado-6\/\"><h3 class=\"titulo-destaque-noticia\">Comunicado<\/h3><\/a><\/div><div class=\"titulo-noticia-widget\"><a href=\"https:\/\/pos-graduacao.uepb.edu.br\/ppgfp\/resultado-do-recurso-das-afericoes-da-banca-especifica-de-heteroidentificacao-selecao-turma-2026-1\/\"><h3 class=\"titulo-destaque-noticia\">RESULTADO DO RECURSO DAS AFERI\u00c7\u00d5ES DA BANCA ESPEC\u00cdFICA DE HETEROIDENTIFICA\u00c7\u00c3O \u2013 SELE\u00c7\u00c3O TURMA 2026.1.<\/h3><\/a><\/div><div class=\"titulo-noticia-widget\"><a href=\"https:\/\/pos-graduacao.uepb.edu.br\/ppgfp\/resultado-das-afericoes-da-banca-especifica-de-heteroidentificacao-selecao-turma-2026-1\/\"><h3 class=\"titulo-destaque-noticia\">RESULTADO DAS AFERI\u00c7\u00d5ES DA BANCA ESPEC\u00cdFICA DE HETEROIDENTIFICA\u00c7\u00c3O \u2013 SELE\u00c7\u00c3O TURMA 2026.1<\/h3><\/a><\/div><div class=\"titulo-noticia-widget\"><a href=\"https:\/\/pos-graduacao.uepb.edu.br\/ppgfp\/resultado-dos-recursos-das-entrevistas-e-da-arguicao-sobre-o-projeto-e-a-proposta-de-produto-educacional-para-selecao-da-turma-2026-1\/\"><h3 class=\"titulo-destaque-noticia\">RESULTADO DOS RECURSOS DAS ENTREVISTAS E DA ARGUI\u00c7\u00c3O SOBRE O PROJETO E A PROPOSTA DE PRODUTO EDUCACIONAL PARA SELE\u00c7\u00c3O DA TURMA 2026.1.<\/h3><\/a><\/div><\/div><div class=\"mdl-cell--6-col mdl-cell--6-col-tablet mdl-cell--12-col-phone bloco-noticias\"><div class=\"titulo-noticia-widget\"><a href=\"https:\/\/pos-graduacao.uepb.edu.br\/ppgfp\/resultado-das-entrevistas-e-da-arguicao-sobre-o-projeto-e-a-proposta-de-produto-educacional-para-a-selecao-da-turma-2026-1\/\"><h3 class=\"titulo-destaque-noticia\">RESULTADO DAS ENTREVISTAS E DA ARGUI\u00c7\u00c3O SOBRE O PROJETO E A PROPOSTA DE PRODUTO EDUCACIONAL PARA A SELE\u00c7\u00c3O DA TURMA 2026.1.<\/h3><\/a><\/div><div class=\"titulo-noticia-widget\"><a href=\"https:\/\/pos-graduacao.uepb.edu.br\/ppgfp\/a-coordenacao-do-programa-de-pos-graduacao-em-formacao-de-professores-ppgfp-torna-publico-a-defesa-de-dissertacao-doa-mestrandoa-andrea-cristina-do-nascimento-monteiro-souto\/\"><h3 class=\"titulo-destaque-noticia\">A Coordena\u00e7\u00e3o do Programa de P\u00f3s-Gradua\u00e7\u00e3o em Forma\u00e7\u00e3o de Professores \u2013 PPGFP torna p\u00fablico a Defesa de Disserta\u00e7\u00e3o do(a) Mestrando(a): Andr\u00e9a Cristina do Nascimento Monteiro Souto.<\/h3><\/a><\/div><div class=\"titulo-noticia-widget\"><a href=\"https:\/\/pos-graduacao.uepb.edu.br\/ppgfp\/a-coordenacao-do-programa-de-pos-graduacao-em-formacao-de-professores-ppgfp-torna-publico-a-defesa-de-dissertacao-doa-mestrandoa-isabelly-karoline-da-silva-miguel\/\"><h3 class=\"titulo-destaque-noticia\">A Coordena\u00e7\u00e3o do Programa de P\u00f3s-Gradua\u00e7\u00e3o em Forma\u00e7\u00e3o de Professores \u2013 PPGFP torna p\u00fablico a Defesa de Disserta\u00e7\u00e3o do(a) Mestrando(a): Isabelly Karoline da Silva Miguel.<\/h3><\/a><\/div><div class=\"titulo-noticia-widget\"><a href=\"https:\/\/pos-graduacao.uepb.edu.br\/ppgfp\/resultado-final-do-processo-eleitoral-para-escolha-da-nova-coordenacao-do-ppgfp\/\"><h3 class=\"titulo-destaque-noticia\">RESULTADO FINAL DO PROCESSO ELEITORAL PARA ESCOLHA DA NOVA COORDENA\u00c7\u00c3O DO PPGFP.<\/h3><\/a><\/div><div class=\"titulo-noticia-widget\"><a href=\"https:\/\/pos-graduacao.uepb.edu.br\/ppgfp\/cronograma-das-entrevistas-e-arguicao-sobre-o-projeto-e-a-proposta-de-produto-educacional-para-selecao-da-turma-2026-1\/\"><h3 class=\"titulo-destaque-noticia\">CRONOGRAMA DAS ENTREVISTAS, E ARGUI\u00c7\u00c3O SOBRE O PROJETO E A PROPOSTA DE PRODUTO EDUCACIONAL PARA SELE\u00c7\u00c3O DA TURMA 2026.1.<\/h3><\/a><\/div><\/div><\/div>[vc_text_separator title=&#8221;Sele\u00e7\u00f5es e Editais&#8221; i_icon_fontawesome=&#8221;fas fa-angle-double-right&#8221; i_color=&#8221;custom&#8221; title_align=&#8221;separator_align_left&#8221; add_icon=&#8221;true&#8221; i_custom_color=&#8221;#cc0000&#8243;][vc_column_text css=&#8221;.vc_custom_1739293220765{margin-left: 10px !important;}&#8221;]<div class='w3eden'>\n    <div class=''>\n\n        \n        <div id=\"content_wpdm_package_1\">\n            <div class='row'><div class='col-lg-12 col-md-6 col-12'><!-- WPDM Link Template: Default Template -->\n\n<div class=\"link-template-default card mb-2\">\n    <div class=\"card-body\">\n        <div class=\"media\">\n            <div class=\"mr-3 img-48\"><img decoding=\"async\" class=\"wpdm_icon\" alt=\"\u00edcone\" src=\"https:\/\/pos-graduacao.uepb.edu.br\/ppgfp\/wp-content\/plugins\/download-manager\/assets\/file-type-icons\/pdf.svg\" \/><\/div>\n            <div class=\"media-body\">\n                <h3 class=\"package-title\"><a href='https:\/\/pos-graduacao.uepb.edu.br\/ppgfp\/download\/resultado-final-relacao-de-candidatos-aprovados-turma-2026-1\/'>Resultado Final \u2013 Rela\u00e7\u00e3o de Candidatos Aprovados (Turma 2026.1)<\/a><\/h3>\n                <div class=\"text-muted text-small\"><i class=\"fas fa-copy\"><\/i> 1  arquivo(s) <i class=\"fas fa-hdd ml-3\"><\/i> 63.23 KB<\/div>\n            <\/div>\n            <div class=\"ml-3\">\n                <a class='wpdm-download-link btn btn-primary ' rel='nofollow' href='https:\/\/pos-graduacao.uepb.edu.br\/ppgfp\/download\/resultado-final-relacao-de-candidatos-aprovados-turma-2026-1\/?wpdmdl=3703&refresh=69dec3322395f1776206642'>Download<\/a>\n            <\/div>\n        <\/div>\n    <\/div>\n<\/div>\n\n<\/div><div class='col-lg-12 col-md-6 col-12'><!-- WPDM Link Template: Default Template -->\n\n<div class=\"link-template-default card mb-2\">\n    <div class=\"card-body\">\n        <div class=\"media\">\n            <div class=\"mr-3 img-48\"><img decoding=\"async\" class=\"wpdm_icon\" alt=\"\u00edcone\" src=\"https:\/\/pos-graduacao.uepb.edu.br\/ppgfp\/wp-content\/plugins\/download-manager\/assets\/file-type-icons\/pdf.svg\" \/><\/div>\n            <div class=\"media-body\">\n                <h3 class=\"package-title\"><a href='https:\/\/pos-graduacao.uepb.edu.br\/ppgfp\/download\/resultado-do-recurso-das-afericoes-da-banca-especifica-de-heteroidentificacao-selecao-turma-2026-1-2\/'>RESULTADO DO RECURSO DAS AFERI\u00c7\u00d5ES DA BANCA ESPEC\u00cdFICA DE HETEROIDENTIFICA\u00c7\u00c3O \u2013 SELE\u00c7\u00c3O TURMA 2026.1<\/a><\/h3>\n                <div class=\"text-muted text-small\"><i class=\"fas fa-copy\"><\/i> 1  arquivo(s) <i class=\"fas fa-hdd ml-3\"><\/i> 221.95 KB<\/div>\n            <\/div>\n            <div class=\"ml-3\">\n                <a class='wpdm-download-link btn btn-primary ' rel='nofollow' href='https:\/\/pos-graduacao.uepb.edu.br\/ppgfp\/download\/resultado-do-recurso-das-afericoes-da-banca-especifica-de-heteroidentificacao-selecao-turma-2026-1-2\/?wpdmdl=3697&refresh=69dec33236ac51776206642'>Download<\/a>\n            <\/div>\n        <\/div>\n    <\/div>\n<\/div>\n\n<\/div><div class='col-lg-12 col-md-6 col-12'><!-- WPDM Link Template: Default Template -->\n\n<div class=\"link-template-default card mb-2\">\n    <div class=\"card-body\">\n        <div class=\"media\">\n            <div class=\"mr-3 img-48\"><img decoding=\"async\" class=\"wpdm_icon\" alt=\"\u00edcone\" src=\"https:\/\/pos-graduacao.uepb.edu.br\/ppgfp\/wp-content\/plugins\/download-manager\/assets\/file-type-icons\/pdf.svg\" \/><\/div>\n            <div class=\"media-body\">\n                <h3 class=\"package-title\"><a href='https:\/\/pos-graduacao.uepb.edu.br\/ppgfp\/download\/resultado-do-recurso-das-afericoes-da-banca-especifica-de-heteroidentificacao-selecao-turma-2026-1\/'>RESULTADO DO RECURSO DAS AFERI\u00c7\u00d5ES DA BANCA ESPEC\u00cdFICA DE HETEROIDENTIFICA\u00c7\u00c3O \u2013 SELE\u00c7\u00c3O TURMA 2026.1.<\/a><\/h3>\n                <div class=\"text-muted text-small\"><i class=\"fas fa-copy\"><\/i> 1  arquivo(s) <i class=\"fas fa-hdd ml-3\"><\/i> 221.95 KB<\/div>\n            <\/div>\n            <div class=\"ml-3\">\n                <a class='wpdm-download-link btn btn-primary ' rel='nofollow' href='https:\/\/pos-graduacao.uepb.edu.br\/ppgfp\/download\/resultado-do-recurso-das-afericoes-da-banca-especifica-de-heteroidentificacao-selecao-turma-2026-1\/?wpdmdl=3693&refresh=69dec332375911776206642'>Download<\/a>\n            <\/div>\n        <\/div>\n    <\/div>\n<\/div>\n\n<\/div><div class='col-lg-12 col-md-6 col-12'><!-- WPDM Link Template: Default Template -->\n\n<div class=\"link-template-default card mb-2\">\n    <div class=\"card-body\">\n        <div class=\"media\">\n            <div class=\"mr-3 img-48\"><img decoding=\"async\" class=\"wpdm_icon\" alt=\"\u00edcone\" src=\"https:\/\/pos-graduacao.uepb.edu.br\/ppgfp\/wp-content\/plugins\/download-manager\/assets\/file-type-icons\/pdf.svg\" \/><\/div>\n            <div class=\"media-body\">\n                <h3 class=\"package-title\"><a href='https:\/\/pos-graduacao.uepb.edu.br\/ppgfp\/download\/resultado-dos-recursos-das-entrevistas-sobre-os-projetos-de-pesquisas-e-arguicao\/'>RESULTADO DOS RECURSOS DAS ENTREVISTAS SOBRE OS PROJETOS DE PESQUISAS E ARGUI\u00c7\u00c3O.<\/a><\/h3>\n                <div class=\"text-muted text-small\"><i class=\"fas fa-copy\"><\/i> 1  arquivo(s) <i class=\"fas fa-hdd ml-3\"><\/i> 106.76 KB<\/div>\n            <\/div>\n            <div class=\"ml-3\">\n                <a class='wpdm-download-link btn btn-primary ' rel='nofollow' href='https:\/\/pos-graduacao.uepb.edu.br\/ppgfp\/download\/resultado-dos-recursos-das-entrevistas-sobre-os-projetos-de-pesquisas-e-arguicao\/?wpdmdl=3682&refresh=69dec332380061776206642'>Download<\/a>\n            <\/div>\n        <\/div>\n    <\/div>\n<\/div>\n\n<\/div><div class='col-lg-12 col-md-6 col-12'><!-- WPDM Link Template: Default Template -->\n\n<div class=\"link-template-default card mb-2\">\n    <div class=\"card-body\">\n        <div class=\"media\">\n            <div class=\"mr-3 img-48\"><img decoding=\"async\" class=\"wpdm_icon\" alt=\"\u00edcone\" src=\"https:\/\/pos-graduacao.uepb.edu.br\/ppgfp\/wp-content\/plugins\/download-manager\/assets\/file-type-icons\/pdf.svg\" \/><\/div>\n            <div class=\"media-body\">\n                <h3 class=\"package-title\"><a href='https:\/\/pos-graduacao.uepb.edu.br\/ppgfp\/download\/resultado-das-entrevistas-e-da-arguicao-sobre-o-projeto-e-a-proposta-de-produto-educacional-para-a-selecao-da-turma-2026-1\/'>RESULTADO DAS ENTREVISTAS E DA ARGUI\u00c7\u00c3O SOBRE O PROJETO E A PROPOSTA DE PRODUTO EDUCACIONAL PARA A SELE\u00c7\u00c3O DA TURMA 2026.1.<\/a><\/h3>\n                <div class=\"text-muted text-small\"><i class=\"fas fa-copy\"><\/i> 1  arquivo(s) <i class=\"fas fa-hdd ml-3\"><\/i> 113.00 KB<\/div>\n            <\/div>\n            <div class=\"ml-3\">\n                <a class='wpdm-download-link btn btn-primary ' rel='nofollow' href='https:\/\/pos-graduacao.uepb.edu.br\/ppgfp\/download\/resultado-das-entrevistas-e-da-arguicao-sobre-o-projeto-e-a-proposta-de-produto-educacional-para-a-selecao-da-turma-2026-1\/?wpdmdl=3677&refresh=69dec33238a411776206642'>Download<\/a>\n            <\/div>\n        <\/div>\n    <\/div>\n<\/div>\n\n<\/div><\/div>            <div style='clear:both'><\/div><div class='text-center'><ul class='pagination wpdm-pagination pagination-centered text-center'><li><span aria-current=\"page\" class=\"page-numbers current\">1<\/span><\/li><li><a data-container='#content_wpdm_package_1' class=\"page-numbers\" href=\"https:\/\/pos-graduacao.uepb.edu.br\/ppgfp\/wp-json\/wp\/v2\/pages\/2124\/?cp=2\">2<\/a><\/li><li><a data-container='#content_wpdm_package_1' class=\"page-numbers\" href=\"https:\/\/pos-graduacao.uepb.edu.br\/ppgfp\/wp-json\/wp\/v2\/pages\/2124\/?cp=3\">3<\/a><\/li><li><span class=\"page-numbers dots\">&hellip;<\/span><\/li><li><a data-container='#content_wpdm_package_1' class=\"page-numbers\" href=\"https:\/\/pos-graduacao.uepb.edu.br\/ppgfp\/wp-json\/wp\/v2\/pages\/2124\/?cp=23\">23<\/a><\/li><li><a data-container='#content_wpdm_package_1' class=\"page-numbers\" href=\"https:\/\/pos-graduacao.uepb.edu.br\/ppgfp\/wp-json\/wp\/v2\/pages\/2124\/?cp=24\">24<\/a><\/li><li><a data-container='#content_wpdm_package_1' class=\"next page-numbers\" href=\"https:\/\/pos-graduacao.uepb.edu.br\/ppgfp\/wp-json\/wp\/v2\/pages\/2124\/?cp=2\"> <i style=\"display: inline-block;width: 8px;height: 8px;border-right: 2px solid;border-top: 2px solid;transform: rotate(45deg);margin-left: -2px;margin-top: -2px;\"><\/i> <\/a><\/li><\/ul><\/div><div style='clear:both'><\/div>        <\/div>\n\n        <div style='clear:both'><\/div>\n    <\/div>\n<\/div>\n[\/vc_column_text][\/vc_column][vc_column width=&#8221;1\/3&#8243;][vc_text_separator title=&#8221;Traduza esta p\u00e1gina&#8221; i_icon_fontawesome=&#8221;fas fa-angle-double-right&#8221; i_color=&#8221;custom&#8221; title_align=&#8221;separator_align_left&#8221; add_icon=&#8221;true&#8221; i_custom_color=&#8221;#cc0000&#8243;][vc_column_text css=&#8221;.vc_custom_1718796809547{margin-left: 15px !important;}&#8221;]<div class=\"gtranslate_wrapper\" id=\"gt-wrapper-65912064\"><\/div>[\/vc_column_text][vc_text_separator title=&#8221;Links \u00dateis&#8221; i_icon_fontawesome=&#8221;fas fa-angle-double-right&#8221; i_color=&#8221;custom&#8221; title_align=&#8221;separator_align_left&#8221; add_icon=&#8221;true&#8221; i_custom_color=&#8221;#cc0000&#8243;][vc_btn title=&#8221;Calend\u00e1rios&#8221; style=&#8221;flat&#8221; shape=&#8221;square&#8221; color=&#8221;primary&#8221; size=&#8221;lg&#8221; align=&#8221;left&#8221; css=&#8221;.vc_custom_1717608413670{margin-bottom: 10px !important;}&#8221; button_block=&#8221;true&#8221; link=&#8221;url:https%3A%2F%2Fpos-graduacao.uepb.edu.br%2Fppgfp%2Fcalendarios%2F&#8221;][vc_btn title=&#8221;Downloads&#8221; style=&#8221;flat&#8221; shape=&#8221;square&#8221; color=&#8221;primary&#8221; size=&#8221;lg&#8221; align=&#8221;left&#8221; css=&#8221;.vc_custom_1717608420356{margin-bottom: 10px !important;}&#8221; button_block=&#8221;true&#8221; link=&#8221;url:https%3A%2F%2Fpos-graduacao.uepb.edu.br%2Fppgfp%2Fdownloads%2F&#8221;][vc_btn title=&#8221;CAPES&#8221; style=&#8221;flat&#8221; shape=&#8221;square&#8221; color=&#8221;primary&#8221; size=&#8221;lg&#8221; align=&#8221;left&#8221; css=&#8221;.vc_custom_1717608466283{margin-bottom: 10px !important;}&#8221; button_block=&#8221;true&#8221; link=&#8221;url:http%3A%2F%2Fwww.capes.gov.br%2F|target:_blank&#8221;][vc_btn title=&#8221;CNPQ&#8221; style=&#8221;flat&#8221; shape=&#8221;square&#8221; color=&#8221;primary&#8221; size=&#8221;lg&#8221; align=&#8221;left&#8221; css=&#8221;.vc_custom_1717608473996{margin-bottom: 10px !important;}&#8221; button_block=&#8221;true&#8221; link=&#8221;url:http%3A%2F%2Fcnpq.br%2F|target:_blank&#8221;][vc_btn title=&#8221;Editais&#8221; style=&#8221;flat&#8221; shape=&#8221;square&#8221; color=&#8221;primary&#8221; size=&#8221;lg&#8221; align=&#8221;left&#8221; css=&#8221;.vc_custom_1717608481410{margin-bottom: 10px !important;}&#8221; button_block=&#8221;true&#8221; link=&#8221;url:https%3A%2F%2Fpos-graduacao.uepb.edu.br%2Fppgfp%2Feditais%2F&#8221;][vc_btn title=&#8221;Lattes&#8221; style=&#8221;flat&#8221; shape=&#8221;square&#8221; color=&#8221;primary&#8221; size=&#8221;lg&#8221; align=&#8221;left&#8221; css=&#8221;.vc_custom_1717608486810{margin-bottom: 10px !important;}&#8221; button_block=&#8221;true&#8221; link=&#8221;url:http%3A%2F%2Flattes.cnpq.br%2F&#8221;][vc_btn title=&#8221;Peri\u00f3dicos Capes&#8221; style=&#8221;flat&#8221; shape=&#8221;square&#8221; color=&#8221;primary&#8221; size=&#8221;lg&#8221; align=&#8221;left&#8221; css=&#8221;.vc_custom_1717608493322{margin-bottom: 10px !important;}&#8221; button_block=&#8221;true&#8221; link=&#8221;url:http%3A%2F%2Fwww.periodicos.capes.gov.br%2F&#8221;][vc_btn title=&#8221;PRPGP&#8221; style=&#8221;flat&#8221; shape=&#8221;square&#8221; color=&#8221;primary&#8221; size=&#8221;lg&#8221; align=&#8221;left&#8221; css=&#8221;.vc_custom_1717608498455{margin-bottom: 10px !important;}&#8221; button_block=&#8221;true&#8221; link=&#8221;url:http%3A%2F%2Fprpgp.uepb.edu.br%2F&#8221;][\/vc_column][\/vc_row]<\/p>\n<\/div>","protected":false},"excerpt":{"rendered":"<p>[vc_row full_width=&#8221;stretch_row_content_no_spaces&#8221;][vc_column css=&#8221;.vc_custom_1717609253222{padding-bottom: 30px !important;}&#8221;][vc_single_image image=&#8221;3003&#8243; img_size=&#8221;full&#8221; css=&#8221;&#8221;][\/vc_column][\/vc_row][vc_row gap=&#8221;30&#8243;][vc_column width=&#8221;2\/3&#8243;][vc_text_separator title=&#8221;\u00daltimas Not\u00edcias&#8221; i_icon_fontawesome=&#8221;fas fa-angle-double-right&#8221; i_color=&#8221;custom&#8221; title_align=&#8221;separator_align_left&#8221; css=&#8221;&#8221; add_icon=&#8221;true&#8221; i_custom_color=&#8221;#cc0000&#8243;][vc_text_separator title=&#8221;Sele\u00e7\u00f5es e Editais&#8221; i_icon_fontawesome=&#8221;fas fa-angle-double-right&#8221; i_color=&#8221;custom&#8221; title_align=&#8221;separator_align_left&#8221; add_icon=&#8221;true&#8221; i_custom_color=&#8221;#cc0000&#8243;][vc_column_text css=&#8221;.vc_custom_1739293220765{margin-left: 10px !important;}&#8221;][\/vc_column_text][\/vc_column][vc_column width=&#8221;1\/3&#8243;][vc_text_separator title=&#8221;Traduza esta p\u00e1gina&#8221; i_icon_fontawesome=&#8221;fas fa-angle-double-right&#8221; i_color=&#8221;custom&#8221; title_align=&#8221;separator_align_left&#8221; add_icon=&#8221;true&#8221; i_custom_color=&#8221;#cc0000&#8243;][vc_column_text css=&#8221;.vc_custom_1718796809547{margin-left: 15px !important;}&#8221;][\/vc_column_text][vc_text_separator title=&#8221;Links \u00dateis&#8221; i_icon_fontawesome=&#8221;fas fa-angle-double-right&#8221; i_color=&#8221;custom&#8221; title_align=&#8221;separator_align_left&#8221; add_icon=&#8221;true&#8221; i_custom_color=&#8221;#cc0000&#8243;][vc_btn title=&#8221;Calend\u00e1rios&#8221; style=&#8221;flat&#8221; shape=&#8221;square&#8221; <a class=\"leiamais\" href=\"https:\/\/pos-graduacao.uepb.edu.br\/ppgfp\/\">Leia Mais&#8230;<\/a><\/p>\n","protected":false},"author":34,"featured_media":0,"parent":0,"menu_order":0,"comment_status":"closed","ping_status":"closed","template":"","meta":{"footnotes":""},"class_list":["post-2124","page","type-page","status-publish","hentry"],"_links":{"self":[{"href":"https:\/\/pos-graduacao.uepb.edu.br\/ppgfp\/wp-json\/wp\/v2\/pages\/2124","targetHints":{"allow":["GET"]}}],"collection":[{"href":"https:\/\/pos-graduacao.uepb.edu.br\/ppgfp\/wp-json\/wp\/v2\/pages"}],"about":[{"href":"https:\/\/pos-graduacao.uepb.edu.br\/ppgfp\/wp-json\/wp\/v2\/types\/page"}],"author":[{"embeddable":true,"href":"https:\/\/pos-graduacao.uepb.edu.br\/ppgfp\/wp-json\/wp\/v2\/users\/34"}],"replies":[{"embeddable":true,"href":"https:\/\/pos-graduacao.uepb.edu.br\/ppgfp\/wp-json\/wp\/v2\/comments?post=2124"}],"version-history":[{"count":28,"href":"https:\/\/pos-graduacao.uepb.edu.br\/ppgfp\/wp-json\/wp\/v2\/pages\/2124\/revisions"}],"predecessor-version":[{"id":3263,"href":"https:\/\/pos-graduacao.uepb.edu.br\/ppgfp\/wp-json\/wp\/v2\/pages\/2124\/revisions\/3263"}],"wp:attachment":[{"href":"https:\/\/pos-graduacao.uepb.edu.br\/ppgfp\/wp-json\/wp\/v2\/media?parent=2124"}],"curies":[{"name":"wp","href":"https:\/\/api.w.org\/{rel}","templated":true}]}}