{"id":13,"date":"2011-11-07T13:36:14","date_gmt":"2011-11-07T13:36:14","guid":{"rendered":"http:\/\/pos-graduacao.ascom.uepb.edu.br\/ppgfp\/?page_id=13"},"modified":"2026-03-12T16:48:03","modified_gmt":"2026-03-12T16:48:03","slug":"corpo-docente","status":"publish","type":"page","link":"https:\/\/pos-graduacao.uepb.edu.br\/ppgfp\/corpo-docente\/","title":{"rendered":"Corpo Docente"},"content":{"rendered":"<div class=\"wpb-content-wrapper\"><p>[vc_row][vc_column][vc_text_separator title=&#8221;Professores vinculados ao Programa de P\u00f3s-Gradua\u00e7\u00e3o em Forma\u00e7\u00e3o de Professores&#8221; i_icon_fontawesome=&#8221;fas fa-angle-double-right&#8221; i_color=&#8221;custom&#8221; title_align=&#8221;separator_align_left&#8221; add_icon=&#8221;true&#8221; i_custom_color=&#8221;#cc0000&#8243;][\/vc_column][\/vc_row][vc_row gap=&#8221;30&#8243;][vc_column width=&#8221;1\/3&#8243;][vc_row_inner][vc_column_inner width=&#8221;1\/4&#8243;][vc_single_image image=&#8221;3634&#8243; img_size=&#8221;100&#215;133&#8243; alignment=&#8221;center&#8221; style=&#8221;vc_box_border_circle_2&#8243; border_color=&#8221;sky&#8221; css=&#8221;&#8221;][\/vc_column_inner][vc_column_inner width=&#8221;3\/4&#8243;][vc_column_text css=&#8221;&#8221;]<a href=\"https:\/\/lattes.cnpq.br\/7383304640840934\" target=\"_blank\" rel=\"noopener\"><strong>Alcidesio Oliveira da Silva Junior<\/strong><\/a><br \/>\nE-mail: alcidesio.junior@servidor.uepb.edu.br<br \/>\nLinha de pesquisa: \u00a0Linguagens, Culturas e Forma\u00e7\u00e3o Docente[\/vc_column_text][\/vc_column_inner][\/vc_row_inner][\/vc_column][vc_column width=&#8221;1\/3&#8243;][vc_row_inner][vc_column_inner width=&#8221;1\/4&#8243;][vc_single_image image=&#8221;3194&#8243; img_size=&#8221;100&#215;133&#8243; alignment=&#8221;center&#8221; style=&#8221;vc_box_border_circle_2&#8243; border_color=&#8221;sky&#8221; css=&#8221;&#8221;][\/vc_column_inner][vc_column_inner width=&#8221;3\/4&#8243;][vc_column_text css=&#8221;&#8221;]<a href=\"http:\/\/lattes.cnpq.br\/6585812032940319\" target=\"_blank\" rel=\"noopener\"><strong>Elaine Melo de Brito Costa<\/strong><\/a><br \/>\nE-mail: elainembcosta@servidor.uepb.edu.br<br \/>\nLinha de pesquisa: \u00a0Linguagens, Culturas e Forma\u00e7\u00e3o Docente[\/vc_column_text][\/vc_column_inner][\/vc_row_inner][\/vc_column][vc_column width=&#8221;1\/3&#8243;][vc_row_inner][vc_column_inner width=&#8221;1\/4&#8243;][vc_single_image image=&#8221;604&#8243; img_size=&#8221;100&#215;133&#8243; alignment=&#8221;center&#8221; style=&#8221;vc_box_border_circle_2&#8243; border_color=&#8221;sky&#8221; css=&#8221;&#8221;][\/vc_column_inner][vc_column_inner width=&#8221;3\/4&#8243;][vc_column_text css=&#8221;&#8221;]<strong><a href=\"http:\/\/lattes.cnpq.br\/1753039621977042\" target=\"_blank\" rel=\"noopener\" data-vc-tabs=\"\" data-vc-container=\".vc_tta\"><span class=\"vc_tta-title-text\">F\u00e1bio Marques de Souza<\/span><\/a><\/strong><br \/>\nE-mail: fabiohispanista@servidor.uepb.edu.br<br \/>\nLinha de Pesquisa: Linguagens, Culturas e Forma\u00e7\u00e3o Docente[\/vc_column_text][\/vc_column_inner][\/vc_row_inner][\/vc_column][\/vc_row][vc_row][vc_column][vc_separator css=&#8221;.vc_custom_1722451954003{margin-top: 30px !important;margin-bottom: 30px !important;}&#8221;][\/vc_column][\/vc_row][vc_row gap=&#8221;30&#8243;][vc_column width=&#8221;1\/3&#8243;][vc_row_inner][vc_column_inner width=&#8221;1\/4&#8243;][vc_single_image image=&#8221;3512&#8243; img_size=&#8221;100&#215;133&#8243; alignment=&#8221;center&#8221; style=&#8221;vc_box_border_circle_2&#8243; border_color=&#8221;sky&#8221; css=&#8221;&#8221;][\/vc_column_inner][vc_column_inner width=&#8221;3\/4&#8243;][vc_column_text css=&#8221;&#8221;]<a href=\"http:\/\/lattes.cnpq.br\/6605154818579119\" target=\"_blank\" rel=\"noopener\" data-vc-tabs=\"\" data-vc-container=\".vc_tta\"><span class=\"vc_tta-title-text\">Fab\u00edola M\u00f4nica da Silva Gon\u00e7alves<\/span><\/a><br \/>\nE-mail: fmsgoncalves@servidor.uepb.edu.br<br \/>\nLinha de Pesquisa: Linguagens, Culturas e Forma\u00e7\u00e3o Docente[\/vc_column_text][\/vc_column_inner][\/vc_row_inner][\/vc_column][vc_column width=&#8221;1\/3&#8243;][vc_row_inner][vc_column_inner width=&#8221;1\/4&#8243;][vc_single_image image=&#8221;613&#8243; img_size=&#8221;full&#8221; alignment=&#8221;center&#8221; style=&#8221;vc_box_border_circle_2&#8243; border_color=&#8221;sky&#8221; css=&#8221;&#8221;][\/vc_column_inner][vc_column_inner width=&#8221;3\/4&#8243;][vc_column_text css=&#8221;&#8221;]<strong><a href=\"http:\/\/lattes.cnpq.br\/6943428946275470\" target=\"_blank\" rel=\"noopener\" data-vc-tabs=\"\" data-vc-container=\".vc_tta\"><span class=\"vc_tta-title-text\">Jo\u00e3o Batista Gon\u00e7alves Bueno<\/span><\/a><\/strong><br \/>\nE-mail: joaobgbueno@servidor.uepb.edu.br<br \/>\nLinha de Pesquisa: Ci\u00eancias, Tecnologias e Forma\u00e7\u00e3o Docente[\/vc_column_text][\/vc_column_inner][\/vc_row_inner][\/vc_column][vc_column width=&#8221;1\/3&#8243;][vc_row_inner][vc_column_inner width=&#8221;1\/4&#8243;][vc_single_image image=&#8221;3186&#8243; img_size=&#8221;full&#8221; alignment=&#8221;center&#8221; style=&#8221;vc_box_border_circle_2&#8243; border_color=&#8221;sky&#8221; css=&#8221;&#8221;][\/vc_column_inner][vc_column_inner width=&#8221;3\/4&#8243;][vc_column_text css=&#8221;&#8221;]<a href=\"https:\/\/lattes.cnpq.br\/9425453622434049\" target=\"_blank\" rel=\"noopener\"><strong>Joedna Reis de Meneses<\/strong><\/a><br \/>\nE-mail: joedna@servidor.uepb.edu.br<br \/>\nLinha de Pesquisa: Ci\u00eancias, Tecnologia e Forma\u00e7\u00e3o Docente[\/vc_column_text][\/vc_column_inner][\/vc_row_inner][\/vc_column][\/vc_row][vc_row][vc_column][vc_separator css=&#8221;.vc_custom_1722451954003{margin-top: 30px !important;margin-bottom: 30px !important;}&#8221;][\/vc_column][\/vc_row][vc_row gap=&#8221;30&#8243;][vc_column width=&#8221;1\/3&#8243;][vc_row_inner][vc_column_inner width=&#8221;1\/4&#8243;][vc_single_image image=&#8221;1011&#8243; img_size=&#8221;full&#8221; alignment=&#8221;center&#8221; style=&#8221;vc_box_border_circle_2&#8243; border_color=&#8221;sky&#8221; css=&#8221;&#8221;][\/vc_column_inner][vc_column_inner width=&#8221;3\/4&#8243;][vc_column_text css=&#8221;&#8221;]<strong><a href=\"http:\/\/lattes.cnpq.br\/2967291086716903\" target=\"_blank\" rel=\"noopener\" data-vc-tabs=\"\" data-vc-container=\".vc_tta\"><span class=\"vc_tta-title-text\">Josandra Ara\u00fajo Barreto de Melo<\/span><\/a><\/strong><br \/>\nE-mail: josandraaraujobarretodemelo@servidor.uepb.edu.br<br \/>\nLinha de Pesquisa: Ci\u00eancias, Tecnologias e Forma\u00e7\u00e3o Docente[\/vc_column_text][\/vc_column_inner][\/vc_row_inner][\/vc_column][vc_column width=&#8221;1\/3&#8243;][vc_row_inner][vc_column_inner width=&#8221;1\/4&#8243;][vc_single_image image=&#8221;3187&#8243; img_size=&#8221;100&#215;133&#8243; alignment=&#8221;center&#8221; style=&#8221;vc_box_border_circle_2&#8243; border_color=&#8221;sky&#8221; css=&#8221;&#8221;][\/vc_column_inner][vc_column_inner width=&#8221;3\/4&#8243;][vc_column_text css=&#8221;&#8221;]<a href=\"http:\/\/lattes.cnpq.br\/5983371809380235\" target=\"_blank\" rel=\"noopener\"><strong>Jos\u00e9 Domingos<\/strong><\/a><br \/>\nE-mail: domingos@servidor.uepb.edu.br<br \/>\nLinha de Pesquisa: \u00a0Linguagens, Culturas e Forma\u00e7\u00e3o Docente[\/vc_column_text][\/vc_column_inner][\/vc_row_inner][\/vc_column][vc_column width=&#8221;1\/3&#8243;][vc_row_inner][vc_column_inner width=&#8221;1\/4&#8243;][vc_single_image image=&#8221;3188&#8243; img_size=&#8221;100&#215;133&#8243; alignment=&#8221;center&#8221; style=&#8221;vc_box_border_circle_2&#8243; border_color=&#8221;sky&#8221; css=&#8221;&#8221;][\/vc_column_inner][vc_column_inner width=&#8221;3\/4&#8243;][vc_column_text css=&#8221;&#8221;]<a href=\"http:\/\/lattes.cnpq.br\/1407117701934667\" target=\"_blank\" rel=\"noopener\"><strong>Juliana N\u00f3brega de Almeida<\/strong><\/a><br \/>\nE-mail: julianageo2020@servidor.uepb.edu.br<br \/>\nLinha de Pesquisa: Ci\u00eancias, Tecnologia e Forma\u00e7\u00e3o Docente[\/vc_column_text][\/vc_column_inner][\/vc_row_inner][\/vc_column][\/vc_row][vc_row][vc_column][vc_separator css=&#8221;.vc_custom_1722451954003{margin-top: 30px !important;margin-bottom: 30px !important;}&#8221;][\/vc_column][\/vc_row][vc_row gap=&#8221;30&#8243;][vc_column width=&#8221;1\/3&#8243;][vc_row_inner][vc_column_inner width=&#8221;1\/4&#8243;][vc_single_image image=&#8221;2977&#8243; img_size=&#8221;100&#215;133&#8243; alignment=&#8221;center&#8221; style=&#8221;vc_box_border_circle_2&#8243; border_color=&#8221;sky&#8221; css=&#8221;&#8221;][\/vc_column_inner][vc_column_inner width=&#8221;3\/4&#8243;][vc_column_text css=&#8221;&#8221;]<strong><a href=\"http:\/\/lattes.cnpq.br\/3532936503287691\" target=\"_blank\" rel=\"noopener\" data-vc-tabs=\"\" data-vc-container=\".vc_tta\"><span class=\"vc_tta-title-text\">Juscelino Francisco do Nascimento<\/span><\/a><\/strong><br \/>\nE-mail: juscelino@ufpi.edu.br<br \/>\nLinha de Pesquisa: Linguagens, Culturas e Forma\u00e7\u00e3o Docente[\/vc_column_text][\/vc_column_inner][\/vc_row_inner][\/vc_column][vc_column width=&#8221;1\/3&#8243;][vc_row_inner][vc_column_inner width=&#8221;1\/4&#8243;][vc_single_image image=&#8221;3635&#8243; img_size=&#8221;100&#215;133&#8243; alignment=&#8221;center&#8221; style=&#8221;vc_box_border_circle_2&#8243; border_color=&#8221;sky&#8221; css=&#8221;&#8221;][\/vc_column_inner][vc_column_inner width=&#8221;3\/4&#8243;][vc_column_text css=&#8221;&#8221;]<a href=\"https:\/\/lattes.cnpq.br\/1200668900910437\" target=\"_blank\" rel=\"noopener\"><strong><span class=\"vc_tta-title-text\">Karyne Soares Duarte Silveira<\/span><\/strong><\/a><br \/>\nE-mail: karynesoares@servidor.uepb.edu.br<br \/>\nLinha de Pesquisa: Linguagens, Culturas e Forma\u00e7\u00e3o Docente[\/vc_column_text][\/vc_column_inner][\/vc_row_inner][\/vc_column][vc_column width=&#8221;1\/3&#8243;][vc_row_inner][vc_column_inner width=&#8221;1\/4&#8243;][vc_single_image image=&#8221;3189&#8243; img_size=&#8221;100&#215;133&#8243; alignment=&#8221;center&#8221; style=&#8221;vc_box_border_circle_2&#8243; border_color=&#8221;sky&#8221; css=&#8221;&#8221;][\/vc_column_inner][vc_column_inner width=&#8221;3\/4&#8243;][vc_column_text css=&#8221;&#8221;]<a href=\"http:\/\/lattes.cnpq.br\/7789058802472159\" target=\"_blank\" rel=\"noopener\"><strong>Lediam Rodrigues Lopes Ramos Reinaldo<\/strong><\/a><br \/>\nE-mail: lediamrodrigues@servidor.uepb.edu.br<br \/>\n<span class=\"texto\">Linha de Pesquisa: Ci\u00eancias, Tecnologia e Forma\u00e7\u00e3o Docente<br \/>\n<\/span>[\/vc_column_text][\/vc_column_inner][\/vc_row_inner][\/vc_column][\/vc_row][vc_row][vc_column][vc_separator css=&#8221;.vc_custom_1722451954003{margin-top: 30px !important;margin-bottom: 30px !important;}&#8221;][\/vc_column][\/vc_row][vc_row gap=&#8221;30&#8243;][vc_column width=&#8221;1\/3&#8243;][vc_row_inner][vc_column_inner width=&#8221;1\/4&#8243;][vc_single_image image=&#8221;3190&#8243; img_size=&#8221;100&#215;133&#8243; alignment=&#8221;center&#8221; style=&#8221;vc_box_border_circle_2&#8243; border_color=&#8221;sky&#8221; css=&#8221;&#8221;][\/vc_column_inner][vc_column_inner width=&#8221;3\/4&#8243;][vc_column_text css=&#8221;&#8221;]<a href=\"http:\/\/lattes.cnpq.br\/2466335489093905\" target=\"_blank\" rel=\"noopener\"><strong>Lenilda Cordeiro de Mac\u00eado<\/strong><\/a><br \/>\nE-mail: lenilda18@servidor.uepb.edu.br<br \/>\nLinha de Pesquisa: Ci\u00eancias, Tecnologias e Forma\u00e7\u00e3o Docente[\/vc_column_text][\/vc_column_inner][\/vc_row_inner][\/vc_column][vc_column width=&#8221;1\/3&#8243;][vc_row_inner][vc_column_inner width=&#8221;1\/4&#8243;][vc_single_image image=&#8221;3204&#8243; img_size=&#8221;100&#215;133&#8243; alignment=&#8221;center&#8221; style=&#8221;vc_box_border_circle_2&#8243; border_color=&#8221;sky&#8221; css=&#8221;&#8221;][\/vc_column_inner][vc_column_inner width=&#8221;3\/4&#8243;][vc_column_text css=&#8221;&#8221;]<strong><a href=\"http:\/\/lattes.cnpq.br\/4347612151916121\" target=\"_blank\" rel=\"noopener\" data-vc-tabs=\"\" data-vc-container=\".vc_tta\"><span class=\"vc_tta-title-text\">Linduarte Pereira Rodrigues<\/span><\/a><\/strong><br \/>\nE-mail: linduartepr@servidor.uepb.edu.br<br \/>\nLinha de Pesquisa: Linguagens, Culturas e Forma\u00e7\u00e3o Docente[\/vc_column_text][\/vc_column_inner][\/vc_row_inner][\/vc_column][vc_column width=&#8221;1\/3&#8243;][vc_row_inner][vc_column_inner width=&#8221;1\/4&#8243;][vc_single_image image=&#8221;630&#8243; img_size=&#8221;100&#215;133&#8243; alignment=&#8221;center&#8221; style=&#8221;vc_box_border_circle_2&#8243; border_color=&#8221;sky&#8221; css=&#8221;&#8221;][\/vc_column_inner][vc_column_inner width=&#8221;3\/4&#8243;][vc_column_text css=&#8221;&#8221;]<strong><a href=\"http:\/\/lattes.cnpq.br\/8642945745816768\" target=\"_blank\" rel=\"noopener\" data-vc-tabs=\"\" data-vc-container=\".vc_tta\"><span class=\"vc_tta-title-text\">Marcelo Medeiros da Silva<\/span><\/a><\/strong><br \/>\nE-mail: marcelomedeiros@servidor.uepb.edu.br<br \/>\nLinha de Pesquisa: Linguagens, Culturas e Forma\u00e7\u00e3o Docente[\/vc_column_text][\/vc_column_inner][\/vc_row_inner][\/vc_column][\/vc_row][vc_row][vc_column][vc_separator css=&#8221;.vc_custom_1722451954003{margin-top: 30px !important;margin-bottom: 30px !important;}&#8221;][\/vc_column][\/vc_row][vc_row gap=&#8221;30&#8243;][vc_column width=&#8221;1\/3&#8243;][vc_row_inner][vc_column_inner width=&#8221;1\/4&#8243;][vc_single_image image=&#8221;3646&#8243; img_size=&#8221;100&#215;133&#8243; alignment=&#8221;center&#8221; style=&#8221;vc_box_border_circle_2&#8243; border_color=&#8221;sky&#8221; css=&#8221;&#8221;][\/vc_column_inner][vc_column_inner width=&#8221;3\/4&#8243;][vc_column_text css=&#8221;&#8221;]<a href=\"https:\/\/lattes.cnpq.br\/2846341069517251\" target=\"_blank\" rel=\"noopener\"><strong>Marcelo Saturnino da Silva<\/strong><\/a><br \/>\nE-mail: marcelo_saturnino@servidor.uepb.edu.br<br \/>\nLinha de Pesquisa: Ci\u00eancias, Tecnologia e Forma\u00e7\u00e3o Docente[\/vc_column_text][\/vc_column_inner][\/vc_row_inner][\/vc_column][vc_column width=&#8221;1\/3&#8243;][vc_row_inner][vc_column_inner width=&#8221;1\/4&#8243;][vc_single_image image=&#8221;3191&#8243; img_size=&#8221;100&#215;133&#8243; alignment=&#8221;center&#8221; style=&#8221;vc_box_border_circle_2&#8243; border_color=&#8221;sky&#8221; css=&#8221;&#8221;][\/vc_column_inner][vc_column_inner width=&#8221;3\/4&#8243;][vc_column_text css=&#8221;&#8221;]<a href=\"http:\/\/lattes.cnpq.br\/8438556222953242\" target=\"_blank\" rel=\"noopener\"><strong>Marcelo Vieira da N\u00f3brega<\/strong><\/a><br \/>\nE-mail: marcelonobrega@servidor.uepb.edu.br<br \/>\nLinha de Pesquisa: Linguagens, Culturas e Forma\u00e7\u00e3o Docente[\/vc_column_text][\/vc_column_inner][\/vc_row_inner][\/vc_column][vc_column width=&#8221;1\/3&#8243;][vc_row_inner][vc_column_inner width=&#8221;1\/4&#8243;][vc_single_image image=&#8221;3637&#8243; img_size=&#8221;100&#215;133&#8243; alignment=&#8221;center&#8221; style=&#8221;vc_box_border_circle_2&#8243; border_color=&#8221;sky&#8221; css=&#8221;&#8221;][\/vc_column_inner][vc_column_inner width=&#8221;3\/4&#8243;][vc_column_text css=&#8221;&#8221;]<a href=\"https:\/\/lattes.cnpq.br\/9393194690113819\" target=\"_blank\" rel=\"noopener\"><strong>Mary Dayane Souza Silva<\/strong><\/a><br \/>\nE-mail: arydayane@servidor.uepb.edu.br<br \/>\nLinha de Pesquisa: Ci\u00eancias, Tecnologia e Forma\u00e7\u00e3o Docente[\/vc_column_text][\/vc_column_inner][\/vc_row_inner][\/vc_column][\/vc_row][vc_row][vc_column][vc_separator css=&#8221;.vc_custom_1722451954003{margin-top: 30px !important;margin-bottom: 30px !important;}&#8221;][\/vc_column][\/vc_row][vc_row gap=&#8221;30&#8243;][vc_column width=&#8221;1\/3&#8243;][vc_row_inner][vc_column_inner width=&#8221;1\/4&#8243;][vc_single_image image=&#8221;3198&#8243; img_size=&#8221;100&#215;133&#8243; alignment=&#8221;center&#8221; style=&#8221;vc_box_border_circle_2&#8243; border_color=&#8221;sky&#8221; css=&#8221;&#8221;][\/vc_column_inner][vc_column_inner width=&#8221;3\/4&#8243;][vc_column_text css=&#8221;&#8221;]<strong><a href=\"http:\/\/lattes.cnpq.br\/6734404565435352\" target=\"_blank\" rel=\"noopener\" data-vc-tabs=\"\" data-vc-container=\".vc_tta\"><span class=\"vc_tta-title-text\">Patr\u00edcia Cristina de Arag\u00e3o<\/span><\/a><\/strong><br \/>\nE-mail: patriciaaragao@servidor.uepb.edu.br<br \/>\nLinha de Pesquisa: Ci\u00eancias, Tecnologias e Forma\u00e7\u00e3o Docente[\/vc_column_text][\/vc_column_inner][\/vc_row_inner][\/vc_column][vc_column width=&#8221;1\/3&#8243;][vc_row_inner][vc_column_inner width=&#8221;1\/4&#8243;][vc_single_image image=&#8221;636&#8243; img_size=&#8221;100&#215;133&#8243; alignment=&#8221;center&#8221; style=&#8221;vc_box_border_circle_2&#8243; border_color=&#8221;sky&#8221; css=&#8221;&#8221;][\/vc_column_inner][vc_column_inner width=&#8221;3\/4&#8243;][vc_column_text css=&#8221;&#8221;]<strong><a href=\"http:\/\/lattes.cnpq.br\/7813446738576212\" target=\"_blank\" rel=\"noopener\" data-vc-tabs=\"\" data-vc-container=\".vc_tta\"><span class=\"vc_tta-title-text\">Paula Almeida de Castro<\/span><\/a><\/strong><br \/>\nE-mail: paulacastro@servidor.uepb.edu.br<br \/>\nLinha de Pesquisa: Linguagens, Culturas e Forma\u00e7\u00e3o Docente[\/vc_column_text][\/vc_column_inner][\/vc_row_inner][\/vc_column][vc_column width=&#8221;1\/3&#8243;][vc_row_inner][vc_column_inner width=&#8221;1\/4&#8243;][vc_single_image image=&#8221;3638&#8243; img_size=&#8221;100&#215;133&#8243; alignment=&#8221;center&#8221; style=&#8221;vc_box_border_circle_2&#8243; border_color=&#8221;sky&#8221; css=&#8221;&#8221;][\/vc_column_inner][vc_column_inner width=&#8221;3\/4&#8243;][vc_column_text css=&#8221;&#8221;]<a href=\"https:\/\/lattes.cnpq.br\/0019294625125073\" target=\"_blank\" rel=\"noopener\"><strong>Rafael Ferreira de Souza Honorato<\/strong><\/a><br \/>\nE-mail: rafaelhonorato@servidor.uepb.edu.br<br \/>\nLinha de Pesquisa: Ci\u00eancias, Tecnologia e Forma\u00e7\u00e3o Docente[\/vc_column_text][\/vc_column_inner][\/vc_row_inner][\/vc_column][\/vc_row][vc_row gap=&#8221;30&#8243;][vc_column width=&#8221;1\/3&#8243;][vc_row_inner][vc_column_inner width=&#8221;1\/4&#8243;][vc_single_image image=&#8221;3205&#8243; img_size=&#8221;100&#215;133&#8243; alignment=&#8221;center&#8221; style=&#8221;vc_box_border_circle_2&#8243; border_color=&#8221;sky&#8221; css=&#8221;&#8221;][\/vc_column_inner][vc_column_inner width=&#8221;3\/4&#8243;][vc_column_text css=&#8221;&#8221;]<strong><a href=\"http:\/\/lattes.cnpq.br\/9966633992626905\" target=\"_blank\" rel=\"noopener\" data-vc-tabs=\"\" data-vc-container=\".vc_tta\"><span class=\"vc_tta-title-text\">Rob\u00e9ria Nadia Ara\u00fajo Nascimento<\/span><\/a><\/strong><br \/>\nE-mail: prof.roberia@servidor.uepb.edu.br<br \/>\nLinha de Pesquisa: Ci\u00eancias, Tecnologias e Forma\u00e7\u00e3o Docente[\/vc_column_text][\/vc_column_inner][\/vc_row_inner][\/vc_column][vc_column width=&#8221;1\/3&#8243;][vc_row_inner][vc_column_inner width=&#8221;1\/4&#8243;][vc_single_image image=&#8221;3192&#8243; img_size=&#8221;100&#215;133&#8243; alignment=&#8221;center&#8221; style=&#8221;vc_box_border_circle_2&#8243; border_color=&#8221;sky&#8221; css=&#8221;&#8221;][\/vc_column_inner][vc_column_inner width=&#8221;3\/4&#8243;][vc_column_text css=&#8221;&#8221;]<a href=\"http:\/\/lattes.cnpq.br\/5342932489671373\" target=\"_blank\" rel=\"noopener\"><strong>Rodiney Marcelo Braga dos Santos<\/strong><\/a><br \/>\nE-mail: rodiney.santos@ifpb.edu.br<br \/>\nLinha de Pesquisa: Ci\u00eancias, Tecnologias e Forma\u00e7\u00e3o Docente[\/vc_column_text][\/vc_column_inner][\/vc_row_inner][\/vc_column][vc_column width=&#8221;1\/3&#8243;][vc_row_inner][vc_column_inner width=&#8221;1\/4&#8243;][vc_single_image image=&#8221;3193&#8243; img_size=&#8221;full&#8221; alignment=&#8221;center&#8221; style=&#8221;vc_box_border_circle_2&#8243; css=&#8221;&#8221;][\/vc_column_inner][vc_column_inner width=&#8221;3\/4&#8243;][vc_column_text css=&#8221;&#8221;]<a href=\"http:\/\/lattes.cnpq.br\/9447739385933312\" target=\"_blank\" rel=\"noopener\"><strong>Val\u00e9ria Aparecida de Souza Siqueira<\/strong><\/a><br \/>\nE-mail: valeriasiqueira@servidor.uepb.edu.br<br \/>\nLinha de Pesquisa: Linguagens, Culturas e Forma\u00e7\u00e3o Docente[\/vc_column_text][\/vc_column_inner][\/vc_row_inner][\/vc_column][\/vc_row][vc_row][vc_column][vc_separator css=&#8221;.vc_custom_1722451954003{margin-top: 30px !important;margin-bottom: 30px !important;}&#8221;][\/vc_column][\/vc_row][vc_row gap=&#8221;30&#8243;][vc_column width=&#8221;1\/3&#8243;][vc_row_inner][vc_column_inner width=&#8221;1\/4&#8243;][vc_single_image image=&#8221;3639&#8243; img_size=&#8221;100&#215;133&#8243; alignment=&#8221;center&#8221; style=&#8221;vc_box_border_circle_2&#8243; border_color=&#8221;sky&#8221; css=&#8221;&#8221;][\/vc_column_inner][vc_column_inner width=&#8221;3\/4&#8243;][vc_column_text css=&#8221;&#8221;]<a href=\"https:\/\/lattes.cnpq.br\/0112962944181662\" target=\"_blank\" rel=\"noopener\"><strong>Valmir Pereira<\/strong><\/a><br \/>\nE-mail: valmir@servidor.uepb.edu.br<br \/>\nLinha de Pesquisa: Ci\u00eancias, Tecnologias e Forma\u00e7\u00e3o Docente[\/vc_column_text][\/vc_column_inner][\/vc_row_inner][\/vc_column][vc_column width=&#8221;1\/3&#8243;][\/vc_column][vc_column width=&#8221;1\/3&#8243;][\/vc_column][\/vc_row]<\/p>\n<\/div>","protected":false},"excerpt":{"rendered":"<p>[vc_row][vc_column][vc_text_separator title=&#8221;Professores vinculados ao Programa de P\u00f3s-Gradua\u00e7\u00e3o em Forma\u00e7\u00e3o de Professores&#8221; i_icon_fontawesome=&#8221;fas fa-angle-double-right&#8221; i_color=&#8221;custom&#8221; title_align=&#8221;separator_align_left&#8221; add_icon=&#8221;true&#8221; i_custom_color=&#8221;#cc0000&#8243;][\/vc_column][\/vc_row][vc_row gap=&#8221;30&#8243;][vc_column width=&#8221;1\/3&#8243;][vc_row_inner][vc_column_inner width=&#8221;1\/4&#8243;][vc_single_image image=&#8221;3634&#8243; img_size=&#8221;100&#215;133&#8243; alignment=&#8221;center&#8221; style=&#8221;vc_box_border_circle_2&#8243; border_color=&#8221;sky&#8221; css=&#8221;&#8221;][\/vc_column_inner][vc_column_inner width=&#8221;3\/4&#8243;][vc_column_text css=&#8221;&#8221;]Alcidesio Oliveira da Silva Junior E-mail: alcidesio.junior@servidor.uepb.edu.br Linha de pesquisa: \u00a0Linguagens, Culturas e Forma\u00e7\u00e3o Docente[\/vc_column_text][\/vc_column_inner][\/vc_row_inner][\/vc_column][vc_column width=&#8221;1\/3&#8243;][vc_row_inner][vc_column_inner width=&#8221;1\/4&#8243;][vc_single_image image=&#8221;3194&#8243; img_size=&#8221;100&#215;133&#8243; alignment=&#8221;center&#8221; style=&#8221;vc_box_border_circle_2&#8243; border_color=&#8221;sky&#8221; css=&#8221;&#8221;][\/vc_column_inner][vc_column_inner width=&#8221;3\/4&#8243;][vc_column_text css=&#8221;&#8221;]Elaine Melo de Brito <a class=\"leiamais\" href=\"https:\/\/pos-graduacao.uepb.edu.br\/ppgfp\/corpo-docente\/\">Leia Mais&#8230;<\/a><\/p>\n","protected":false},"author":3,"featured_media":0,"parent":0,"menu_order":0,"comment_status":"open","ping_status":"open","template":"","meta":{"footnotes":""},"class_list":["post-13","page","type-page","status-publish","hentry"],"_links":{"self":[{"href":"https:\/\/pos-graduacao.uepb.edu.br\/ppgfp\/wp-json\/wp\/v2\/pages\/13","targetHints":{"allow":["GET"]}}],"collection":[{"href":"https:\/\/pos-graduacao.uepb.edu.br\/ppgfp\/wp-json\/wp\/v2\/pages"}],"about":[{"href":"https:\/\/pos-graduacao.uepb.edu.br\/ppgfp\/wp-json\/wp\/v2\/types\/page"}],"author":[{"embeddable":true,"href":"https:\/\/pos-graduacao.uepb.edu.br\/ppgfp\/wp-json\/wp\/v2\/users\/3"}],"replies":[{"embeddable":true,"href":"https:\/\/pos-graduacao.uepb.edu.br\/ppgfp\/wp-json\/wp\/v2\/comments?post=13"}],"version-history":[{"count":136,"href":"https:\/\/pos-graduacao.uepb.edu.br\/ppgfp\/wp-json\/wp\/v2\/pages\/13\/revisions"}],"predecessor-version":[{"id":3648,"href":"https:\/\/pos-graduacao.uepb.edu.br\/ppgfp\/wp-json\/wp\/v2\/pages\/13\/revisions\/3648"}],"wp:attachment":[{"href":"https:\/\/pos-graduacao.uepb.edu.br\/ppgfp\/wp-json\/wp\/v2\/media?parent=13"}],"curies":[{"name":"wp","href":"https:\/\/api.w.org\/{rel}","templated":true}]}}