{"id":2987,"date":"2020-08-27T12:17:39","date_gmt":"2020-08-27T15:17:39","guid":{"rendered":"https:\/\/pos-graduacao.uepb.edu.br\/ppgecm\/?page_id=2987"},"modified":"2026-01-22T08:34:55","modified_gmt":"2026-01-22T11:34:55","slug":"renoen","status":"publish","type":"page","link":"https:\/\/pos-graduacao.uepb.edu.br\/ppgecm\/renoen\/","title":{"rendered":"Renoen"},"content":{"rendered":"<div class=\"wpb-content-wrapper\"><p>[vc_row][vc_column][vc_column_text css=&#8221;&#8221;]O RENOEN \u2013 Rede Nordeste de Ensino \u00e9 um Programa de P\u00f3s-Gradua\u00e7\u00e3o em Ensino, na modalidade Doutorado acad\u00eamico em rede, constitu\u00eddo por Institui\u00e7\u00f5es de Ensino Superior da regi\u00e3o Nordeste (UFS, UEPB, UFAL, UFRPE, UFC, IFCE, UESB, IFRN e UEMA). O programa foi aprovado pela CAPES e homologado pelo Minist\u00e9rio da Educa\u00e7\u00e3o em 2020.<\/p>\n<p>A \u00e1rea de concentra\u00e7\u00e3o do doutorado \u00e9 Ensino, Curr\u00edculo e Processos de Ensino-Aprendizagem, organizada em tr\u00eas linhas de pesquisa. Na avalia\u00e7\u00e3o da p\u00f3s-gradua\u00e7\u00e3o brasileira, o RENOEN possui nota 4 na CAPES.<\/p>\n<p><strong>Percurso formativo<\/strong><\/p>\n<p>De acordo com a <a href=\"https:\/\/pos-graduacao.uepb.edu.br\/ppgecm\/download\/instrucao-normativa-renoen-01-2024\/\">Instru\u00e7\u00e3o Normativa n\u00ba 01\/2024<\/a>, o Doutorado em Ensino da RENOEN exige a integraliza\u00e7\u00e3o de 38 cr\u00e9ditos, distribu\u00eddos entre disciplinas da \u00e1rea de concentra\u00e7\u00e3o, disciplinas das linhas de pesquisa, componentes optativos, estudos extracurriculares e est\u00e1gio de doc\u00eancia, al\u00e9m do exame de qualifica\u00e7\u00e3o e da defesa de tese.<\/p>\n<p><strong>Polo PPGECEM-UEPB<\/strong><\/p>\n<p>O PPGECEM da Universidade Estadual da Para\u00edba (UEPB) integra o RENOEN desde sua cria\u00e7\u00e3o, tendo participado da elabora\u00e7\u00e3o da proposta aprovada pela CAPES. No polo PPGECEM-UEPB, o doutorado est\u00e1 vinculado \u00e0s linhas de pesquisa Pr\u00e1ticas pedag\u00f3gicas na educa\u00e7\u00e3o em ci\u00eancias e matem\u00e1tica e Ensino tecnol\u00f3gico: pr\u00e1ticas e constru\u00e7\u00f5es curriculares.<\/p>\n<p><a href=\"https:\/\/pos-graduacao.uepb.edu.br\/ppgecm\/download\/instrucao-normativa-renoen-01-2024\/\">Acesse aqui a Instru\u00e7\u00e3o Normativa n\u00ba 01\/2024<\/a><\/p>\n<h3><\/h3>\n<h3>RENOEN &#8211; Rede Nordeste de Ensino<\/h3>\n<p class=\"kv-ee-section-description kv-ee-body--md\" data-type=\"text\">Curso ofertado:\u00a0<b>Doutorado em Ensino<\/b><br \/>\nAno de cria\u00e7\u00e3o:\u00a0<b>doutorado aprovado pela CAPES em julho de 2020 e homologado em 28\/12\/2020 pelo MEC.<\/b><br \/>\n\u00c1rea de concentra\u00e7\u00e3o:\u00a0<b>Ensino, curr\u00edculo e processos de ensino-aprendizagem<\/b><br \/>\nLinhas de pesquisa:\u00a0<b>I. Pr\u00e1ticas Pedag\u00f3gicas no Ensino de Ci\u00eancias e Matem\u00e1tica<\/b>; <strong>II.\u00a0<\/strong><b>Ensino, Curr\u00edculo e Cultura<\/b>; e\u00a0<strong>III. <span class=\"cstm-cl kv-ee-custom-text-cl3\"><span class=\"\"><span class=\"cstm-fnt\"><b>Ensino Tecnol\u00f3gico:<\/b><\/span><\/span>\u00a0<\/span><span class=\"cstm-fnt\"><b><span class=\"cstm-cl kv-ee-custom-text-cl3\">pr\u00e1ticas e constru\u00e7\u00f5es curriculares<\/span><\/b><\/span><\/strong><\/p>\n<p>Para saber mais, <a href=\"https:\/\/www.renoen.net.br\/\">clique aqui<\/a>.[\/vc_column_text][vc_separator css=&#8221;.vc_custom_1718212682913{margin-top: 30px !important;margin-bottom: 10px !important;}&#8221;][\/vc_column][\/vc_row][vc_row gap=&#8221;30&#8243;][vc_column width=&#8221;1\/2&#8243;][vc_column_text]<\/p>\n<h3 class=\"titulo entry-title\">Programa de P\u00f3s-Gradua\u00e7\u00e3o da Rede Nordeste de Ensino divulga edital de sele\u00e7\u00e3o para curso de Doutorado<\/h3>\n<div class=\"data\"><span class=\"published\">28 de abril de 2021<\/span><\/div>\n<div class=\"texto entry-content content\">\n<p>A Coordena\u00e7\u00e3o Geral do Programa de P\u00f3s-Gradua\u00e7\u00e3o em Ensino da Rede Nordeste de Ensino (RENOEN), do qual a Universidade Estadual da Para\u00edba (UEPB) faz parte, divulgou edital e abriu inscri\u00e7\u00f5es para o processo de sele\u00e7\u00e3o e admiss\u00e3o no Curso de Doutorado em Ensino. O Programa torna p\u00fablicas as normas gerais do processo seletivo para admiss\u00e3o ao corpo discente nos semestres letivos 2021.2 e 2022.1. Ao todo, est\u00e3o sendo oferecidas 152 vagas para as IES associadas, sendo 14 delas para a UEPB.<\/p>\n<p>Por conta da pandemia, o processo ser\u00e1 realizado inteiramente de forma remota. O candidato dever\u00e1 optar, no momento da inscri\u00e7\u00e3o, pela IES Associada\/Polo Acad\u00eamico, onde far\u00e1 a sele\u00e7\u00e3o, bem como pela entrada nos semestres letivos indicados, n\u00e3o havendo possibilidade de mudan\u00e7a durante o processo seletivo, nem posteriormente.<\/p>\n<p>As inscri\u00e7\u00f5es ser\u00e3o efetuadas, exclusivamente, pela internet, no per\u00edodo de 30 de abril a 29 de maio, por meio do endere\u00e7o eletr\u00f4nico dispon\u00edvel no Portal de administra\u00e7\u00e3o acad\u00eamica de cada Polo. No caso da UEPB, o endere\u00e7o \u00e9 o seguinte:\u00a0<a href=\"https:\/\/academico.uepb.edu.br\/mestrado\/index.php\/inscricoes\" target=\"_blank\" rel=\"noopener\">https:\/\/academico.uepb.edu.br\/mestrado\/index.php\/inscricoes<\/a>. A sele\u00e7\u00e3o ser\u00e1 realizada em quatro etapas: inscri\u00e7\u00e3o; an\u00e1lise do pr\u00e9-projeto de pesquisa; defesa do pr\u00e9-projeto e argui\u00e7\u00e3o; e avalia\u00e7\u00e3o do curr\u00edculo\u00a0<em>lattes<\/em>.<\/p>\n<p>O resultado final ser\u00e1 divulgado no dia 6 de agosto. A data de matr\u00edcula e in\u00edcio das aulas ser\u00e1 definida posteriormente pela IES associada. A matr\u00edcula ser\u00e1 realizada seguindo o calend\u00e1rio e normas de cada Institui\u00e7\u00e3o associada \u00e0 RENOEN, para candidatos ingressantes nos semestres 2021.2 e 2022.1.<\/p>\n<p>Confira o edital clicando\u00a0<a href=\"https:\/\/pos-graduacao.uepb.edu.br\/ppgecm\/download\/editais\/Doutorado-em-Ensito-Rede-Nordeste-de-Ensiso-RENOEM-Edital-01.2021.pdf\">AQUI<\/a>.<\/p>\n<p>Texto: Severino Lopes<\/p>\n<\/div>\n<p>[\/vc_column_text][\/vc_column][vc_column width=&#8221;1\/2&#8243;][vc_column_text]<strong>SOBRE A RENOEN<\/strong><\/p>\n<p>(Publicada em 27 de agosto de 2020)<\/p>\n<p><strong>\u00a0<\/strong>Na \u00faltima reuni\u00e3o do Conselho T\u00e9cnico-Cient\u00edfico da Educa\u00e7\u00e3o Superior (CTC-ES), da Coordena\u00e7\u00e3o de Aperfei\u00e7oamento de Pessoal de N\u00edvel Superior (Capes), do ano de 2019, foi aprovada a Proposta do Doutorado Acad\u00eamico em Rede (Renoen \u2013 Rede Nordeste de Ensino) na \u00e1rea de Ensino da Capes.<\/p>\n<p>De acordo com o coordenador geral, Prof. Dr. Edson Jos\u00e9 Wartha (UFS), \u201ca proposta para de abertura desse doutorado se inseriu num cen\u00e1rio de um conjunto de necessidades de diversas ordens, a destacar inicialmente a aus\u00eancia de um Doutorado em Ensino em Rede na regi\u00e3o. Assim, a Associa\u00e7\u00e3o em Rede (AR) de sete IES dos estados da regi\u00e3o Nordeste (UFS, UFAL, UFC, IFCE, UEPB, UESB e UFRPE) construiu uma proposta de programa que visa proporcionar alternativas para oportunizar o acesso \u00e0 forma\u00e7\u00e3o em n\u00edvel de excel\u00eancia a mestres que querem estudar, mas, por conta do trabalho, n\u00e3o podem se deslocar para longe de suas atividades&#8221;.<\/p>\n<p>A modalidade de P\u00f3s-Gradua\u00e7\u00e3o em Rede oportuniza a forma\u00e7\u00e3o de docentes pesquisadores, em n\u00edvel doutoral, na \u00e1rea de Ensino de Ci\u00eancias e Educa\u00e7\u00e3o Matem\u00e1tica, em termos te\u00f3ricos e metodol\u00f3gicos de pesquisa. De acordo com a Proposta, essa forma\u00e7\u00e3o promove uma atua\u00e7\u00e3o docente altamente qualificada e de produ\u00e7\u00e3o de conhecimentos na \u00c1rea, considerando as demandas regionais, mais especificamente do Nordeste, em sintonia com a produ\u00e7\u00e3o de conhecimentos, em termos nacional e internacional.<\/p>\n<p>&#8220;Acima de tudo, buscou-se contribuir efetivamente um programa de doutorado dedicado na forma\u00e7\u00e3o de professores, em especial aos docentes que atuam nas licenciaturas em Qu\u00edmica, F\u00edsica, Biologia e Matem\u00e1tica e docentes que atuam na \u00e1rea em cursos de Pedagogia. Dessa forma, \u00e9 poss\u00edvel formar um n\u00famero de doutores da regi\u00e3o capazes de propor e assumir a forma\u00e7\u00e3o de professores em n\u00edvel de Mestrado e em projetos de forma\u00e7\u00e3o continuada para a educa\u00e7\u00e3o b\u00e1sica, concorrendo, assim, para mudan\u00e7as de patamar na qualidade do ensino e da pesquisa na regi\u00e3o Nordeste\u201d, afirma o professor Edson.<\/p>\n<p>A Proposta da Renoen envolveu, desde o seu processo de estrutura\u00e7\u00e3o, pesquisadores de sete institui\u00e7\u00f5es de ensino superior que pensaram em alternativas para superar as assimetrias regionais em um processo de coopera\u00e7\u00e3o entre os programas de mestrado j\u00e1 existentes. Os coordenadores dos polos s\u00e3o os professores Edson Wartha (UFS), Jos\u00e9 Joelson Pimentel de Almeida (UEPB), Wilmo Ernesto Francisco Junior (UFAL), Elton Fireman (UFAL), Maria Goretti de Vasconcelos Silva, Benedito G. Eug\u00eanio (UESB), Carmem Roselaine de Oliveira Farias (UFRPE) e Francisco Regis Vieira Alves (IFCE).<\/p>\n<p>Logo que houver uma defini\u00e7\u00e3o por parte do Colegiado da Renoen, a partir da autoriza\u00e7\u00e3o do Minist\u00e9rio da Educa\u00e7\u00e3o (MEC), divulgaremos informa\u00e7\u00f5es acerca do processo seletivo para a forma\u00e7\u00e3o da primeira turma.[\/vc_column_text][\/vc_column][\/vc_row]<\/p>\n<\/div>","protected":false},"excerpt":{"rendered":"<p>[vc_row][vc_column][vc_column_text css=&#8221;&#8221;]O RENOEN \u2013 Rede Nordeste de Ensino \u00e9 um Programa de P\u00f3s-Gradua\u00e7\u00e3o em Ensino, na modalidade Doutorado acad\u00eamico em rede, constitu\u00eddo por Institui\u00e7\u00f5es de Ensino Superior da regi\u00e3o Nordeste (UFS, UEPB, UFAL, UFRPE, UFC, IFCE, UESB, IFRN e UEMA). O programa foi aprovado pela CAPES e homologado pelo Minist\u00e9rio da Educa\u00e7\u00e3o em 2020. A <a class=\"leiamais\" href=\"https:\/\/pos-graduacao.uepb.edu.br\/ppgecm\/renoen\/\">Leia Mais&#8230;<\/a><\/p>\n","protected":false},"author":34,"featured_media":0,"parent":0,"menu_order":0,"comment_status":"closed","ping_status":"closed","template":"","meta":{"footnotes":""},"class_list":["post-2987","page","type-page","status-publish","hentry"],"_links":{"self":[{"href":"https:\/\/pos-graduacao.uepb.edu.br\/ppgecm\/wp-json\/wp\/v2\/pages\/2987","targetHints":{"allow":["GET"]}}],"collection":[{"href":"https:\/\/pos-graduacao.uepb.edu.br\/ppgecm\/wp-json\/wp\/v2\/pages"}],"about":[{"href":"https:\/\/pos-graduacao.uepb.edu.br\/ppgecm\/wp-json\/wp\/v2\/types\/page"}],"author":[{"embeddable":true,"href":"https:\/\/pos-graduacao.uepb.edu.br\/ppgecm\/wp-json\/wp\/v2\/users\/34"}],"replies":[{"embeddable":true,"href":"https:\/\/pos-graduacao.uepb.edu.br\/ppgecm\/wp-json\/wp\/v2\/comments?post=2987"}],"version-history":[{"count":7,"href":"https:\/\/pos-graduacao.uepb.edu.br\/ppgecm\/wp-json\/wp\/v2\/pages\/2987\/revisions"}],"predecessor-version":[{"id":6414,"href":"https:\/\/pos-graduacao.uepb.edu.br\/ppgecm\/wp-json\/wp\/v2\/pages\/2987\/revisions\/6414"}],"wp:attachment":[{"href":"https:\/\/pos-graduacao.uepb.edu.br\/ppgecm\/wp-json\/wp\/v2\/media?parent=2987"}],"curies":[{"name":"wp","href":"https:\/\/api.w.org\/{rel}","templated":true}]}}