{"id":1467,"date":"2018-05-17T09:44:17","date_gmt":"2018-05-17T12:44:17","guid":{"rendered":"https:\/\/pos-graduacao.uepb.edu.br\/ppgecm\/?page_id=1467"},"modified":"2024-06-12T16:08:07","modified_gmt":"2024-06-12T19:08:07","slug":"coordenacao","status":"publish","type":"page","link":"https:\/\/pos-graduacao.uepb.edu.br\/ppgecm\/coordenacao\/","title":{"rendered":"Coordena\u00e7\u00e3o"},"content":{"rendered":"<div class=\"wpb-content-wrapper\"><p>[vc_row css=&#8221;.vc_custom_1718219314823{padding-bottom: 30px !important;}&#8221;][vc_column width=&#8221;1\/3&#8243;][vc_column_text]<strong>Coordenador<\/strong><\/p>\n<ul>\n<li>Prof. Dr. Jos\u00e9 Joelson Pimentel de Almeida<\/li>\n<\/ul>\n<p><strong>Secret\u00e1ria <\/strong><\/p>\n<ul>\n<li>Fabiana de Ara\u00fajo e Silva<\/li>\n<\/ul>\n<p><strong>T\u00e9cnico-Administrativo <\/strong><\/p>\n<ul>\n<li>Willames Diniz da Silva<\/li>\n<\/ul>\n<p>[\/vc_column_text][\/vc_column][vc_column width=&#8221;2\/3&#8243;][vc_text_separator title=&#8221;Colegiado&#8221; title_align=&#8221;separator_align_left&#8221;][vc_row_inner][vc_column_inner width=&#8221;1\/2&#8243;][vc_column_text]<strong>Docentes<\/strong><\/p>\n<ul>\n<li>Prof. Dr. Jos\u00e9 Joelson Pimentel de Almeida<\/li>\n<li>Prof.\u00aa Dr.\u00aa M\u00e1rcia Adelino da Silva Dias<\/li>\n<li>Prof. Dr. Francisco Ferreira Dantas Filho<\/li>\n<li>Prof. Dr. Marcos Antonio Barros dos Santos<\/li>\n<li>Prof. Dr. Jos\u00e9 Lamartine da Costa Barbosa<\/li>\n<li>Prof.\u00aa Dr.\u00aa Z\u00e9lia Maria de Arruda Santiago<\/li>\n<li>Prof. Dr. Eduardo Gomes Onofre<\/li>\n<li>Prof.\u00aa Dr.\u00aa Karla Patr\u00edcia de Oliveira Luna<\/li>\n<\/ul>\n<p>[\/vc_column_text][\/vc_column_inner][vc_column_inner width=&#8221;1\/2&#8243;][vc_column_text]<strong>Alunos<\/strong><\/p>\n<ul>\n<li>Alceni de Brito Gomes<\/li>\n<li>Aristides Cipriano da Silva Filho<\/li>\n<li>Luciano Gomes Soares<\/li>\n<li>Mozart Edson Lopes Guimar\u00e3es<\/li>\n<\/ul>\n<p>[\/vc_column_text][\/vc_column_inner][\/vc_row_inner][\/vc_column][\/vc_row]<\/p>\n<\/div>","protected":false},"excerpt":{"rendered":"<p>[vc_row css=&#8221;.vc_custom_1718219314823{padding-bottom: 30px !important;}&#8221;][vc_column width=&#8221;1\/3&#8243;][vc_column_text]Coordenador Prof. Dr. Jos\u00e9 Joelson Pimentel de Almeida Secret\u00e1ria Fabiana de Ara\u00fajo e Silva T\u00e9cnico-Administrativo Willames Diniz da Silva [\/vc_column_text][\/vc_column][vc_column width=&#8221;2\/3&#8243;][vc_text_separator title=&#8221;Colegiado&#8221; title_align=&#8221;separator_align_left&#8221;][vc_row_inner][vc_column_inner width=&#8221;1\/2&#8243;][vc_column_text]Docentes Prof. Dr. Jos\u00e9 Joelson Pimentel de Almeida Prof.\u00aa Dr.\u00aa M\u00e1rcia Adelino da Silva Dias Prof. Dr. Francisco Ferreira Dantas Filho Prof. Dr. Marcos Antonio Barros dos Santos <a class=\"leiamais\" href=\"https:\/\/pos-graduacao.uepb.edu.br\/ppgecm\/coordenacao\/\">Leia Mais&#8230;<\/a><\/p>\n","protected":false},"author":38,"featured_media":0,"parent":0,"menu_order":0,"comment_status":"closed","ping_status":"closed","template":"","meta":{"footnotes":""},"class_list":["post-1467","page","type-page","status-publish","hentry"],"_links":{"self":[{"href":"https:\/\/pos-graduacao.uepb.edu.br\/ppgecm\/wp-json\/wp\/v2\/pages\/1467","targetHints":{"allow":["GET"]}}],"collection":[{"href":"https:\/\/pos-graduacao.uepb.edu.br\/ppgecm\/wp-json\/wp\/v2\/pages"}],"about":[{"href":"https:\/\/pos-graduacao.uepb.edu.br\/ppgecm\/wp-json\/wp\/v2\/types\/page"}],"author":[{"embeddable":true,"href":"https:\/\/pos-graduacao.uepb.edu.br\/ppgecm\/wp-json\/wp\/v2\/users\/38"}],"replies":[{"embeddable":true,"href":"https:\/\/pos-graduacao.uepb.edu.br\/ppgecm\/wp-json\/wp\/v2\/comments?post=1467"}],"version-history":[{"count":18,"href":"https:\/\/pos-graduacao.uepb.edu.br\/ppgecm\/wp-json\/wp\/v2\/pages\/1467\/revisions"}],"predecessor-version":[{"id":5802,"href":"https:\/\/pos-graduacao.uepb.edu.br\/ppgecm\/wp-json\/wp\/v2\/pages\/1467\/revisions\/5802"}],"wp:attachment":[{"href":"https:\/\/pos-graduacao.uepb.edu.br\/ppgecm\/wp-json\/wp\/v2\/media?parent=1467"}],"curies":[{"name":"wp","href":"https:\/\/api.w.org\/{rel}","templated":true}]}}