{"id":9,"date":"2011-10-27T12:12:57","date_gmt":"2011-10-27T12:12:57","guid":{"rendered":"http:\/\/pos-graduacao.ascom.uepb.edu.br\/ppgdr\/?page_id=9"},"modified":"2013-08-01T14:37:39","modified_gmt":"2013-08-01T17:37:39","slug":"publico-alvo","status":"publish","type":"page","link":"https:\/\/pos-graduacao.uepb.edu.br\/ppgdr\/publico-alvo\/","title":{"rendered":"P\u00fablico alvo"},"content":{"rendered":"<p style=\"text-align: justify\">Pretende-se, com este Programa, formar profissionais, pesquisadores e docentes, advindos de diferentes \u00e1reas do conhecimento, com uma vis\u00e3o plena e integrada das rela\u00e7\u00f5es econ\u00f4micas, sociais, pol\u00edticas e culturais, inerentes \u00e0 concep\u00e7\u00e3o, planejamento, operacionaliza\u00e7\u00e3o e monitoramento do processo de desenvolvimento regional.<\/p>\n","protected":false},"excerpt":{"rendered":"<p>Pretende-se, com este Programa, formar profissionais, pesquisadores e docentes, advindos de diferentes \u00e1reas do conhecimento, com uma vis\u00e3o plena e integrada das rela\u00e7\u00f5es econ\u00f4micas, sociais, pol\u00edticas e culturais, inerentes \u00e0 concep\u00e7\u00e3o, planejamento, operacionaliza\u00e7\u00e3o e monitoramento do processo de desenvolvimento regional.<\/p>\n","protected":false},"author":3,"featured_media":0,"parent":0,"menu_order":0,"comment_status":"open","ping_status":"open","template":"","meta":{"footnotes":""},"class_list":["post-9","page","type-page","status-publish","hentry"],"_links":{"self":[{"href":"https:\/\/pos-graduacao.uepb.edu.br\/ppgdr\/wp-json\/wp\/v2\/pages\/9","targetHints":{"allow":["GET"]}}],"collection":[{"href":"https:\/\/pos-graduacao.uepb.edu.br\/ppgdr\/wp-json\/wp\/v2\/pages"}],"about":[{"href":"https:\/\/pos-graduacao.uepb.edu.br\/ppgdr\/wp-json\/wp\/v2\/types\/page"}],"author":[{"embeddable":true,"href":"https:\/\/pos-graduacao.uepb.edu.br\/ppgdr\/wp-json\/wp\/v2\/users\/3"}],"replies":[{"embeddable":true,"href":"https:\/\/pos-graduacao.uepb.edu.br\/ppgdr\/wp-json\/wp\/v2\/comments?post=9"}],"version-history":[{"count":4,"href":"https:\/\/pos-graduacao.uepb.edu.br\/ppgdr\/wp-json\/wp\/v2\/pages\/9\/revisions"}],"predecessor-version":[{"id":789,"href":"https:\/\/pos-graduacao.uepb.edu.br\/ppgdr\/wp-json\/wp\/v2\/pages\/9\/revisions\/789"}],"wp:attachment":[{"href":"https:\/\/pos-graduacao.uepb.edu.br\/ppgdr\/wp-json\/wp\/v2\/media?parent=9"}],"curies":[{"name":"wp","href":"https:\/\/api.w.org\/{rel}","templated":true}]}}