{"id":5386,"date":"2024-06-19T10:27:42","date_gmt":"2024-06-19T13:27:42","guid":{"rendered":"https:\/\/pos-graduacao.uepb.edu.br\/ppgdr\/?page_id=5386"},"modified":"2024-06-19T10:27:42","modified_gmt":"2024-06-19T13:27:42","slug":"formularios-2","status":"publish","type":"page","link":"https:\/\/pos-graduacao.uepb.edu.br\/ppgdr\/formularios-2\/","title":{"rendered":"Formul\u00e1rios"},"content":{"rendered":"<div class=\"wpb-content-wrapper\"><p>[vc_row][vc_column][vc_tta_accordion title_tag=&#8221;h3&#8243; section_title_tag=&#8221;h2&#8243; style=&#8221;modern&#8221; c_icon=&#8221;triangle&#8221; active_section=&#8221;&#8221;][vc_tta_section title=&#8221;Trancamento de matr\u00edcula&#8221; tab_id=&#8221;1718802531406-eb5ab3ad-92b7&#8243;][vc_column_text css=&#8221;.vc_custom_1718802555318{margin-top: 20px !important;}&#8221;]Para solicitar trancamento de matr\u00edcula, o aluno deve preencher <a href=\"https:\/\/pos-graduacao.uepb.edu.br\/ppgdr\/files\/2021\/12\/Requerimento_Padrao_UEPB.doc\">requerimento<\/a>, juntar documenta\u00e7\u00e3o comprobat\u00f3ria caso haja e enviar para o e-mail ppgdr@setor.uepb.edu.br. A documenta\u00e7\u00e3o \u00e9 submetida ao Colegiado e o aluno recebe a delibera\u00e7\u00e3o por e-mail ap\u00f3s a reuni\u00e3o.[\/vc_column_text][\/vc_tta_section][vc_tta_section title=&#8221;Matr\u00edcula&#8221; tab_id=&#8221;1718802550635-e6947077-86b4&#8243;][vc_column_text css=&#8221;.vc_custom_1718803514819{margin-top: 20px !important;}&#8221;]<strong>Procedimentos para matr\u00edcula de alunos veteranos<\/strong><\/p>\n<ul>\n<li><a href=\"https:\/\/pos-graduacao.uepb.edu.br\/ppgdr\/files\/2023\/08\/Cronograma-de-Disciplinas-2023.2-4.pdf\">Cronograma de disciplinas 2023.2<\/a><\/li>\n<li><a href=\"https:\/\/pos-graduacao.uepb.edu.br\/ppgdr\/download\/Ficha-de-matricula-turma-2023.docx\">Ficha de matr\u00edcula (turma 2023)<\/a><\/li>\n<li><a href=\"https:\/\/pos-graduacao.uepb.edu.br\/ppgdr\/files\/2023\/08\/Ficha-de-matricula-turma-2022.docx\">Ficha de matr\u00edcula (turma 2022)<\/a><\/li>\n<li><a href=\"https:\/\/pos-graduacao.uepb.edu.br\/ppgdr\/download\/Ficha-de-matricula_turma-2021.docx\">Ficha de matr\u00edcula (turma 2021)<\/a><\/li>\n<li><a href=\"https:\/\/pos-graduacao.uepb.edu.br\/ppgdr\/download\/Ficha-de-matricula_turma-2021.docx\">Ficha de matr\u00edcula (turma 2020)<\/a><\/li>\n<li><a href=\"https:\/\/pos-graduacao.uepb.edu.br\/ppgdr\/files\/2021\/12\/RELATORIO-SEMESTRAL-DE-ATIVIDADES-DISCENTES-2.doc\">Preencher Relat\u00f3rio Semestral<\/a><\/li>\n<li><a href=\"https:\/\/pos-graduacao.uepb.edu.br\/ppgdr\/files\/2023\/03\/Declaracao-de-orientacao-de-trabalho-de-pesquisa.doc\">Declara\u00e7\u00e3o de Orienta\u00e7\u00e3o de Trabalho de Pesquisa<\/a><\/li>\n<\/ul>\n<p>Enviar essa documenta\u00e7\u00e3o para o e-mail ppgdr@setor.uepb.edu.br no per\u00edodo de matr\u00edcula.[\/vc_column_text][\/vc_tta_section][vc_tta_section title=&#8221;Bolsistas&#8221; tab_id=&#8221;1718802550480-f8a1f504-a6fa&#8221;][vc_column_text css=&#8221;.vc_custom_1718803010264{margin-top: 20px !important;}&#8221;]A sele\u00e7\u00e3o dos alunos que ser\u00e3o contemplados com as bolsas levar\u00e1 em considera\u00e7\u00e3o a nota obtida (classifica\u00e7\u00e3o final) no processo seletivo para ingresso no programa. Dever\u00e3o ser observados os crit\u00e9rios abaixo para o recebimento da bolsa pelo aluno e preenchimento dos documentos (no final da p\u00e1gina).<\/p>\n<ul>\n<li>dedica\u00e7\u00e3o integral \u00e0s atividades do programa de p\u00f3s-gradua\u00e7\u00e3o;<\/li>\n<li>comprovar desempenho acad\u00eamico satisfat\u00f3rio, consoante as normas definidas pela entidade promotora do curso;<\/li>\n<li>quando possuir v\u00ednculo empregat\u00edcio, estar liberado das atividades profissionais sem percep\u00e7\u00e3o de vencimentos;<\/li>\n<li>n\u00e3o possuir qualquer rela\u00e7\u00e3o de trabalho com a promotora do programa de p\u00f3s-gradua\u00e7\u00e3o;<\/li>\n<li>n\u00e3o acumular a percep\u00e7\u00e3o da bolsa com qualquer modalidade de aux\u00edlio ou bolsa de outro programa, ou de outra ag\u00eancia de fomento p\u00fablica nacional;<\/li>\n<li>n\u00e3o ser aluno em programa de resid\u00eancia m\u00e9dica;<\/li>\n<li>n\u00e3o se encontrar aposentado ou em situa\u00e7\u00e3o equiparada;<\/li>\n<li>carecer, quando da concess\u00e3o da bolsa, do exerc\u00edcio laboral por tempo n\u00e3o inferior a dez anos para obter aposentadoria compuls\u00f3ria;<\/li>\n<li>ser classificado no processo seletivo especialmente instaurado pela promotora do curso;<\/li>\n<li>realizar est\u00e1gio docente de acordo com o regulamento espec\u00edfico de cada programa.<\/li>\n<\/ul>\n<p><strong>Documentos para preenchimento por parte do bolsista (Implanta\u00e7\u00e3o da bolsa):<\/strong><\/p>\n<ul>\n<li><a href=\"https:\/\/pos-graduacao.uepb.edu.br\/ppgdr\/files\/2021\/12\/Modelo-de-Termo-de-Compromisso-1.doc\">Modelo de Termo de Compromisso<\/a><\/li>\n<li><a href=\"https:\/\/pos-graduacao.uepb.edu.br\/ppgdr\/files\/2021\/12\/Formulario-de-Cadastro-do-Bolsista-1.xlsx\">Formul\u00e1rio de Cadastro do Bolsista<\/a><\/li>\n<li><a href=\"https:\/\/pos-graduacao.uepb.edu.br\/ppgdr\/files\/2021\/12\/Modelo-de-declaracao-de-nao-vinculo.docx\">Modelo de declara\u00e7\u00e3o de n\u00e3o v\u00ednculo<\/a>\u00a0( 2 vias autenticadas= 1 para envio \u00e0 PRPGP\u00a0 e outra para o setor do PPGDR)<\/li>\n<\/ul>\n<p>[\/vc_column_text][\/vc_tta_section][vc_tta_section title=&#8221;Suspens\u00e3o de matr\u00edcula em disciplina&#8221; tab_id=&#8221;1718802550301-d1f41aeb-3c37&#8243;][vc_column_text css=&#8221;.vc_custom_1718803257470{margin-top: 20px !important;}&#8221;]Para solicitar suspens\u00e3o de matr\u00edcula em disciplina, o aluno deve preencher <a href=\"https:\/\/pos-graduacao.uepb.edu.br\/ppgdr\/files\/2021\/12\/Requerimento_Padrao_UEPB.doc\">requerimento<\/a>, especificar o nome da disciplina e justificar o motivo do trancamento.<\/p>\n<p>Art. 42 do Regimento Interno do PPGDR (RESOLU\u00c7\u00c3O\/UEPB\/CONSEPE\/0199\/2019): \u201cSer\u00e1 permitida suspens\u00e3o de matr\u00edcula em uma ou mais disciplinas, desde que ainda n\u00e3o tenham sido realizados 30% das atividades previstas para a disciplina, salvo caso especial a crit\u00e9rio do Colegiado do Programa\u201d.[\/vc_column_text][\/vc_tta_section][vc_tta_section title=&#8221;Aproveitamento de cr\u00e9ditos de disciplina&#8221; tab_id=&#8221;1718802531419-b21b8b1d-48d7&#8243;][vc_column_text css=&#8221;.vc_custom_1718803250367{margin-top: 20px !important;}&#8221;]Para solicitar aproveitamento de cr\u00e9ditos de disciplina, o aluno deve preencher <a href=\"https:\/\/pos-graduacao.uepb.edu.br\/ppgdr\/files\/2021\/12\/Requerimento_Padrao_UEPB.doc\">requerimento<\/a>, juntar hist\u00f3rico escolar e enviar para o e-mail ppgdr@setor.uepb.edu.br.[\/vc_column_text][\/vc_tta_section][vc_tta_section title=&#8221;Aproveitamento de profici\u00eancia&#8221; tab_id=&#8221;1718803161168-4ab8fd91-7b62&#8243;][vc_column_text css=&#8221;.vc_custom_1718803235984{margin-top: 20px !important;}&#8221;]Para solicitar\u00a0 o aproveitamento de profici\u00eancia, o aluno deve preencher <a href=\"https:\/\/pos-graduacao.uepb.edu.br\/ppgdr\/files\/2021\/12\/Requerimento_Padrao_UEPB.doc\">requerimento<\/a>, juntar certificado e enviar para o e-mail ppgdr@setor.uepb.edu.br. A documenta\u00e7\u00e3o \u00e9 submetida ao Colegiado e o aluno recebe a delibera\u00e7\u00e3o por e-mail ap\u00f3s a reuni\u00e3o.[\/vc_column_text][\/vc_tta_section][vc_tta_section title=&#8221;Est\u00e1gio Doc\u00eancia&#8221; tab_id=&#8221;1718803160440-d00adb72-0edd&#8221;][vc_column_text css=&#8221;.vc_custom_1718803337733{margin-top: 20px !important;}&#8221;]O aluno dever\u00e1 preencher\/assinar o relat\u00f3rio\u00a0do\u00a0discente e assinar o\u00a0formul\u00e1rio\u00a0de avalia\u00e7\u00e3o\u00a0do\u00a0<span class=\"il\">est\u00e1gio<\/span>\u00a0<span class=\"il\">doc\u00eancia<\/span>. Os professores orientadores dever\u00e3o preencher e assinar o formul\u00e1rio de avalia\u00e7\u00e3o do\u00a0<span class=\"il\">est\u00e1gio<\/span>\u00a0<span class=\"il\">doc\u00eancia e colocar a nota do aluno neste formul\u00e1rio<\/span>. Os documentos abaixo preenchidos e assinados dever\u00e3o ser enviados pelos alunos para o e-mail ppgdr@setor.uepb.edu.br.<\/p>\n<ul>\n<li><a href=\"https:\/\/pos-graduacao.uepb.edu.br\/ppgdr\/files\/2021\/12\/Relatorio-do-Discente-Estagio-Docencia.xlsx\">Relat\u00f3rio do Discente-Est\u00e1gio-Doc\u00eancia<\/a><\/li>\n<li><a href=\"https:\/\/pos-graduacao.uepb.edu.br\/ppgdr\/files\/2021\/12\/Formulario-de-Avaliacao-do-Estagio-Docencia-Relatorio-do-Docente-1.xlsx\">Formul\u00e1rio de Avalia\u00e7\u00e3o do Est\u00e1gio Doc\u00eancia &#8211; Relat\u00f3rio do Docente<\/a><\/li>\n<\/ul>\n<p><strong>Dispensa de Est\u00e1gio Doc\u00eancia<\/strong><\/p>\n<p>Para solicitar dispensa de est\u00e1gio doc\u00eancia, \u00e9 necess\u00e1rio que o aluno envie <a href=\"https:\/\/pos-graduacao.uepb.edu.br\/ppgdr\/files\/2021\/12\/Requerimento_Padrao_UEPB.doc\">requerimento<\/a>, solicitando a dispensa, al\u00e9m de declara\u00e7\u00e3o da institui\u00e7\u00e3o em que lecione, comprovando o exerc\u00edcio de doc\u00eancia no ensino superior. A documenta\u00e7\u00e3o ser\u00e1 submetida ao Colegiado.[\/vc_column_text][\/vc_tta_section][vc_tta_section title=&#8221;Agendamento de Defesa\/Qualifica\u00e7\u00e3o&#8221; tab_id=&#8221;1718803160247-ad0d421c-fe05&#8243;][vc_row_inner gap=&#8221;20&#8243; css=&#8221;.vc_custom_1718803539913{margin-top: 20px !important;}&#8221;][vc_column_inner width=&#8221;1\/2&#8243;][vc_column_text]<strong><a href=\"https:\/\/pos-graduacao.uepb.edu.br\/ppgdr\/files\/2021\/12\/Formulario-de-Agendamento-de-Defesa-PPGDR.docx\">Formul\u00e1rio de Agendamento de Defesa<\/a><\/strong><\/p>\n<p>Observa\u00e7\u00e3o: O <a href=\"https:\/\/pos-graduacao.uepb.edu.br\/ppgdr\/files\/2021\/12\/Formulario-de-Agendamento-de-Defesa-PPGDR.docx\">formul\u00e1rio<\/a> deve ser preenchido e enviado pelo aluno para o e-mail ppgdr@setor.uepb.edu.br, junto com o texto da defesa. A documenta\u00e7\u00e3o ser\u00e1 submetida ao Colegiado para verifica\u00e7\u00e3o dos membros da banca. Ap\u00f3s a a avalia\u00e7\u00e3o do Colegiado, o aluno receber\u00e1 o comunicado por e-mail sobre a autoriza\u00e7\u00e3o da banca.<\/p>\n<p><strong>Aten\u00e7\u00e3o<\/strong>: o examinador externo dever ser\u00a0 professor doutor pertencente\u00a0 a programa de p\u00f3s-gradua\u00e7\u00e3o externo \u00e0 UEPB, conforme regimento.[\/vc_column_text][\/vc_column_inner][vc_column_inner width=&#8221;1\/2&#8243;][vc_column_text]<strong><a href=\"https:\/\/pos-graduacao.uepb.edu.br\/ppgdr\/files\/2021\/12\/Formulario-de-Agendamento-de-Qualificacao-PPGDR.docx\">Formul\u00e1rio de Agendamento de Qualifica\u00e7\u00e3o<\/a><\/strong><\/p>\n<p>Observa\u00e7\u00e3o: O formul\u00e1rio deve ser preenchido e enviado pelo aluno para o e-mail ppgdr@setor.uepb.edu.br, junto com o texto da Qualifica\u00e7\u00e3o. A documenta\u00e7\u00e3o ser\u00e1 submetida ao Colegiado para verifica\u00e7\u00e3o dos membros da banca. Ap\u00f3s a a avalia\u00e7\u00e3o do Colegiado, o aluno receber\u00e1 o comunicado por e-mail sobre a autoriza\u00e7\u00e3o da banca.[\/vc_column_text][\/vc_column_inner][\/vc_row_inner][\/vc_tta_section][vc_tta_section title=&#8221;Requerimento de Prorroga\u00e7\u00e3o de Qualifica\u00e7\u00e3o\/Defesa&#8221; tab_id=&#8221;1718803159985-68a3f84c-b07a&#8221;][vc_column_text css=&#8221;.vc_custom_1718803618466{margin-top: 20px !important;}&#8221;]Para solicitar prorroga\u00e7\u00e3o de Qualifica\u00e7\u00e3o\/Defesa de Qualifica\u00e7\u00e3o, o aluno deve enviar os documentos abaixo. Os documentos devem ser enviados para o e-mail ppgdr@setor.uepb.edu.br. A documenta\u00e7\u00e3o \u00e9 submetida ao Colegiado para aprecia\u00e7\u00e3o. Ap\u00f3s a reuni\u00e3o, o aluno \u00e9 comunicado sobre a delibera\u00e7\u00e3o por e-mail.<\/p>\n<ul>\n<li><a href=\"https:\/\/pos-graduacao.uepb.edu.br\/ppgdr\/files\/2021\/12\/Requerimento_Padrao_UEPB.doc\">Requerimento<\/a>\u00a0 solicitando a prorroga\u00e7\u00e3o do prazo, contendo justificativa da solicita\u00e7\u00e3o;\u00a0<a href=\"https:\/\/pos-graduacao.uepb.edu.br\/ppgdr\/files\/2021\/12\/Requerimento_Padrao_UEPB.doc\">\u00a0<\/a><\/li>\n<li>Parecer circunstanciado do orientador;<\/li>\n<li>Volume da Disserta\u00e7\u00e3o em andamento;<\/li>\n<li>Relat\u00f3rio de atividades j\u00e1 desenvolvidas e cronograma indicativo das atividades a serem efetuadas durante o per\u00edodo da prorroga\u00e7\u00e3o.<\/li>\n<\/ul>\n<p>[\/vc_column_text][\/vc_tta_section][vc_tta_section title=&#8221;Solicita\u00e7\u00f5es diversas&#8221; tab_id=&#8221;1718803159105-93c79717-8195&#8243;][vc_column_text css=&#8221;.vc_custom_1718803672685{margin-top: 20px !important;}&#8221;]Para solicita\u00e7\u00f5es diversas, como licen\u00e7a-maternidade, regime especial para cumprimento de atividades acad\u00eamicas, o aluno deve preencher este <a href=\"https:\/\/pos-graduacao.uepb.edu.br\/ppgdr\/files\/2021\/12\/Requerimento_Padrao_UEPB.doc\">requerimento<\/a>, juntar documenta\u00e7\u00e3o comprobat\u00f3ria e enviar para o e-mail ppgdr@ setor.uepb.edu.br. A documenta\u00e7\u00e3o \u00e9 submetida ao Colegiado e o aluno recebe a delibera\u00e7\u00e3o por e-mail ap\u00f3s a reuni\u00e3o.[\/vc_column_text][\/vc_tta_section][\/vc_tta_accordion][\/vc_column][\/vc_row]<\/p>\n<\/div>","protected":false},"excerpt":{"rendered":"<p>[vc_row][vc_column][vc_tta_accordion title_tag=&#8221;h3&#8243; section_title_tag=&#8221;h2&#8243; style=&#8221;modern&#8221; c_icon=&#8221;triangle&#8221; active_section=&#8221;&#8221;][vc_tta_section title=&#8221;Trancamento de matr\u00edcula&#8221; tab_id=&#8221;1718802531406-eb5ab3ad-92b7&#8243;][vc_column_text css=&#8221;.vc_custom_1718802555318{margin-top: 20px !important;}&#8221;]Para solicitar trancamento de matr\u00edcula, o aluno deve preencher requerimento, juntar documenta\u00e7\u00e3o comprobat\u00f3ria caso haja e enviar para o e-mail ppgdr@setor.uepb.edu.br. A documenta\u00e7\u00e3o \u00e9 submetida ao Colegiado e o aluno recebe a delibera\u00e7\u00e3o por e-mail ap\u00f3s a reuni\u00e3o.[\/vc_column_text][\/vc_tta_section][vc_tta_section title=&#8221;Matr\u00edcula&#8221; tab_id=&#8221;1718802550635-e6947077-86b4&#8243;][vc_column_text css=&#8221;.vc_custom_1718803514819{margin-top: 20px !important;}&#8221;]Procedimentos <a class=\"leiamais\" href=\"https:\/\/pos-graduacao.uepb.edu.br\/ppgdr\/formularios-2\/\">Leia Mais&#8230;<\/a><\/p>\n","protected":false},"author":5,"featured_media":0,"parent":0,"menu_order":0,"comment_status":"closed","ping_status":"closed","template":"","meta":{"footnotes":""},"class_list":["post-5386","page","type-page","status-publish","hentry"],"_links":{"self":[{"href":"https:\/\/pos-graduacao.uepb.edu.br\/ppgdr\/wp-json\/wp\/v2\/pages\/5386","targetHints":{"allow":["GET"]}}],"collection":[{"href":"https:\/\/pos-graduacao.uepb.edu.br\/ppgdr\/wp-json\/wp\/v2\/pages"}],"about":[{"href":"https:\/\/pos-graduacao.uepb.edu.br\/ppgdr\/wp-json\/wp\/v2\/types\/page"}],"author":[{"embeddable":true,"href":"https:\/\/pos-graduacao.uepb.edu.br\/ppgdr\/wp-json\/wp\/v2\/users\/5"}],"replies":[{"embeddable":true,"href":"https:\/\/pos-graduacao.uepb.edu.br\/ppgdr\/wp-json\/wp\/v2\/comments?post=5386"}],"version-history":[{"count":5,"href":"https:\/\/pos-graduacao.uepb.edu.br\/ppgdr\/wp-json\/wp\/v2\/pages\/5386\/revisions"}],"predecessor-version":[{"id":5391,"href":"https:\/\/pos-graduacao.uepb.edu.br\/ppgdr\/wp-json\/wp\/v2\/pages\/5386\/revisions\/5391"}],"wp:attachment":[{"href":"https:\/\/pos-graduacao.uepb.edu.br\/ppgdr\/wp-json\/wp\/v2\/media?parent=5386"}],"curies":[{"name":"wp","href":"https:\/\/api.w.org\/{rel}","templated":true}]}}