{"id":4151,"date":"2021-12-23T13:29:01","date_gmt":"2021-12-23T16:29:01","guid":{"rendered":"https:\/\/pos-graduacao.uepb.edu.br\/ppgdr\/?page_id=4151"},"modified":"2024-07-25T09:37:14","modified_gmt":"2024-07-25T12:37:14","slug":"documentos-para-matricula","status":"publish","type":"page","link":"https:\/\/pos-graduacao.uepb.edu.br\/ppgdr\/documentos-para-matricula\/","title":{"rendered":"Documentos para Matr\u00edcula"},"content":{"rendered":"<p>Per\u00edodo de matr\u00edcula: 29\/07\/2024 a 02\/08\/2024<\/p>\n<p>In\u00edcio das aulas:\u00a0 12\/08\/2024<\/p>\n<ul>\n<li><strong>Procedimentos para matr\u00edcula de alunos veteranos (ficha de matr\u00edcula, relat\u00f3rio semestral de atividades discentes e declara\u00e7\u00e3o de orienta\u00e7\u00e3o de trabalho de pesquisa)<\/strong><\/li>\n<\/ul>\n<p>Cronograma de disciplinas 2024.2:<\/p>\n<p>Preencher ficha de matr\u00edcula (turma 2024) : <a href=\"https:\/\/docs.google.com\/document\/d\/1tOop_grxh4rCsfH99sIP57VPKyNtz8F7\/edit?usp=drive_link&amp;ouid=109707257534692363585&amp;rtpof=true&amp;sd=true\">Ficha de matr\u00edcula 2024.2 <\/a><\/p>\n<p>Preencher Ficha de matr\u00edcula (turma 2023):<\/p>\n<p>Preencher Ficha de matr\u00edcula (turma 2022):<\/p>\n<p>Preencher Relat\u00f3rio Semestral: <a href=\"https:\/\/pos-graduacao.uepb.edu.br\/ppgdr\/files\/2021\/12\/RELATORIO-SEMESTRAL-DE-ATIVIDADES-DISCENTES-2.doc\">RELAT\u00d3RIO-SEMESTRAL-DE-ATIVIDADES-DISCENTE<\/a><\/p>\n<p>Preencher Declara\u00e7\u00e3o de Orienta\u00e7\u00e3o de Trabalho de Pesquisa: <a href=\"https:\/\/pos-graduacao.uepb.edu.br\/ppgdr\/files\/2023\/03\/Declaracao-de-orientacao-de-trabalho-de-pesquisa.doc\">Declara\u00e7\u00e3o-de-orienta\u00e7\u00e3o-de-trabalho-de-pesquisa<\/a><\/p>\n<p>Enviar essa documenta\u00e7\u00e3o para o e-mail ppgdr@setor.uepb.edu.br no per\u00edodo de matr\u00edcula.<\/p>\n<p>&nbsp;<\/p>\n","protected":false},"excerpt":{"rendered":"<p>Per\u00edodo de matr\u00edcula: 29\/07\/2024 a 02\/08\/2024 In\u00edcio das aulas:\u00a0 12\/08\/2024 Procedimentos para matr\u00edcula de alunos veteranos (ficha de matr\u00edcula, relat\u00f3rio semestral de atividades discentes e declara\u00e7\u00e3o de orienta\u00e7\u00e3o de trabalho de pesquisa) Cronograma de disciplinas 2024.2: Preencher ficha de matr\u00edcula (turma 2024) : Ficha de matr\u00edcula 2024.2 Preencher Ficha de matr\u00edcula (turma 2023): Preencher Ficha <a class=\"leiamais\" href=\"https:\/\/pos-graduacao.uepb.edu.br\/ppgdr\/documentos-para-matricula\/\">Leia Mais&#8230;<\/a><\/p>\n","protected":false},"author":48,"featured_media":0,"parent":0,"menu_order":0,"comment_status":"closed","ping_status":"closed","template":"","meta":{"footnotes":""},"class_list":["post-4151","page","type-page","status-publish","hentry"],"_links":{"self":[{"href":"https:\/\/pos-graduacao.uepb.edu.br\/ppgdr\/wp-json\/wp\/v2\/pages\/4151","targetHints":{"allow":["GET"]}}],"collection":[{"href":"https:\/\/pos-graduacao.uepb.edu.br\/ppgdr\/wp-json\/wp\/v2\/pages"}],"about":[{"href":"https:\/\/pos-graduacao.uepb.edu.br\/ppgdr\/wp-json\/wp\/v2\/types\/page"}],"author":[{"embeddable":true,"href":"https:\/\/pos-graduacao.uepb.edu.br\/ppgdr\/wp-json\/wp\/v2\/users\/48"}],"replies":[{"embeddable":true,"href":"https:\/\/pos-graduacao.uepb.edu.br\/ppgdr\/wp-json\/wp\/v2\/comments?post=4151"}],"version-history":[{"count":33,"href":"https:\/\/pos-graduacao.uepb.edu.br\/ppgdr\/wp-json\/wp\/v2\/pages\/4151\/revisions"}],"predecessor-version":[{"id":5438,"href":"https:\/\/pos-graduacao.uepb.edu.br\/ppgdr\/wp-json\/wp\/v2\/pages\/4151\/revisions\/5438"}],"wp:attachment":[{"href":"https:\/\/pos-graduacao.uepb.edu.br\/ppgdr\/wp-json\/wp\/v2\/media?parent=4151"}],"curies":[{"name":"wp","href":"https:\/\/api.w.org\/{rel}","templated":true}]}}