{"id":11,"date":"2011-10-27T12:13:42","date_gmt":"2011-10-27T12:13:42","guid":{"rendered":"http:\/\/pos-graduacao.ascom.uepb.edu.br\/ppgdr\/?page_id=11"},"modified":"2013-08-01T14:36:57","modified_gmt":"2013-08-01T17:36:57","slug":"operacionalizacao","status":"publish","type":"page","link":"https:\/\/pos-graduacao.uepb.edu.br\/ppgdr\/operacionalizacao\/","title":{"rendered":"Operacionaliza\u00e7\u00e3o"},"content":{"rendered":"<p style=\"text-align: justify\">O programa funciona em regime semestral, com dura\u00e7\u00e3o prevista de dois anos. Nesse per\u00edodo o aluno deve cumprir um total de 33 cr\u00e9ditos, sendo 15 de disciplinas obrigat\u00f3rias, 12 de disciplinas optativas e 06 correspondentes \u00e0 elabora\u00e7\u00e3o, qualifica\u00e7\u00e3o e defesa da disserta\u00e7\u00e3o. As disciplinas obrigat\u00f3rias s\u00e3o oferecidas, exclusivamente, na UEPB, mas a do quadro eletivo podem ser cursadas nas duas institui\u00e7\u00f5es associadas (UEPB e UFCG). O PPGDR tamb\u00e9m participa de projetos e programas que permitem experi\u00eancias de complementa\u00e7\u00e3o da forma\u00e7\u00e3o do mestrando, no formato &#8220;sanduiche&#8221;, em universidades brasileiras e\/ou estrangeiras.<\/p>\n","protected":false},"excerpt":{"rendered":"<p>O programa funciona em regime semestral, com dura\u00e7\u00e3o prevista de dois anos. Nesse per\u00edodo o aluno deve cumprir um total de 33 cr\u00e9ditos, sendo 15 de disciplinas obrigat\u00f3rias, 12 de disciplinas optativas e 06 correspondentes \u00e0 elabora\u00e7\u00e3o, qualifica\u00e7\u00e3o e defesa da disserta\u00e7\u00e3o. As disciplinas obrigat\u00f3rias s\u00e3o oferecidas, exclusivamente, na UEPB, mas a do quadro eletivo <a class=\"leiamais\" href=\"https:\/\/pos-graduacao.uepb.edu.br\/ppgdr\/operacionalizacao\/\">Leia Mais&#8230;<\/a><\/p>\n","protected":false},"author":3,"featured_media":0,"parent":0,"menu_order":0,"comment_status":"open","ping_status":"open","template":"","meta":{"footnotes":""},"class_list":["post-11","page","type-page","status-publish","hentry"],"_links":{"self":[{"href":"https:\/\/pos-graduacao.uepb.edu.br\/ppgdr\/wp-json\/wp\/v2\/pages\/11","targetHints":{"allow":["GET"]}}],"collection":[{"href":"https:\/\/pos-graduacao.uepb.edu.br\/ppgdr\/wp-json\/wp\/v2\/pages"}],"about":[{"href":"https:\/\/pos-graduacao.uepb.edu.br\/ppgdr\/wp-json\/wp\/v2\/types\/page"}],"author":[{"embeddable":true,"href":"https:\/\/pos-graduacao.uepb.edu.br\/ppgdr\/wp-json\/wp\/v2\/users\/3"}],"replies":[{"embeddable":true,"href":"https:\/\/pos-graduacao.uepb.edu.br\/ppgdr\/wp-json\/wp\/v2\/comments?post=11"}],"version-history":[{"count":5,"href":"https:\/\/pos-graduacao.uepb.edu.br\/ppgdr\/wp-json\/wp\/v2\/pages\/11\/revisions"}],"predecessor-version":[{"id":463,"href":"https:\/\/pos-graduacao.uepb.edu.br\/ppgdr\/wp-json\/wp\/v2\/pages\/11\/revisions\/463"}],"wp:attachment":[{"href":"https:\/\/pos-graduacao.uepb.edu.br\/ppgdr\/wp-json\/wp\/v2\/media?parent=11"}],"curies":[{"name":"wp","href":"https:\/\/api.w.org\/{rel}","templated":true}]}}