{"id":80,"date":"2023-11-29T14:13:06","date_gmt":"2023-11-29T17:13:06","guid":{"rendered":"https:\/\/pos-graduacao.uepb.edu.br\/ppgdarq\/?page_id=80"},"modified":"2023-12-20T10:16:11","modified_gmt":"2023-12-20T13:16:11","slug":"contextualizacao","status":"publish","type":"page","link":"https:\/\/pos-graduacao.uepb.edu.br\/ppgdarq\/contextualizacao\/","title":{"rendered":"Contextualiza\u00e7\u00e3o"},"content":{"rendered":"<div class=\"wpb-content-wrapper\"><p>[vc_row][vc_column][mvc_timeline_father][mvc_timeline_son maintitle=&#8221;Miss\u00e3o&#8221; titlealign=&#8221;right&#8221; titlepadding=&#8221;20&#8243; bgclr=&#8221;#1e73be&#8221; icon=&#8221;fas fa-globe&#8221; icon_size=&#8221;20&#8243; titleclr=&#8221;#1e73be&#8221; titlesize=&#8221;25&#8243;]<\/p>\n<p style=\"text-align: right;\">Gerar e difundir conhecimentos de governan\u00e7a e gest\u00e3o arquiv\u00edstica por meio do ensino, da pesquisa e da inova\u00e7\u00e3o cont\u00ednua para contribuir com o desenvolvimento sustent\u00e1vel, educacional e sociocultural do Pa\u00eds, particularmente no Estado da Para\u00edba ao formar cidad\u00e3os \u00e9ticos para o exerc\u00edcio da profiss\u00e3o.<\/p>\n<p>[\/mvc_timeline_son][mvc_timeline_son maintitle=&#8221;Vis\u00e3o&#8221; titlepadding=&#8221;20&#8243; bgclr=&#8221;#1e73be&#8221; icon=&#8221;fas fa-eye&#8221; icon_size=&#8221;20&#8243; titleclr=&#8221;#1e73be&#8221; titlesize=&#8221;25&#8243;]<\/p>\n<p style=\"text-align: left;\">Ser um programa de p\u00f3s-gradua\u00e7\u00e3o profissional inovador, refer\u00eancia no ensino e na pesquisa sobre governan\u00e7a e gest\u00e3o arquiv\u00edsticas no Brasil, comprometido com o respeito \u00e0 diversidade, \u00e0 democracia, \u00e0 transpar\u00eancia e com a qualidade do desenvolvimento sustent\u00e1vel e tecnol\u00f3gico necess\u00e1rios para a gest\u00e3o p\u00fablica e privada.<\/p>\n<p>[\/mvc_timeline_son][mvc_timeline_son maintitle=&#8221;Valor&#8221; titlealign=&#8221;right&#8221; titlepadding=&#8221;20&#8243; bgclr=&#8221;#1e73be&#8221; icon=&#8221;fas fa-gem&#8221; icon_size=&#8221;20&#8243; titleclr=&#8221;#1e73be&#8221; titlesize=&#8221;25&#8243;]<\/p>\n<p style=\"text-align: right;\" align=\"justify\">Aprendizagem com est\u00edmulo \u00e0 inova\u00e7\u00e3o e a criticidade; Incentivo a pesquisas de excel\u00eancia; \u00c9tica; Equidade e Respeito \u00e0s diversidades; Transpar\u00eancia; Compromisso com a sociedade e com o bem p\u00fablico.<\/p>\n<p>[\/mvc_timeline_son][mvc_timeline_son maintitle=&#8221;Objetivos e Metas&#8221; titlepadding=&#8221;20&#8243; bgclr=&#8221;#1e73be&#8221; icon=&#8221;fas fa-bullseye&#8221; icon_size=&#8221;20&#8243; titleclr=&#8221;#1e73be&#8221; titlesize=&#8221;25&#8243;]<\/p>\n<p style=\"text-align: left;\">As iniciativas e metas propostas para este programa de p\u00f3s-gradua\u00e7\u00e3o profissional foram balizadas, considerando a avalia\u00e7\u00e3o quadrienal da CAPES, os projetos de desenvolvimentos institucionais (PDI) da UFPB e da UEPB, bem como os processos de autoavalia\u00e7\u00e3o institucional.<\/p>\n<p>[\/mvc_timeline_son][mvc_timeline_son maintitle=&#8221;An\u00e1lise de Risco&#8221; titlealign=&#8221;right&#8221; titlepadding=&#8221;20&#8243; bgclr=&#8221;#1e73be&#8221; icon=&#8221;fas fa-chart-line&#8221; icon_size=&#8221;20&#8243; titleclr=&#8221;#1e73be&#8221; titlesize=&#8221;25&#8243;]<\/p>\n<p style=\"text-align: right;\">O PPGDARQ prev\u00ea a an\u00e1lise dos riscos que possam comprometer o atingimento dos objetivos estrat\u00e9gicos a partir de controles para sua mitiga\u00e7\u00e3o, bem como realizar a necess\u00e1ria an\u00e1lise dos problemas que possam interferir nos demais resultados do referido programa de p\u00f3s-gradua\u00e7\u00e3o e dos PDIs das institui\u00e7\u00f5es parceiras (UEPB e UFPB).<\/p>\n<p>&nbsp;<\/p>\n<p style=\"text-align: right;\"><a href=\"https:\/\/pos-graduacao.uepb.edu.br\/ppgdarq\/download\/planejamento-estrategico\/?wpdmdl=118&amp;masterkey=dUIkKU0U1oOK1lT-HyUfbK2fq_Ll5dB-dte5BgC3ZoXEuB7UiJf7Vn7jmhn4Iftow85D24k5Ge8y5r3oP-X-QV_OBSGp178NVExt9zmbv7M\" target=\"_blank\" rel=\"noopener\"><strong>&gt;&gt;&gt; Saiba mais !<\/strong><\/a><\/p>\n<p>[\/mvc_timeline_son][mvc_timeline_son maintitle=&#8221;Autoavalia\u00e7\u00e3o&#8221; titlepadding=&#8221;20&#8243; bgclr=&#8221;#1e73be&#8221; icon=&#8221;fas fa-sync&#8221; icon_size=&#8221;20&#8243; titleclr=&#8221;#1e73be&#8221; titlesize=&#8221;25&#8243;]<\/p>\n<p align=\"justify\">A autoavalia\u00e7\u00e3o do PPGDARQ se dar\u00e1 por instrumento pr\u00f3prio e pelos instrumentos institu\u00eddos pelas Comiss\u00f5es Pr\u00f3prias de Avalia\u00e7\u00e3o, tanto da UEPB quanto da UFPB. O instrumento ser\u00e1 dirigido \u00e0 comunidade acad\u00eamica como um todo, a saber: discentes, docentes e t\u00e9cnicos administrativos.<\/p>\n<p>&nbsp;<\/p>\n<p><a href=\"https:\/\/pos-graduacao.uepb.edu.br\/ppgdarq\/politica-de-autoavaliacao\/\"><strong>&gt;&gt;&gt; Saiba mais !<\/strong><\/a>[\/mvc_timeline_son][mvc_timeline_son maintitle=&#8221;Valor Gerado&#8221; titlealign=&#8221;right&#8221; titlepadding=&#8221;20&#8243; bgclr=&#8221;#1e73be&#8221; icon=&#8221;fas fa-hand-holding-heart&#8221; icon_size=&#8221;20&#8243; titleclr=&#8221;#1e73be&#8221; titlesize=&#8221;25&#8243;]<\/p>\n<p style=\"text-align: right;\">De modo sist\u00eamico, a percep\u00e7\u00e3o dos valores que se deseja gerar est\u00e1 vinculada ao entendimento dos objetivos e metas do programa. Assim, dentre aos valores gerados, um dos principais que se pretende \u00e9 a forma\u00e7\u00e3o qualificada e de excel\u00eancia, pois atender\u00e1 as demandas da governan\u00e7a, gest\u00e3o arquiv\u00edstica e de institui\u00e7\u00f5es memoriais, respons\u00e1veis pela preserva\u00e7\u00e3o do patrim\u00f4nio documental da sociedade.<\/p>\n<p>[\/mvc_timeline_son][\/mvc_timeline_father][\/vc_column][\/vc_row]<\/p>\n<\/div>","protected":false},"excerpt":{"rendered":"<p>[vc_row][vc_column][mvc_timeline_father][mvc_timeline_son maintitle=&#8221;Miss\u00e3o&#8221; titlealign=&#8221;right&#8221; titlepadding=&#8221;20&#8243; bgclr=&#8221;#1e73be&#8221; icon=&#8221;fas fa-globe&#8221; icon_size=&#8221;20&#8243; titleclr=&#8221;#1e73be&#8221; titlesize=&#8221;25&#8243;] Gerar e difundir conhecimentos de governan\u00e7a e gest\u00e3o arquiv\u00edstica por meio do ensino, da pesquisa e da inova\u00e7\u00e3o cont\u00ednua para contribuir com o desenvolvimento sustent\u00e1vel, educacional e sociocultural do Pa\u00eds, particularmente no Estado da Para\u00edba ao formar cidad\u00e3os \u00e9ticos para o exerc\u00edcio da profiss\u00e3o. [\/mvc_timeline_son][mvc_timeline_son <a class=\"leiamais\" href=\"https:\/\/pos-graduacao.uepb.edu.br\/ppgdarq\/contextualizacao\/\">Leia Mais&#8230;<\/a><\/p>\n","protected":false},"author":3,"featured_media":0,"parent":0,"menu_order":0,"comment_status":"closed","ping_status":"closed","template":"","meta":{"footnotes":""},"class_list":["post-80","page","type-page","status-publish","hentry"],"_links":{"self":[{"href":"https:\/\/pos-graduacao.uepb.edu.br\/ppgdarq\/wp-json\/wp\/v2\/pages\/80","targetHints":{"allow":["GET"]}}],"collection":[{"href":"https:\/\/pos-graduacao.uepb.edu.br\/ppgdarq\/wp-json\/wp\/v2\/pages"}],"about":[{"href":"https:\/\/pos-graduacao.uepb.edu.br\/ppgdarq\/wp-json\/wp\/v2\/types\/page"}],"author":[{"embeddable":true,"href":"https:\/\/pos-graduacao.uepb.edu.br\/ppgdarq\/wp-json\/wp\/v2\/users\/3"}],"replies":[{"embeddable":true,"href":"https:\/\/pos-graduacao.uepb.edu.br\/ppgdarq\/wp-json\/wp\/v2\/comments?post=80"}],"version-history":[{"count":47,"href":"https:\/\/pos-graduacao.uepb.edu.br\/ppgdarq\/wp-json\/wp\/v2\/pages\/80\/revisions"}],"predecessor-version":[{"id":330,"href":"https:\/\/pos-graduacao.uepb.edu.br\/ppgdarq\/wp-json\/wp\/v2\/pages\/80\/revisions\/330"}],"wp:attachment":[{"href":"https:\/\/pos-graduacao.uepb.edu.br\/ppgdarq\/wp-json\/wp\/v2\/media?parent=80"}],"curies":[{"name":"wp","href":"https:\/\/api.w.org\/{rel}","templated":true}]}}

Contextualização

<div class="wpb-content-wrapper"><p>[vc_row][vc_column][mvc_timeline_father][mvc_timeline_son maintitle=&#8221;Missão&#8221; titlealign=&#8221;right&#8221; titlepadding=&#8221;20&#8243; bgclr=&#8221;#1e73be&#8221; icon=&#8221;fas fa-globe&#8221; icon_size=&#8221;20&#8243; titleclr=&#8221;#1e73be&#8221; titlesize=&#8221;25&#8243;]</p>
<p style="text-align: right;">Gerar e difundir conhecimentos de governança e gestão arquivística por meio do ensino, da pesquisa e da inovação contínua para contribuir com o desenvolvimento sustentável, educacional e sociocultural do País, particularmente no Estado da Paraíba ao formar cidadãos éticos para o exercício da profissão.</p>
<p>[/mvc_timeline_son][mvc_timeline_son maintitle=&#8221;Visão&#8221; titlepadding=&#8221;20&#8243; bgclr=&#8221;#1e73be&#8221; icon=&#8221;fas fa-eye&#8221; icon_size=&#8221;20&#8243; titleclr=&#8221;#1e73be&#8221; titlesize=&#8221;25&#8243;]</p>
<p style="text-align: left;">Ser um programa de pós-graduação profissional inovador, referência no ensino e na pesquisa sobre governança e gestão arquivísticas no Brasil, comprometido com o respeito à diversidade, à democracia, à transparência e com a qualidade do desenvolvimento sustentável e tecnológico necessários para a gestão pública e privada.</p>
<p>[/mvc_timeline_son][mvc_timeline_son maintitle=&#8221;Valor&#8221; titlealign=&#8221;right&#8221; titlepadding=&#8221;20&#8243; bgclr=&#8221;#1e73be&#8221; icon=&#8221;fas fa-gem&#8221; icon_size=&#8221;20&#8243; titleclr=&#8221;#1e73be&#8221; titlesize=&#8221;25&#8243;]</p>
<p style="text-align: right;" align="justify">Aprendizagem com estímulo à inovação e a criticidade; Incentivo a pesquisas de excelência; Ética; Equidade e Respeito às diversidades; Transparência; Compromisso com a sociedade e com o bem público.</p>
<p>[/mvc_timeline_son][mvc_timeline_son maintitle=&#8221;Objetivos e Metas&#8221; titlepadding=&#8221;20&#8243; bgclr=&#8221;#1e73be&#8221; icon=&#8221;fas fa-bullseye&#8221; icon_size=&#8221;20&#8243; titleclr=&#8221;#1e73be&#8221; titlesize=&#8221;25&#8243;]</p>
<p style="text-align: left;">As iniciativas e metas propostas para este programa de pós-graduação profissional foram balizadas, considerando a avaliação quadrienal da CAPES, os projetos de desenvolvimentos institucionais (PDI) da UFPB e da UEPB, bem como os processos de autoavaliação institucional.</p>
<p>[/mvc_timeline_son][mvc_timeline_son maintitle=&#8221;Análise de Risco&#8221; titlealign=&#8221;right&#8221; titlepadding=&#8221;20&#8243; bgclr=&#8221;#1e73be&#8221; icon=&#8221;fas fa-chart-line&#8221; icon_size=&#8221;20&#8243; titleclr=&#8221;#1e73be&#8221; titlesize=&#8221;25&#8243;]</p>
<p style="text-align: right;">O PPGDARQ prevê a análise dos riscos que possam comprometer o atingimento dos objetivos estratégicos a partir de controles para sua mitigação, bem como realizar a necessária análise dos problemas que possam interferir nos demais resultados do referido programa de pós-graduação e dos PDIs das instituições parceiras (UEPB e UFPB).</p>
<p>&nbsp;</p>
<p style="text-align: right;"><a href="https://pos-graduacao.uepb.edu.br/ppgdarq/download/planejamento-estrategico/?wpdmdl=118&amp;masterkey=dUIkKU0U1oOK1lT-HyUfbK2fq_Ll5dB-dte5BgC3ZoXEuB7UiJf7Vn7jmhn4Iftow85D24k5Ge8y5r3oP-X-QV_OBSGp178NVExt9zmbv7M" target="_blank" rel="noopener"><strong>&gt;&gt;&gt; Saiba mais !</strong></a></p>
<p>[/mvc_timeline_son][mvc_timeline_son maintitle=&#8221;Autoavaliação&#8221; titlepadding=&#8221;20&#8243; bgclr=&#8221;#1e73be&#8221; icon=&#8221;fas fa-sync&#8221; icon_size=&#8221;20&#8243; titleclr=&#8221;#1e73be&#8221; titlesize=&#8221;25&#8243;]</p>
<p align="justify">A autoavaliação do PPGDARQ se dará por instrumento próprio e pelos instrumentos instituídos pelas Comissões Próprias de Avaliação, tanto da UEPB quanto da UFPB. O instrumento será dirigido à comunidade acadêmica como um todo, a saber: discentes, docentes e técnicos administrativos.</p>
<p>&nbsp;</p>
<p><a href="https://pos-graduacao.uepb.edu.br/ppgdarq/politica-de-autoavaliacao/"><strong>&gt;&gt;&gt; Saiba mais !</strong></a>[/mvc_timeline_son][mvc_timeline_son maintitle=&#8221;Valor Gerado&#8221; titlealign=&#8221;right&#8221; titlepadding=&#8221;20&#8243; bgclr=&#8221;#1e73be&#8221; icon=&#8221;fas fa-hand-holding-heart&#8221; icon_size=&#8221;20&#8243; titleclr=&#8221;#1e73be&#8221; titlesize=&#8221;25&#8243;]</p>
<p style="text-align: right;">De modo sistêmico, a percepção dos valores que se deseja gerar está vinculada ao entendimento dos objetivos e metas do programa. Assim, dentre aos valores gerados, um dos principais que se pretende é a formação qualificada e de excelência, pois atenderá as demandas da governança, gestão arquivística e de instituições memoriais, responsáveis pela preservação do patrimônio documental da sociedade.</p>
<p>[/mvc_timeline_son][/mvc_timeline_father][/vc_column][/vc_row]</p>
</div>

<p>[vc_row][vc_column][mvc_timeline_father][mvc_timeline_son maintitle=&#8221;Missão&#8221; titlealign=&#8221;right&#8221; titlepadding=&#8221;20&#8243; bgclr=&#8221;#1e73be&#8221; icon=&#8221;fas fa-globe&#8221; icon_size=&#8221;20&#8243; titleclr=&#8221;#1e73be&#8221; titlesize=&#8221;25&#8243;] Gerar e difundir conhecimentos de governança e gestão arquivística por meio do ensino, da pesquisa e da inovação contínua para contribuir com o desenvolvimento sustentável, educacional e sociocultural do País, particularmente no Estado da Paraíba ao formar cidadãos éticos para o exercício da profissão. [/mvc_timeline_son][mvc_timeline_son <a class="leiamais" href="https://pos-graduacao.uepb.edu.br/ppgdarq/contextualizacao/">Leia Mais&#8230;</a></p>
