{"id":70,"date":"2023-11-27T14:34:44","date_gmt":"2023-11-27T17:34:44","guid":{"rendered":"https:\/\/pos-graduacao.uepb.edu.br\/ppgdarq\/?page_id=70"},"modified":"2023-11-27T14:34:44","modified_gmt":"2023-11-27T17:34:44","slug":"projetos-de-pesquisa","status":"publish","type":"page","link":"https:\/\/pos-graduacao.uepb.edu.br\/ppgdarq\/projetos-de-pesquisa\/","title":{"rendered":"Projetos de Pesquisa"},"content":{"rendered":"\n<table id=\"tablepress-1\" class=\"tablepress tablepress-id-1\">\n<thead>\n<tr class=\"row-1\">\n\t<th class=\"column-1\">PROJETO DE PESQUISA<\/th><th class=\"column-2\">DOCENTES<\/th><th class=\"column-3\">V\u00cdNCULO INSTITUCIONAL<\/th>\n<\/tr>\n<\/thead>\n<tbody class=\"row-striping row-hover\">\n<tr class=\"row-2\">\n\t<td class=\"column-1\">Projeto 1: CARTOGRAFIA DOS ARQUIVOS PESSOAIS DA CIDADE DE JO\u00c3O PESSOA (PB): ACERVOS, INSTITUI\u00c7\u00d5ES E MEM\u00d3RIAS<br \/>\nProjeto 2: ACERVOS, INSTITUI\u00c7\u00d5ES E TRAJET\u00d3RIAS:PRESERVA\u00c7\u00c3O E VISIBILIDADE DO PATRIM\u00d4NIO CULTURAL DA CI\u00caNCIA E TECNOLOGIA DA UFPB.<\/td><td class=\"column-2\">Ana Cl\u00e1udia Cruz C\u00f3rdula<\/td><td class=\"column-3\">DCI\/UFPB<\/td>\n<\/tr>\n<tr class=\"row-3\">\n\t<td class=\"column-1\">Projeto 1: A TRANSVERSALIDADE DA AN\u00c1LISE DOCUMENT\u00c1RIA NOS DOCUMENTOS ARQUIV\u00cdSTICOS \u00c0 LUZ DAS CORRENTES TE\u00d3RICAS DA ARQUIVOLOGIA<br \/>\nProjeto 2:  MANUSCRITOS DE JOS\u00c9 AM\u00c9RICO DE ALMEIDA: IDENTIFICA\u00c7\u00c3O E DESCRI\u00c7\u00c3O DOS DOCUMENTOS<\/td><td class=\"column-2\">Claudialyne da Silva Ara\u00fajo<\/td><td class=\"column-3\">DCI\/UFPB<\/td>\n<\/tr>\n<tr class=\"row-4\">\n\t<td class=\"column-1\">Projeto 1: A\u00c7\u00d5ES EDUCATIVO-CULTURAIS EM ARQUIVOS LUS\u00d3FONOS: UMA PROPOSTA TE\u00d3RICO-METODOL\u00d3GICA \u00c0 COMUNIDADE DE PA\u00cdSES DE L\u00cdNGUA PORTUGUESA-CPLP<br \/>\n<br \/>\nProjeto 2: OS IMPACTOS DA LITERACIA DIGITAL PARA A ARQUIVOLOGIA CONTEMPOR\u00c2NEA<\/td><td class=\"column-2\">Eliete Correia dos Santos<\/td><td class=\"column-3\">Arquivologia\/UEPB<\/td>\n<\/tr>\n<tr class=\"row-5\">\n\t<td class=\"column-1\">O LABORAT\u00d3RIO DE TECNOLOGIAS INTELECTUAIS \u2013 LTI COMO VALOR DE INFORMA\u00c7\u00c3O<\/td><td class=\"column-2\">Isa Maria Freire<\/td><td class=\"column-3\">DCI\/UFPB<\/td>\n<\/tr>\n<tr class=\"row-6\">\n\t<td class=\"column-1\">A\u00c7\u00d5ES DE INFORMA\u00c7\u00c3O NO LABORAT\u00d3RIO DE TECNOLOGIAS INTELECTUAIS \u2013 LTI <\/td><td class=\"column-2\">Isa Maria Freire<br \/>\nMaria Meriane Vieira da Rocha<\/td><td class=\"column-3\">DCI\/UFPB<\/td>\n<\/tr>\n<tr class=\"row-7\">\n\t<td class=\"column-1\">PROPOSTA E VALIDA\u00c7\u00c3O DE MODELO DE INTELIG\u00caNCIA ORGANIZACIONAL PARA AVALIAR PROGRAMAS DE P\u00d3S-GRADUA\u00c7\u00c3O EM CI\u00caNCIA DA INFORMA\u00c7\u00c3O E  ARQUIVOLOGIA<\/td><td class=\"column-2\">Jacqueline Echeverria Barrancos<br \/>\nManuela Eug\u00eanio Maia<\/td><td class=\"column-3\">Arquivologia\/UEPB<\/td>\n<\/tr>\n<tr class=\"row-8\">\n\t<td class=\"column-1\">Projeto 1: HIST\u00d3RIA ADMINISTRATIVA COMO FONTE PARA A CLASSIFICA\u00c7\u00c3O ARQUIV\u00cdSTICA NO ESTADO DA PARA\u00cdBA<br \/>\n<br \/>\nProjeto 2: \u201cDA ORDEM QUE H\u00c1 DE TER NESTA REPARTI\u00c7\u00c3O\u201d \u2013 IDENTIFICA\u00c7\u00c3O E CATALOGA\u00c7\u00c3O DOS DOCUMENTOS MANUSCRITOS DO ARQUIVO P\u00daBLICO DO ESTADO DA PARA\u00cdBA<\/td><td class=\"column-2\">Josemar Henrique de Melo<\/td><td class=\"column-3\">Arquivologia\/UEPB<\/td>\n<\/tr>\n<tr class=\"row-9\">\n\t<td class=\"column-1\">A NO\u00c7\u00c3O DE ONTOG\u00caNESE DE DOCUMENTOS ARQUIV\u00cdSTICOS NATO-DIGITAIS ORIENTADA AOS SISTEMAS INFORMATIZADOS<\/td><td class=\"column-2\">Julianne Teixeira e Silva<br \/>\nJosemar Henrique de Melo<\/td><td class=\"column-3\">DCI\/UFPB<\/td>\n<\/tr>\n<tr class=\"row-10\">\n\t<td class=\"column-1\">TECNOLOGIAS ATIVAS PARA PESQUISAS EM ARQUIVOLOGIA NO BRASIL<\/td><td class=\"column-2\">Maria Meriane Vieira da Rocha<\/td><td class=\"column-3\">DCI\/UFPB<\/td>\n<\/tr>\n<tr class=\"row-11\">\n\t<td class=\"column-1\">Projeto 1: A FOTOGRAFIA DIGITAL COMO INSTRUMENTAL DE PRESERVA\u00c7\u00c3O DE ACERVOS HIST\u00d3RICO-ESCOLARES EM JO\u00c3O PESSOA<br \/>\nProjeto 2: DIGITALIZA\u00c7\u00c3O DE MANUSCRITOS DO ACERVO DE OBRAS RARAS DO IHGP<\/td><td class=\"column-2\">Rams\u00e9s Nunes e Silva<\/td><td class=\"column-3\">Arquivologia\/UEPB<\/td>\n<\/tr>\n<tr class=\"row-12\">\n\t<td class=\"column-1\">ENSINO E PESQUISA DA REPRESENTA\u00c7\u00c3O DA INFORMA\u00c7\u00c3O ARQUIV\u00cdSTICA: UMA AN\u00c1LISE DO CONTEXTO BRASILEIRO<\/td><td class=\"column-2\">Thais Helen do Nascimento Santo<\/td><td class=\"column-3\">DCI\/UFPE<\/td>\n<\/tr>\n<tr class=\"row-13\">\n\t<td class=\"column-1\">ARQUIVOLOGIA E AS CI\u00caNCIAS SOCIAS NA CONSTRU\u00c7\u00c3O INTERDISCIPLINAR DOS TCCS DO CURSO DE ARQUIVOLOGIA DA UEPB SOB PERSPECTIVA COMPREENSIVA<\/td><td class=\"column-2\">Vancarder Brito Sousa<\/td><td class=\"column-3\">Arquivologia\/UEPB<\/td>\n<\/tr>\n<tr class=\"row-14\">\n\t<td class=\"column-1\">GERENCIAMENTO ARQUIV\u00cdSTICO E GOVERNAN\u00c7A ARQUIV\u00cdSTICA: DOM\u00cdNIO TE\u00d3RICO E DOM\u00cdNIO PRAGM\u00c1TICO<\/td><td class=\"column-2\">Welder Ant\u00f4nio Silva<\/td><td class=\"column-3\">ECI\/UFMG<\/td>\n<\/tr>\n<\/tbody>\n<\/table>\n<!-- #tablepress-1 from cache -->\n","protected":false},"excerpt":{"rendered":"PROJETO DE PESQUISADOCENTESV\u00cdNCULO INSTITUCIONAL Projeto 1: CARTOGRAFIA DOS ARQUIVOS PESSOAIS DA CIDADE DE JO\u00c3O PESSOA (PB): ACERVOS, INSTITUI\u00c7\u00d5ES E MEM\u00d3RIAS Projeto 2: ACERVOS, INSTITUI\u00c7\u00d5ES E TRAJET\u00d3RIAS:PRESERVA\u00c7\u00c3O E VISIBILIDADE DO PATRIM\u00d4NIO CULTURAL DA CI\u00caNCIA E TECNOLOGIA DA UFPB.Ana Cl\u00e1udia Cruz C\u00f3rdulaDCI\/UFPB Projeto 1: A TRANSVERSALIDADE DA AN\u00c1LISE DOCUMENT\u00c1RIA NOS DOCUMENTOS ARQUIV\u00cdSTICOS \u00c0 LUZ DAS CORRENTES TE\u00d3RICAS <a class=\"leiamais\" href=\"https:\/\/pos-graduacao.uepb.edu.br\/ppgdarq\/projetos-de-pesquisa\/\">Leia Mais...<\/a>","protected":false},"author":3,"featured_media":0,"parent":0,"menu_order":0,"comment_status":"closed","ping_status":"closed","template":"","meta":{"footnotes":""},"class_list":["post-70","page","type-page","status-publish","hentry"],"_links":{"self":[{"href":"https:\/\/pos-graduacao.uepb.edu.br\/ppgdarq\/wp-json\/wp\/v2\/pages\/70","targetHints":{"allow":["GET"]}}],"collection":[{"href":"https:\/\/pos-graduacao.uepb.edu.br\/ppgdarq\/wp-json\/wp\/v2\/pages"}],"about":[{"href":"https:\/\/pos-graduacao.uepb.edu.br\/ppgdarq\/wp-json\/wp\/v2\/types\/page"}],"author":[{"embeddable":true,"href":"https:\/\/pos-graduacao.uepb.edu.br\/ppgdarq\/wp-json\/wp\/v2\/users\/3"}],"replies":[{"embeddable":true,"href":"https:\/\/pos-graduacao.uepb.edu.br\/ppgdarq\/wp-json\/wp\/v2\/comments?post=70"}],"version-history":[{"count":1,"href":"https:\/\/pos-graduacao.uepb.edu.br\/ppgdarq\/wp-json\/wp\/v2\/pages\/70\/revisions"}],"predecessor-version":[{"id":71,"href":"https:\/\/pos-graduacao.uepb.edu.br\/ppgdarq\/wp-json\/wp\/v2\/pages\/70\/revisions\/71"}],"wp:attachment":[{"href":"https:\/\/pos-graduacao.uepb.edu.br\/ppgdarq\/wp-json\/wp\/v2\/media?parent=70"}],"curies":[{"name":"wp","href":"https:\/\/api.w.org\/{rel}","templated":true}]}}