{"id":647,"date":"2024-08-13T14:53:27","date_gmt":"2024-08-13T17:53:27","guid":{"rendered":"https:\/\/pos-graduacao.uepb.edu.br\/ppgdarq\/?page_id=647"},"modified":"2024-08-14T09:15:36","modified_gmt":"2024-08-14T12:15:36","slug":"tutoriais","status":"publish","type":"page","link":"https:\/\/pos-graduacao.uepb.edu.br\/ppgdarq\/tutoriais\/","title":{"rendered":"Tutoriais"},"content":{"rendered":"<div class=\"wpb-content-wrapper\"><p>[vc_row gap=&#8221;30&#8243;][vc_column width=&#8221;1\/2&#8243;][vc_text_separator title=&#8221;Tutoriais em PDF&#8221; title_align=&#8221;separator_align_left&#8221; css=&#8221;&#8221;][vc_column_text css=&#8221;&#8221;]<div class='w3eden'>\n    <div class=''>\n\n        \n        <div id=\"content_wpdm_package_1\">\n            <div class='row'><div class='col-lg-12 col-md-6 col-12'><!-- WPDM Link Template: Default Template -->\n\n<div class=\"link-template-default card mb-2\">\n    <div class=\"card-body\">\n        <div class=\"media\">\n            <div class=\"mr-3 img-48\"><img decoding=\"async\" class=\"wpdm_icon\" alt=\"\u00edcone\" src=\"https:\/\/pos-graduacao.uepb.edu.br\/ppgdarq\/wp-content\/plugins\/download-manager\/assets\/file-type-icons\/pdf.svg\" \/><\/div>\n            <div class=\"media-body\">\n                <h3 class=\"package-title\"><a href='https:\/\/pos-graduacao.uepb.edu.br\/ppgdarq\/download\/cadastro-de-proficiencia-no-suap-discente\/'>Cadastro de profici\u00eancia no SUAP - Discente<\/a><\/h3>\n                <div class=\"text-muted text-small\"><i class=\"fas fa-copy\"><\/i> 1  arquivo(s) <i class=\"fas fa-hdd ml-3\"><\/i> 3.70 MB<\/div>\n            <\/div>\n            <div class=\"ml-3\">\n                <a class='wpdm-download-link download-on-click btn btn-primary ' rel='nofollow' href='#' data-downloadurl=\"https:\/\/pos-graduacao.uepb.edu.br\/ppgdarq\/download\/cadastro-de-proficiencia-no-suap-discente\/?wpdmdl=665&refresh=69e876d06ef0b1776842448\">Download<\/a>\n            <\/div>\n        <\/div>\n    <\/div>\n<\/div>\n\n<\/div><\/div>            <div style='clear:both'><\/div><div class='text-center'><ul class='pagination wpdm-pagination pagination-centered text-center'><\/ul><\/div><div style='clear:both'><\/div>        <\/div>\n\n        <div style='clear:both'><\/div>\n    <\/div>\n<\/div>\n[\/vc_column_text][\/vc_column][vc_column width=&#8221;1\/2&#8243;][vc_text_separator title=&#8221;Funcionalidades do SUAP&#8221; title_align=&#8221;separator_align_left&#8221; css=&#8221;&#8221;][vc_column_text css=&#8221;&#8221;]<\/p>\n<ul class=\"md-nav__list\" data-md-component=\"toc\">\n<li><a href=\"https:\/\/doc.uepb.edu.br\/tutoriais\/SUAP\/ensino\/area_do_aluno\/area_do_aluno\/#renovacao-de-matricula\" target=\"_blank\" rel=\"noopener\">Renova\u00e7\u00e3o de matr\u00edcula<\/a><br \/>\n<nav class=\"md-nav\" aria-label=\"Renova\u00e7\u00e3o de matr\u00edcula\">\n<ul class=\"md-nav__list\">\n<li class=\"md-nav__item\"><a class=\"md-nav__link\" href=\"https:\/\/doc.uepb.edu.br\/tutoriais\/SUAP\/ensino\/area_do_aluno\/area_do_aluno\/#acompanhamento-da-renovacao-de-matricula\" target=\"_blank\" rel=\"noopener\">Acompanhamento da Renova\u00e7\u00e3o de Matr\u00edcula<\/a><\/li>\n<\/ul>\n<\/nav>\n<\/li>\n<li class=\"md-nav__item\"><a class=\"md-nav__link\" href=\"https:\/\/doc.uepb.edu.br\/tutoriais\/SUAP\/ensino\/area_do_aluno\/area_do_aluno\/#criacao-de-e-mail\" target=\"_blank\" rel=\"noopener\">Cria\u00e7\u00e3o de e-mail<\/a><\/li>\n<li class=\"md-nav__item\"><a class=\"md-nav__link\" href=\"https:\/\/doc.uepb.edu.br\/tutoriais\/SUAP\/ensino\/area_do_aluno\/area_do_aluno\/#reajuste-de-matricula\" target=\"_blank\" rel=\"noopener\">Reajuste de Matr\u00edcula<\/a><br \/>\n<nav class=\"md-nav\" aria-label=\"Reajuste de Matr\u00edcula\">\n<ul class=\"md-nav__list\">\n<li class=\"md-nav__item\"><a class=\"md-nav__link\" href=\"https:\/\/doc.uepb.edu.br\/tutoriais\/SUAP\/ensino\/area_do_aluno\/area_do_aluno\/#matricula-em-disciplina\" target=\"_blank\" rel=\"noopener\">Matr\u00edcula em Disciplina<\/a><\/li>\n<li class=\"md-nav__item\"><a class=\"md-nav__link\" href=\"https:\/\/doc.uepb.edu.br\/tutoriais\/SUAP\/ensino\/area_do_aluno\/area_do_aluno\/#trancamento-de-disciplina\" target=\"_blank\" rel=\"noopener\">Trancamento de Disciplina<\/a><\/li>\n<\/ul>\n<\/nav>\n<\/li>\n<li class=\"md-nav__item\"><a class=\"md-nav__link\" href=\"https:\/\/doc.uepb.edu.br\/tutoriais\/SUAP\/ensino\/area_do_aluno\/area_do_aluno\/#justificar-falta\" target=\"_blank\" rel=\"noopener\">Justificar Falta<\/a><\/li>\n<\/ul>\n<p>[\/vc_column_text][\/vc_column][\/vc_row]<\/p>\n<\/div>","protected":false},"excerpt":{"rendered":"<p>[vc_row gap=&#8221;30&#8243;][vc_column width=&#8221;1\/2&#8243;][vc_text_separator title=&#8221;Tutoriais em PDF&#8221; title_align=&#8221;separator_align_left&#8221; css=&#8221;&#8221;][vc_column_text css=&#8221;&#8221;][\/vc_column_text][\/vc_column][vc_column width=&#8221;1\/2&#8243;][vc_text_separator title=&#8221;Funcionalidades do SUAP&#8221; title_align=&#8221;separator_align_left&#8221; css=&#8221;&#8221;][vc_column_text css=&#8221;&#8221;] Renova\u00e7\u00e3o de matr\u00edcula Acompanhamento da Renova\u00e7\u00e3o de Matr\u00edcula Cria\u00e7\u00e3o de e-mail Reajuste de Matr\u00edcula Matr\u00edcula em Disciplina Trancamento de Disciplina Justificar Falta [\/vc_column_text][\/vc_column][\/vc_row]<\/p>\n","protected":false},"author":5,"featured_media":0,"parent":0,"menu_order":0,"comment_status":"closed","ping_status":"closed","template":"","meta":{"footnotes":""},"class_list":["post-647","page","type-page","status-publish","hentry"],"_links":{"self":[{"href":"https:\/\/pos-graduacao.uepb.edu.br\/ppgdarq\/wp-json\/wp\/v2\/pages\/647","targetHints":{"allow":["GET"]}}],"collection":[{"href":"https:\/\/pos-graduacao.uepb.edu.br\/ppgdarq\/wp-json\/wp\/v2\/pages"}],"about":[{"href":"https:\/\/pos-graduacao.uepb.edu.br\/ppgdarq\/wp-json\/wp\/v2\/types\/page"}],"author":[{"embeddable":true,"href":"https:\/\/pos-graduacao.uepb.edu.br\/ppgdarq\/wp-json\/wp\/v2\/users\/5"}],"replies":[{"embeddable":true,"href":"https:\/\/pos-graduacao.uepb.edu.br\/ppgdarq\/wp-json\/wp\/v2\/comments?post=647"}],"version-history":[{"count":12,"href":"https:\/\/pos-graduacao.uepb.edu.br\/ppgdarq\/wp-json\/wp\/v2\/pages\/647\/revisions"}],"predecessor-version":[{"id":662,"href":"https:\/\/pos-graduacao.uepb.edu.br\/ppgdarq\/wp-json\/wp\/v2\/pages\/647\/revisions\/662"}],"wp:attachment":[{"href":"https:\/\/pos-graduacao.uepb.edu.br\/ppgdarq\/wp-json\/wp\/v2\/media?parent=647"}],"curies":[{"name":"wp","href":"https:\/\/api.w.org\/{rel}","templated":true}]}}