{"id":590,"date":"2024-07-11T11:23:34","date_gmt":"2024-07-11T14:23:34","guid":{"rendered":"https:\/\/pos-graduacao.uepb.edu.br\/ppgdarq\/?page_id=590"},"modified":"2026-03-31T14:23:38","modified_gmt":"2026-03-31T17:23:38","slug":"discentes","status":"publish","type":"page","link":"https:\/\/pos-graduacao.uepb.edu.br\/ppgdarq\/discentes\/","title":{"rendered":"Discentes"},"content":{"rendered":"<div class=\"wpb-content-wrapper\"><p>[vc_row][vc_column][vc_tta_tabs][vc_tta_section title=&#8221;2026.1&#8243; tab_id=&#8221;1720708654120-13f5b872-7259&#8243;][vc_column_text css=&#8221;&#8221;]<\/p>\n<ul>\n<li><a href=\"http:\/\/lattes.cnpq.br\/2755042124222637\" target=\"_blank\" rel=\"noopener\">Flaviana de Caldas Batista N\u00f3brega<\/a><\/li>\n<li><a href=\"http:\/\/lattes.cnpq.br\/1192132993323419\" target=\"_blank\" rel=\"noopener\">Glaucco Ranni\u00e9re de Souza Pontes<\/a><\/li>\n<li><a href=\"http:\/\/lattes.cnpq.br\/4333790785142127\" target=\"_blank\" rel=\"noopener\">Jos\u00e9 de Arimat\u00e9ia Tavares<\/a><\/li>\n<li><a href=\"http:\/\/lattes.cnpq.br\/5390825775098343\" target=\"_blank\" rel=\"noopener\">Josias de Sousa Lima<\/a><\/li>\n<li><a href=\"http:\/\/lattes.cnpq.br\/5101725832504221\" target=\"_blank\" rel=\"noopener\">Larissa de Albuquerque Patricio<\/a><\/li>\n<li><a href=\"http:\/\/lattes.cnpq.br\/7484735524425394\" target=\"_blank\" rel=\"noopener\">Livaneide da Silva<\/a><\/li>\n<li><a href=\"http:\/\/lattes.cnpq.br\/0300755909457604\" target=\"_blank\" rel=\"noopener\">M\u00f4nica Felix da Costa<\/a><\/li>\n<li><a href=\"http:\/\/lattes.cnpq.br\/3313070362313805\" target=\"_blank\" rel=\"noopener\">Risomar Ferreira da Costa<\/a><\/li>\n<li><a href=\"http:\/\/lattes.cnpq.br\/7712680180513063\" target=\"_blank\" rel=\"noopener\">Teresa Rachel Grangeiro Ara\u00fajo<\/a><\/li>\n<\/ul>\n<p>[\/vc_column_text][\/vc_tta_section][vc_tta_section title=&#8221;2025.1&#8243; tab_id=&#8221;1774977770860-4e5072d5-e8cf&#8221;][vc_column_text css=&#8221;&#8221;]<\/p>\n<ul>\n<li><a href=\"http:\/\/lattes.cnpq.br\/9791916547351858\">Br\u00edgida Passos Almeida da N\u00f3brega<\/a><\/li>\n<li><a href=\"http:\/\/lattes.cnpq.br\/1135796143613871\">Danuza Rodrigues Cordeiro Mariano<\/a><\/li>\n<li><a href=\"http:\/\/lattes.cnpq.br\/6513387940753069\">Denize de Oliveira Borges<\/a><\/li>\n<li><a href=\"http:\/\/lattes.cnpq.br\/8823259033933079\">Diana Gomes do Nascimento<\/a><\/li>\n<li><a href=\"http:\/\/lattes.cnpq.br\/3827633402125950\">Elizangela de Souza Andrade<\/a><\/li>\n<li><a href=\"http:\/\/lattes.cnpq.br\/4633416196657582\">Euliene Figueiredo da Rocha<\/a><\/li>\n<li><a href=\"http:\/\/lattes.cnpq.br\/2899113561904066\">F\u00e1tima Gersiane Cruz dos Santos<\/a><\/li>\n<li><a href=\"http:\/\/lattes.cnpq.br\/2550511919256098\">Gabriela Garcia Londres<\/a><\/li>\n<li><a href=\"http:\/\/lattes.cnpq.br\/8081924684712206\">Gard\u00eania da Silva Souza<\/a><\/li>\n<li><a href=\"http:\/\/lattes.cnpq.br\/5836027623461058\">Gilvaneide de Lima<\/a><\/li>\n<li><a href=\"http:\/\/lattes.cnpq.br\/6650732195799070\">Guilherme de Paula Alvim Moreira<\/a><\/li>\n<li><a href=\"http:\/\/lattes.cnpq.br\/9453950895587692\">Jos\u00e9 Canuto da Silva J\u00fanior<\/a><\/li>\n<li><a href=\"http:\/\/lattes.cnpq.br\/1798880856085087\">Juliene W\u00eania da Silva Santos<\/a><\/li>\n<li><a href=\"http:\/\/lattes.cnpq.br\/8573743021729662\">Kessia Alexandre de Souza<\/a><\/li>\n<li><a href=\"http:\/\/lattes.cnpq.br\/4115666780453574\">Marcelo da Silva Ramos<\/a><\/li>\n<li><a href=\"http:\/\/lattes.cnpq.br\/2212660691057270\">Rayhanne Maria de Araujo Jatob\u00e1<\/a><\/li>\n<li><a href=\"http:\/\/lattes.cnpq.br\/8439812812858267\">Viviane Ribeiro Coutinho Freitas Oliveira<\/a><\/li>\n<li><a href=\"http:\/\/lattes.cnpq.br\/9415680283358220\">Wislayne de K\u00e1ssia Lopes De Albuquerque<\/a><\/li>\n<\/ul>\n<p>[\/vc_column_text][\/vc_tta_section][vc_tta_section title=&#8221;2024.1&#8243; tab_id=&#8221;1742914118969-c5694d1d-79fb&#8221;][vc_column_text css=&#8221;&#8221;]<\/p>\n<ul>\n<li><a href=\"http:\/\/lattes.cnpq.br\/7443071210602711\">Ana Carolina Soares Santos<\/a><\/li>\n<li><a href=\"http:\/\/lattes.cnpq.br\/4401050190305181\">Ananda Fernandes Val\u00e9rio<\/a><\/li>\n<li><a href=\"http:\/\/lattes.cnpq.br\/5105060564733645\">Carlos Alberto Chaves J\u00fanior<\/a><\/li>\n<li><a href=\"http:\/\/lattes.cnpq.br\/4778323216258303\">Celio Roberto Freire de Miranda<\/a><\/li>\n<li><a href=\"http:\/\/lattes.cnpq.br\/7294092372273232\">Daniel Pericles Santos Canuto<\/a><\/li>\n<li><a href=\"http:\/\/lattes.cnpq.br\/3930894822425973\">Emanuela Tavares Cysneiros de Oliveira<\/a><\/li>\n<li><a href=\"http:\/\/lattes.cnpq.br\/2969714029227512\">Everaldo Bezerra Chaves<\/a><\/li>\n<li><a href=\"http:\/\/lattes.cnpq.br\/4249922480883667\">Francisca Juciane Alexandre da Silva<\/a><\/li>\n<li><a href=\"http:\/\/lattes.cnpq.br\/0144415141057265\">Gabriela de Melo Gomes<\/a><\/li>\n<li><a href=\"http:\/\/lattes.cnpq.br\/5553079485604050\">Hilza Costa Cavalcante<\/a><\/li>\n<li><a href=\"http:\/\/lattes.cnpq.br\/9347413354277683\">Isabel Cristina Louren\u00e7o Freire<\/a><\/li>\n<li><a href=\"http:\/\/lattes.cnpq.br\/5014835119946844\">Janaina Lima dos Santos<\/a><\/li>\n<li><a href=\"http:\/\/lattes.cnpq.br\/6957398016718073\">Kissia Danielly de Souza Nunes<\/a><\/li>\n<li><a href=\"http:\/\/lattes.cnpq.br\/9120941297641322\">Lesleyanne Rodrigues de Lima<\/a><\/li>\n<li><a href=\"http:\/\/lattes.cnpq.br\/8409969424298284\">L\u00eddia Santos do Nascimento Gomes<\/a><\/li>\n<li><a href=\"http:\/\/lattes.cnpq.br\/9784026831315159\">Maria Cristina Balbino Ribeiro Cabral<\/a><\/li>\n<li><a href=\"http:\/\/lattes.cnpq.br\/8303222816461220\">Mois\u00e9s dos Santos Corcino<\/a><\/li>\n<li><a href=\"http:\/\/lattes.cnpq.br\/3680036480831118\">Raissa Kelly Marinho dos Santos<\/a><\/li>\n<li><a href=\"http:\/\/lattes.cnpq.br\/7080296418222041\">Rita De C\u00e1ssia S\u00e3o Paio de Azeredo Esteves<\/a><\/li>\n<\/ul>\n<p>[\/vc_column_text][\/vc_tta_section][\/vc_tta_tabs][\/vc_column][\/vc_row]<\/p>\n<\/div>","protected":false},"excerpt":{"rendered":"<p>[vc_row][vc_column][vc_tta_tabs][vc_tta_section title=&#8221;2026.1&#8243; tab_id=&#8221;1720708654120-13f5b872-7259&#8243;][vc_column_text css=&#8221;&#8221;] Flaviana de Caldas Batista N\u00f3brega Glaucco Ranni\u00e9re de Souza Pontes Jos\u00e9 de Arimat\u00e9ia Tavares Josias de Sousa Lima Larissa de Albuquerque Patricio Livaneide da Silva M\u00f4nica Felix da Costa Risomar Ferreira da Costa Teresa Rachel Grangeiro Ara\u00fajo [\/vc_column_text][\/vc_tta_section][vc_tta_section title=&#8221;2025.1&#8243; tab_id=&#8221;1774977770860-4e5072d5-e8cf&#8221;][vc_column_text css=&#8221;&#8221;] Br\u00edgida Passos Almeida da N\u00f3brega Danuza Rodrigues Cordeiro Mariano Denize <a class=\"leiamais\" href=\"https:\/\/pos-graduacao.uepb.edu.br\/ppgdarq\/discentes\/\">Leia Mais&#8230;<\/a><\/p>\n","protected":false},"author":34,"featured_media":0,"parent":0,"menu_order":0,"comment_status":"closed","ping_status":"closed","template":"","meta":{"footnotes":""},"class_list":["post-590","page","type-page","status-publish","hentry"],"_links":{"self":[{"href":"https:\/\/pos-graduacao.uepb.edu.br\/ppgdarq\/wp-json\/wp\/v2\/pages\/590","targetHints":{"allow":["GET"]}}],"collection":[{"href":"https:\/\/pos-graduacao.uepb.edu.br\/ppgdarq\/wp-json\/wp\/v2\/pages"}],"about":[{"href":"https:\/\/pos-graduacao.uepb.edu.br\/ppgdarq\/wp-json\/wp\/v2\/types\/page"}],"author":[{"embeddable":true,"href":"https:\/\/pos-graduacao.uepb.edu.br\/ppgdarq\/wp-json\/wp\/v2\/users\/34"}],"replies":[{"embeddable":true,"href":"https:\/\/pos-graduacao.uepb.edu.br\/ppgdarq\/wp-json\/wp\/v2\/comments?post=590"}],"version-history":[{"count":14,"href":"https:\/\/pos-graduacao.uepb.edu.br\/ppgdarq\/wp-json\/wp\/v2\/pages\/590\/revisions"}],"predecessor-version":[{"id":1632,"href":"https:\/\/pos-graduacao.uepb.edu.br\/ppgdarq\/wp-json\/wp\/v2\/pages\/590\/revisions\/1632"}],"wp:attachment":[{"href":"https:\/\/pos-graduacao.uepb.edu.br\/ppgdarq\/wp-json\/wp\/v2\/media?parent=590"}],"curies":[{"name":"wp","href":"https:\/\/api.w.org\/{rel}","templated":true}]}}