{"id":23,"date":"2023-11-24T09:46:56","date_gmt":"2023-11-24T12:46:56","guid":{"rendered":"https:\/\/pos-graduacao.uepb.edu.br\/ppgdarq\/?page_id=23"},"modified":"2023-12-20T10:07:05","modified_gmt":"2023-12-20T13:07:05","slug":"area-de-concentracao","status":"publish","type":"page","link":"https:\/\/pos-graduacao.uepb.edu.br\/ppgdarq\/area-de-concentracao\/","title":{"rendered":"\u00c1rea de Concentra\u00e7\u00e3o"},"content":{"rendered":"<div class=\"wpb-content-wrapper\"><p>[vc_row][vc_column][vc_text_separator title=&#8221;Gest\u00e3o e Governan\u00e7a da Informa\u00e7\u00e3o Arquiv\u00edstica&#8221; i_icon_fontawesome=&#8221;fas fa-angle-double-right&#8221; i_color=&#8221;custom&#8221; title_align=&#8221;separator_align_left&#8221; add_icon=&#8221;true&#8221; i_custom_color=&#8221;#cc0000&#8243;][vc_column_text]<\/p>\n<p align=\"justify\"><span style=\"font-family: Arial, serif;\"><span style=\"font-size: medium;\">A Arquivologia na contemporaneidade aponta para profundas altera\u00e7\u00f5es em seu marco te\u00f3rico e metodol\u00f3gico, assim como para revis\u00e3o de seus pilares epistemol\u00f3gicos. Em diversas realidades hist\u00f3rico-sociais, constatam-se altera\u00e7\u00f5es, especialmente, no cen\u00e1rio digital, nos processos, objetos, atores, interfaces e din\u00e2micas de gest\u00e3o de documentos, informa\u00e7\u00f5es e de arquivos para uma governan\u00e7a arquiv\u00edstica democr\u00e1tica, cada vez mais, transparente e cooperativa. O fazer arquiv\u00edstico exige novos patamares de produ\u00e7\u00e3o e conhecimento t\u00e9cnico, tecnol\u00f3gico e cient\u00edfico capazes de contemplar demandas de inova\u00e7\u00e3o e gest\u00e3o de servi\u00e7os e institui\u00e7\u00f5es arquiv\u00edsticas. O di\u00e1logo da Arquivologia com outros campos de conhecimento, em uma postura interdisciplinar, favorece o desenvolvimento tecnol\u00f3gico, cient\u00edfico e inovador da teoria e da pr\u00e1tica profissional arquiv\u00edstica mediante estudos do saber e fazer arquiv\u00edstico ligado \u00e0s fun\u00e7\u00f5es administrativas das institui\u00e7\u00f5es p\u00fablicas e privadas ou \u00e0 gest\u00e3o de institui\u00e7\u00f5es memoriais, respons\u00e1veis por preserva\u00e7\u00e3o do patrim\u00f4nio documental da sociedade. Reconhecendo o percurso da Arquivologia, busca-se compreend\u00ea-la no cen\u00e1rio atual e se vislumbra a inova\u00e7\u00e3o cient\u00edfica e tecnol\u00f3gica a partir de demandas e entornos sociais. O estabelecimento das fronteiras e das m\u00faltiplas dire\u00e7\u00f5es de investigar o campo arquiv\u00edstico \u00e9 necess\u00e1rio para compreender o porvir de novas formas de produ\u00e7\u00e3o e uso da informa\u00e7\u00e3o arquiv\u00edstica para uma gest\u00e3o eficaz e eficiente e uma governan\u00e7a em rede e de forma colaborativa.<\/span><\/span><\/p>\n<p>[\/vc_column_text][\/vc_column][\/vc_row]<\/p>\n<\/div>","protected":false},"excerpt":{"rendered":"<p>[vc_row][vc_column][vc_text_separator title=&#8221;Gest\u00e3o e Governan\u00e7a da Informa\u00e7\u00e3o Arquiv\u00edstica&#8221; i_icon_fontawesome=&#8221;fas fa-angle-double-right&#8221; i_color=&#8221;custom&#8221; title_align=&#8221;separator_align_left&#8221; add_icon=&#8221;true&#8221; i_custom_color=&#8221;#cc0000&#8243;][vc_column_text] A Arquivologia na contemporaneidade aponta para profundas altera\u00e7\u00f5es em seu marco te\u00f3rico e metodol\u00f3gico, assim como para revis\u00e3o de seus pilares epistemol\u00f3gicos. Em diversas realidades hist\u00f3rico-sociais, constatam-se altera\u00e7\u00f5es, especialmente, no cen\u00e1rio digital, nos processos, objetos, atores, interfaces e din\u00e2micas de gest\u00e3o de <a class=\"leiamais\" href=\"https:\/\/pos-graduacao.uepb.edu.br\/ppgdarq\/area-de-concentracao\/\">Leia Mais&#8230;<\/a><\/p>\n","protected":false},"author":3,"featured_media":0,"parent":0,"menu_order":0,"comment_status":"closed","ping_status":"closed","template":"","meta":{"footnotes":""},"class_list":["post-23","page","type-page","status-publish","hentry"],"_links":{"self":[{"href":"https:\/\/pos-graduacao.uepb.edu.br\/ppgdarq\/wp-json\/wp\/v2\/pages\/23","targetHints":{"allow":["GET"]}}],"collection":[{"href":"https:\/\/pos-graduacao.uepb.edu.br\/ppgdarq\/wp-json\/wp\/v2\/pages"}],"about":[{"href":"https:\/\/pos-graduacao.uepb.edu.br\/ppgdarq\/wp-json\/wp\/v2\/types\/page"}],"author":[{"embeddable":true,"href":"https:\/\/pos-graduacao.uepb.edu.br\/ppgdarq\/wp-json\/wp\/v2\/users\/3"}],"replies":[{"embeddable":true,"href":"https:\/\/pos-graduacao.uepb.edu.br\/ppgdarq\/wp-json\/wp\/v2\/comments?post=23"}],"version-history":[{"count":9,"href":"https:\/\/pos-graduacao.uepb.edu.br\/ppgdarq\/wp-json\/wp\/v2\/pages\/23\/revisions"}],"predecessor-version":[{"id":325,"href":"https:\/\/pos-graduacao.uepb.edu.br\/ppgdarq\/wp-json\/wp\/v2\/pages\/23\/revisions\/325"}],"wp:attachment":[{"href":"https:\/\/pos-graduacao.uepb.edu.br\/ppgdarq\/wp-json\/wp\/v2\/media?parent=23"}],"curies":[{"name":"wp","href":"https:\/\/api.w.org\/{rel}","templated":true}]}}