{"id":1337,"date":"2025-09-11T09:47:25","date_gmt":"2025-09-11T12:47:25","guid":{"rendered":"https:\/\/pos-graduacao.uepb.edu.br\/ppgdarq\/?page_id=1337"},"modified":"2025-10-15T09:06:12","modified_gmt":"2025-10-15T12:06:12","slug":"2o-forum-de-pesquisa-do-ppgdarq","status":"publish","type":"page","link":"https:\/\/pos-graduacao.uepb.edu.br\/ppgdarq\/2o-forum-de-pesquisa-do-ppgdarq\/","title":{"rendered":"2\u00ba F\u00f3rum de Pesquisa do PPGDARQ"},"content":{"rendered":"<div class=\"wpb-content-wrapper\"><p>[vc_row][vc_column][vc_tta_tabs][vc_tta_section title=&#8221;Circular n. 001\/2025&#8243; tab_id=&#8221;1728396580331-4bd9eefd-7a654579-8c0b&#8221;][vc_single_image image=&#8221;1363&#8243; img_size=&#8221;800&#215;120&#8243; alignment=&#8221;center&#8221; css=&#8221;.vc_custom_1757611799425{margin-top: 30px !important;}&#8221;][vc_column_text css=&#8221;.vc_custom_1757611827303{margin-bottom: 30px !important;}&#8221;]<\/p>\n<p style=\"text-align: center;\"><strong>2\u00ba F\u00d3RUM DE PESQUISA DO PPGDARQ &#8211; UEPB\/UFPB<\/strong><br \/>\nJo\u00e3o Pessoa, 5 de setembro de 2025.<\/p>\n<p>[\/vc_column_text][vc_column_text css=&#8221;&#8221;]O F\u00f3rum de Pesquisa do Programa de P\u00f3s-Gradua\u00e7\u00e3o em Gest\u00e3o de Documentos e Governan\u00e7a Arquiv\u00edstica (PPGDARQ), oferecido pela\u00a0 Universidade Estadual da Para\u00edba (UEPB) e pela Universidade Federal da Para\u00edba (UFPB), \u00e9 um evento acad\u00eamico-cient\u00edfico anual, de car\u00e1ter obrigat\u00f3rio, destinado \u00e0 avalia\u00e7\u00e3o da consist\u00eancia te\u00f3rico-metodol\u00f3gica das pesquisas em andamento dos(as) discentes do curso de Mestrado.<\/p>\n<p>As avalia\u00e7\u00f5es ser\u00e3o realizadas a partir de <a href=\"https:\/\/pos-graduacao.uepb.edu.br\/ppgdarq\/download\/template-forum-de-pesquisa-apresentacao-2\/?wpdmdl=1360&amp;masterkey=RRwnOpY4ZC12JCQaJcE5ZOKAY1i95l6NBbvdBVt8Wnkk5Od9DnrRI-RQcnhcxZgTNsTTPo7At_gI9ReTde7KGV0jVjyoWS7Ar_lfLUyLB3M\">apresenta\u00e7\u00f5es orais<\/a> e de <a href=\"https:\/\/pos-graduacao.uepb.edu.br\/ppgdarq\/download\/template-resumo-expandido\/?wpdmdl=1359&amp;masterkey=FvQRJVktd6eZVkWfXcREdNG0Q19gfodlYMlzcgqPPiNzdq0GXhIYpKqct6IKPFgp_lfNlj1KJiX88KY0K0VkpNLyx0yX86dNdb5eH-H43y0\">resumos expandidos<\/a>, que servir\u00e3o de refer\u00eancia para a an\u00e1lise das bancas examinadoras.<\/p>\n<p>O evento est\u00e1 vinculado \u00e0 conclus\u00e3o do segundo per\u00edodo letivo, compondo a atividade obrigat\u00f3ria Semin\u00e1rio de Pesquisa I. A participa\u00e7\u00e3o dos(as) mestrandos(as) \u00e9 requisito para a integraliza\u00e7\u00e3o e pr\u00e9-condi\u00e7\u00e3o para a realiza\u00e7\u00e3o do exame de qualifica\u00e7\u00e3o do curso de Mestrado.<\/p>\n<p>As normas que regulamentam o F\u00f3rum est\u00e3o estabelecidas na <a href=\"https:\/\/pos-graduacao.uepb.edu.br\/ppgdarq\/download\/resolucao-no-02-2024-normatiza-o-funcionamento-do-forum-de-pesquisa-do-ppgdarq\/?wpdmdl=1358&amp;masterkey=dyx3xwtYF6rDFKZixgIX3uz-D0P1GDI3_-8UcGhbvdH-cYnXwKK92Ygs9P1TwnWSqGZ9ZrZTNFzAkyR-J8KsCtRz9ack_CvvQd-75kQXQKA\">Resolu\u00e7\u00e3o no 02, de 25 de setembro de 2024<\/a>, dispon\u00edvel no site do PPGDARQ \u2013 UEPB\/UFPB.<\/p>\n<p>O 2o F\u00f3rum de Pesquisa do PPGDARQ ser\u00e1 realizado nos dias 03 e 04 de novembro de 2025, das 08h \u00e0s 20h30min, na UEPB, Campus V, localizado no munic\u00edpio de Jo\u00e3o Pessoa, com possibilidade de participa\u00e7\u00e3o na modalidade presencial e\/ou h\u00edbrida (via Google Meet). As sess\u00f5es de defesa dos projetos de pesquisa ocorrer\u00e3o nos turnos da manh\u00e3 e da tarde.<\/p>\n<p>A inscri\u00e7\u00e3o dos(as) mestrandos(as) ser\u00e1 obrigat\u00f3ria e dever\u00e1 ser realizada por meio de formul\u00e1rio eletr\u00f4nico, atrav\u00e9s deste <a href=\"https:\/\/docs.google.com\/forms\/d\/1OO-2TvJK9O_ezYfNRaos87G7tbJp3rEOHL4ODOpP7hM\/viewform?edit_requested=true\" target=\"_blank\" rel=\"noopener\">link<\/a> estar\u00e1 dispon\u00edvel no site do Programa. A indica\u00e7\u00e3o da banca avaliadora ser\u00e1 de responsabilidade do(a) orientador(a), em conformidade com a Resolu\u00e7\u00e3o acima mencionada.<\/p>\n<p>As apresenta\u00e7\u00f5es ser\u00e3o abertas \u00e0 participa\u00e7\u00e3o do p\u00fablico, na condi\u00e7\u00e3o de ouvinte, mediante inscri\u00e7\u00e3o pr\u00e9via em formul\u00e1rio espec\u00edfico, presente neste <a href=\"https:\/\/docs.google.com\/forms\/d\/1xQrY2cYumfaYiYycPuJz-iQvZ9re77w_RCHej7mnCoA\/viewform?edit_requested=true\" target=\"_blank\" rel=\"noopener\">link<\/a>. O Caderno de Resumos do 2o F\u00f3rum de Pesquisa do PPGDARQ ser\u00e1 publicado com as vers\u00f5es revisadas dos trabalhos, incorporando as sugest\u00f5es apresentadas pelas bancas avaliadoras.<\/p>\n<p>D\u00favidas e comunica\u00e7\u00f5es com a Comiss\u00e3o Organizadora devem ser enviadas para e-mail: <span style=\"text-decoration: underline;\">forumdepesquisa.ppgdarq@setor.uepb.edu.br<\/span><\/p>\n<p>Confira <a href=\"https:\/\/pos-graduacao.uepb.edu.br\/ppgdarq\/download\/ordem-das-apresentacoes-2o-forpes\/?wpdmdl=1486&amp;masterkey=NHYdydKynE9wyq0dLhFyIL35N5m3b56DzjLxuHpu3DUzH5yS1fdlR8jHrYgxXLJTQNg7GZaSJwghw4x9LtIYs5ffslniPUIxRyfG-srTrY4\">aqui<\/a> a programa\u00e7\u00e3o completa das apresenta\u00e7\u00f5es dos projetos.<\/p>\n<p><strong>Cronograma de Trabalho e de Atividades<\/strong><\/p>\n<table style=\"border-collapse: collapse;\" border=\"1\" cellspacing=\"3\" cellpadding=\"5\">\n<tbody>\n<tr>\n<td><strong>Atividades<\/strong><\/td>\n<td><strong>Respons\u00e1vel<\/strong><\/td>\n<td><strong>Datas<\/strong><\/td>\n<td><strong>Observa\u00e7\u00e3o<\/strong><\/td>\n<\/tr>\n<tr>\n<td>Preenchimento do formul\u00e1rio com as informa\u00e7\u00f5es da banca, data e hor\u00e1rios da apresenta\u00e7\u00e3o.<\/td>\n<td>Orientadores (as)<\/td>\n<td>03\/10\/2025<\/td>\n<td>Formul\u00e1rio disponibilizado <a href=\"https:\/\/docs.google.com\/forms\/d\/1OO-2TvJK9O_ezYfNRaos87G7tbJp3rEOHL4ODOpP7hM\/viewform?edit_requested=true\" target=\"_blank\" rel=\"noopener\">neste link<\/a>.<\/td>\n<\/tr>\n<tr>\n<td>Envio dos convites e dos resumos expandidos para a banca avaliadora (com c\u00f3pia para a Comiss\u00e3o Organizadora).<\/td>\n<td>Orientadores (as)<\/td>\n<td>20\/10\/2025<\/td>\n<td>A Comiss\u00e3o Organizadora dever\u00e1 ser copiada em todos os envios (e-mail do FORPES).<\/td>\n<\/tr>\n<tr>\n<td>Publica\u00e7\u00e3o dos hor\u00e1rios das apresenta\u00e7\u00f5es<\/td>\n<td>Comiss\u00e3o Organizadora<\/td>\n<td>23\/10\/2025<\/td>\n<td>Divulga\u00e7\u00e3o no site do PPGDARQ.<\/td>\n<\/tr>\n<tr>\n<td>Per\u00edodo de inscri\u00e7\u00e3o para ouvintes<\/td>\n<td>Interessados<\/td>\n<td>26\/10\/2025<\/td>\n<td>Inscri\u00e7\u00f5es via formul\u00e1rio eletr\u00f4nico <a href=\"https:\/\/docs.google.com\/forms\/d\/1xQrY2cYumfaYiYycPuJz-iQvZ9re77w_RCHej7mnCoA\/viewform?edit_requested=true\" target=\"_blank\" rel=\"noopener\">neste link<\/a>.<\/td>\n<\/tr>\n<tr>\n<td>Realiza\u00e7\u00e3o do 2o F\u00f3rum de Pesquisa do PPGDARQ<\/td>\n<td>PPGDARQ<\/td>\n<td>03 e 04\/11\/2025<\/td>\n<td>Modalidade presencial e\/ou h\u00edbrida.<\/td>\n<\/tr>\n<tr>\n<td>Envio da vers\u00e3o final corrigida dos resumos expandidos p\u00f3s-banca.<\/td>\n<td>Discentes<\/td>\n<td>02\/12\/2025<\/td>\n<td>Ajustes conforme<br \/>\nrecomenda\u00e7\u00f5es da banca, envio para o e-mail do FORPES..<\/td>\n<\/tr>\n<tr>\n<td>Publica\u00e7\u00e3o do Caderno de Resumos<\/td>\n<td>EDUEPB<\/td>\n<td>Conforme cronograma da EDUEPB<\/td>\n<td>Depende do fluxo editorial da Editora.<\/td>\n<\/tr>\n<\/tbody>\n<\/table>\n<p>[\/vc_column_text][vc_column_text css=&#8221;&#8221;]<\/p>\n<p style=\"text-align: left;\"><em>Comiss\u00e3o Organizadora do 2\u00ba F\u00f3rum de Pesquisa do PPGDARQ<\/em><\/p>\n<p>[\/vc_column_text][\/vc_tta_section][vc_tta_section title=&#8221;Normas do 2\u00ba F\u00f3rum de Pesquisa&#8221; tab_id=&#8221;1728396580328-49cd3676-ca424579-8c0b&#8221;][vc_column_text css=&#8221;.vc_custom_1759190923383{margin-top: 20px !important;}&#8221;]<\/p>\n<p style=\"text-align: center;\">NORMAS DO II F\u00d3RUM DE PESQUISA DO PPGDARQ<\/p>\n<p>O II F\u00f3rum de Pesquisa do Programa de P\u00f3s-Gradua\u00e7\u00e3o em Gest\u00e3o de Documentos e Governan\u00e7a Arquiv\u00edstica (PPGDARQ &#8211; UEPB\/UFPB) ocorrer\u00e1 nos dias 3 e 4 de novembro de 2025, das 8h \u00e0s 20h30min, no Campus V da Universidade Estadual da Para\u00edba (UEPB). \u00c9 uma atividade orientada, obrigat\u00f3ria e vinculada ao Semin\u00e1rio de Pesquisa.<\/p>\n<p>O seu objetivo ancora-se em avaliar a consist\u00eancia te\u00f3rico-metodol\u00f3gica dos Projetos de Pesquisa dos(as) alunos(as) do Programa de P\u00f3s-Gradua\u00e7\u00e3o.<\/p>\n<p>Cada estudante apresentar\u00e1 a sua pesquisa de mestrado em andamento, situando a vincula\u00e7\u00e3o quanto \u00e0 Linha 1 (<a href=\"https:\/\/pos-graduacao.uepb.edu.br\/ppgdarq\/linhas-de-pesquisa\/\">Arquivologia e suas dimens\u00f5es interdisciplinares<\/a>) ou Linha 2 (<a href=\"https:\/\/pos-graduacao.uepb.edu.br\/ppgdarq\/linhas-de-pesquisa\/\">Saberes e Fazeres Arquiv\u00edsticos para a Governan\u00e7a<\/a>). Dever\u00e1 sinalizar a banca, formada pelo(a) orientador(a) e dois(duas) membros(as), professor(a) interno(a) e outro(a) externo(a). O(A) orientador(a) precisar\u00e1 preencher at\u00e9 o dia 03 de outubro o <a href=\"https:\/\/docs.google.com\/forms\/d\/1OO-2TvJK9O_ezYfNRaos87G7tbJp3rEOHL4ODOpP7hM\/viewform?edit_requested=true\"><u>formul\u00e1rio<\/u><\/a> com as informa\u00e7\u00f5es da banca, bem como escolher as datas e os hor\u00e1rios para a referida apresenta\u00e7\u00e3o. A atividade poder\u00e1 ser sess\u00f5es presenciais (ou h\u00edbridas) \u00a0\u00a0\u00a0em fun\u00e7\u00e3o das agendas dos(as) membros(as), conforme Resolu\u00e7\u00e3o PPGDARQ n. 002\/2024.<\/p>\n<p>Cada mestrando(a) ter\u00e1 at\u00e9 10 minutos para apresenta\u00e7\u00e3o de sua pesquisa, conforme<a href=\"https:\/\/pos-graduacao.uepb.edu.br\/ppgdarq\/download\/template-forum-de-pesquisa-apresentacao-2\/?wpdmdl=1360&amp;masterkey=RRwnOpY4ZC12JCQaJcE5ZOKAY1i95l6NBbvdBVt8Wnkk5Od9DnrRI-RQcnhcxZgTNsTTPo7At_gI9ReTde7KGV0jVjyoWS7Ar_lfLUyLB3M\"> <u>slides<\/u><\/a> pr\u00e9-estabelecidos pela comiss\u00e3o do F\u00f3rum, seguido da 10 minutos para argui\u00e7\u00e3o dos(as) membros(as) convidados(as). O(A) mestrando(a) ter\u00e1 10 minutos finais para responder \u00e0s argui\u00e7\u00f5es realizadas a partir da exposi\u00e7\u00e3o dos(as) membros(as). Assim, a atividade perfar\u00e1 o total de 40 minutos.<\/p>\n<p>No intuito de valorizar a produ\u00e7\u00e3o dos saberes desenvolvidos pelos(as) mestrandos(as) e seus orientadores(as), ser\u00e1 organizado um e-book, constando os resumos expandidos, que dever\u00e3o seguir o <a href=\"https:\/\/pos-graduacao.uepb.edu.br\/ppgdarq\/download\/template-resumo-expandido\/?wpdmdl=1359&amp;masterkey=FvQRJVktd6eZVkWfXcREdNG0Q19gfodlYMlzcgqPPiNzdq0GXhIYpKqct6IKPFgp_lfNlj1KJiX88KY0K0VkpNLyx0yX86dNdb5eH-H43y0\"><em><u>Template<\/u><\/em><\/a>. Nessa dire\u00e7\u00e3o, ser\u00e1 obrigat\u00f3rio o seu envio at\u00e9 os dias 21 e 22 de novembro do corrente para o seguinte e-mail <a href=\"mailto:forumdepesquisa.ppgdarq@setor.uepb.edu.br\">forumdepesquisa.ppgdarq@setor.uepb.edu.br<\/a>.[\/vc_column_text][\/vc_tta_section][vc_tta_section title=&#8221;Caderno de resumos&#8221; tab_id=&#8221;1756724792654-5b421d25-64274579-8c0b&#8221;][vc_column_text css=&#8221;.vc_custom_1757598851513{margin-top: 20px !important;}&#8221;]<\/p>\n<ul>\n<li>Em breve<\/li>\n<\/ul>\n<p>[\/vc_column_text][\/vc_tta_section][vc_tta_section title=&#8221;Programa\u00e7\u00e3o&#8221; tab_id=&#8221;1730901379678-4eb2b16f-98e94579-8c0b&#8221;][vc_row_inner gap=&#8221;30&#8243; css=&#8221;.vc_custom_1760528158396{margin-top: 30px !important;}&#8221;][vc_column_inner width=&#8221;1\/2&#8243;][vc_text_separator title=&#8221;Oficina de abertura do FORPES&#8221; title_align=&#8221;separator_align_right&#8221; css=&#8221;&#8221;][vc_column_text css=&#8221;&#8221;]<\/p>\n<p style=\"text-align: right;\"><strong>T\u00edtulo: Intelig\u00eancia Artificial aplicada \u00e0 gest\u00e3o de acervos<\/strong><br \/>\n<em>Dia 3 de novembro, Das 9h \u00e0s 12h<\/em><br \/>\nCanal do Youtube do Projeto SESA |\u00a0Apoio SESA<\/p>\n<p>[\/vc_column_text][vc_btn title=&#8221;Cartaz da Oficina&#8221; style=&#8221;classic&#8221; color=&#8221;primary&#8221; align=&#8221;right&#8221; css=&#8221;&#8221; link=&#8221;url:https%3A%2F%2Fpos-graduacao.uepb.edu.br%2Fppgdarq%2Ffiles%2F2025%2F10%2FOficina_2Forpes.png|target:_blank&#8221;][\/vc_column_inner][vc_column_inner width=&#8221;1\/2&#8243;][vc_text_separator title=&#8221;APOIO&#8221; title_align=&#8221;separator_align_left&#8221; css=&#8221;&#8221;][vc_single_image image=&#8221;1432&#8243; img_size=&#8221;110&#215;110&#8243; style=&#8221;vc_box_border&#8221; css=&#8221;&#8221;][\/vc_column_inner][\/vc_row_inner][vc_row_inner content_placement=&#8221;middle&#8221;][vc_column_inner width=&#8221;1\/4&#8243;][vc_single_image image=&#8221;1409&#8243; alignment=&#8221;center&#8221; style=&#8221;vc_box_border_circle_2&#8243; border_color=&#8221;sky&#8221; css=&#8221;&#8221;][\/vc_column_inner][vc_column_inner width=&#8221;3\/4&#8243;][vc_column_text css=&#8221;&#8221;]<strong>Rogerio Acquadro<\/strong> \u00e9 s\u00f3cio da (PC)\u00b2 desde sua origem em 2006, empresa focada no desenvolvimento de solu\u00e7\u00f5es de preserva\u00e7\u00e3o digital de acervos hist\u00f3ricos. Atuou na implanta\u00e7\u00e3o de TI e digitaliza\u00e7\u00e3o do acervo do ent\u00e3o Instituto Fernando Henrique Cardoso al\u00e9m de ter participado de outros projetos de preserva\u00e7\u00e3o de mem\u00f3ria digital como Unilever Brasil, Bradesco, Mem\u00f3ria Votorantim, Centro de Mem\u00f3ria Fapesp, Centro de Mem\u00f3ria RaiaDrogasil, entre outros.[\/vc_column_text][\/vc_column_inner][\/vc_row_inner][vc_separator border_width=&#8221;3&#8243; css=&#8221;.vc_custom_1759251269638{margin-top: 30px !important;margin-bottom: 30px !important;}&#8221;][vc_row_inner content_placement=&#8221;middle&#8221;][vc_column_inner width=&#8221;1\/4&#8243;][vc_single_image image=&#8221;1410&#8243; alignment=&#8221;center&#8221; style=&#8221;vc_box_border_circle_2&#8243; border_color=&#8221;sky&#8221; css=&#8221;&#8221;][\/vc_column_inner][vc_column_inner width=&#8221;3\/4&#8243;][vc_column_text css=&#8221;&#8221;]<strong>Dmitry Bayakhchev<\/strong>\u00a0\u00e9 economista e designer estrat\u00e9gico, s\u00f3cio-diretor da Sintr\u00f3pika, ag\u00eancia de design e desenvolvimento digital voltada a projetos de sustentabilidade e impacto social. Formado em Economia pela Universidade Federal de Moscou e com MBA pela INSEAD (Fran\u00e7a), atuou como Gerente de Projetos na consultoria estrat\u00e9gica BCG e liderou programas de inova\u00e7\u00e3o e desenvolvimento na Natura Cosm\u00e9ticos e na Ashoka. Atualmente, vive em S\u00e3o Paulo e dedica-se \u00e0 consultoria estrat\u00e9gica e ao design de solu\u00e7\u00f5es digitais.[\/vc_column_text][\/vc_column_inner][\/vc_row_inner][vc_separator border_width=&#8221;3&#8243; css=&#8221;.vc_custom_1759251269638{margin-top: 30px !important;margin-bottom: 30px !important;}&#8221;][vc_row_inner content_placement=&#8221;middle&#8221;][vc_column_inner width=&#8221;1\/4&#8243;][vc_single_image image=&#8221;1411&#8243; alignment=&#8221;center&#8221; style=&#8221;vc_box_border_circle_2&#8243; border_color=&#8221;sky&#8221; css=&#8221;&#8221;][\/vc_column_inner][vc_column_inner width=&#8221;3\/4&#8243;][vc_column_text css=&#8221;&#8221;]<strong>Raphael de Souza Novaes<\/strong> &#8211; Mestre em Hist\u00f3ria Social pela USP, atua desde 2006 na organiza\u00e7\u00e3o de arquivos, implanta\u00e7\u00e3o de centros de mem\u00f3ria e consultorias em diferentes organiza\u00e7\u00f5es p\u00fablicas e privadas, como FAPESP, Votorantim, Bunge, Sabesp, Biblioteca M\u00e1rio de Andrade e outras. Atualmente \u00e9 gerente de projetos na Grifo Projetos Hist\u00f3ricos e Editoriais.[\/vc_column_text][\/vc_column_inner][\/vc_row_inner][vc_row_inner content_placement=&#8221;middle&#8221;][vc_column_inner][\/vc_column_inner][\/vc_row_inner][vc_separator border_width=&#8221;3&#8243; css=&#8221;.vc_custom_1759251269638{margin-top: 30px !important;margin-bottom: 30px !important;}&#8221;][vc_row_inner content_placement=&#8221;middle&#8221; gap=&#8221;30&#8243;][vc_column_inner width=&#8221;1\/4&#8243;][vc_single_image image=&#8221;1412&#8243; alignment=&#8221;center&#8221; style=&#8221;vc_box_border_circle_2&#8243; border_color=&#8221;sky&#8221; onclick=&#8221;img_link_large&#8221; css=&#8221;&#8221;][\/vc_column_inner][vc_column_inner width=&#8221;3\/4&#8243;][vc_column_text css=&#8221;&#8221;]<span style=\"text-decoration: underline;\">Palestra de Encerramento<\/span><\/p>\n<p><strong>O uso da intelig\u00eancia artificial: os desafios do arquivista frente \u00e0 Lei Geral de Prote\u00e7\u00e3o de Dados<\/strong><\/p>\n<ul>\n<li>Dia 4 de novembro<\/li>\n<li>18h45min<\/li>\n<li>Local: Audit\u00f3rio Pioneiros<\/li>\n<\/ul>\n<p><strong>Fernanda Queiroz de Carvalho<\/strong> &#8211;\u00a0Advogada com mais de 10 anos de atua\u00e7\u00e3o na \u00e1rea c\u00edvel e digital. Consultora de Neg\u00f3cios Digitais, Novos Neg\u00f3cios e Inova\u00e7\u00e3o Aberta no Sebrae (PB, PE, CE, SP e Nacional). Atualmente, encontra-se na 02\u00aa Etapa de Consultora Sebrae chamada de \u201cCatalisaGov\u201d, estrat\u00e9gia do Sebrae para impulsionar a inova\u00e7\u00e3o aberta no setor p\u00fablico brasileiro. Mentora de startups pelo InovAtiva Brasil, iniciativa do MDIC e Sebrae Nacional. J\u00e1 palestrou Jur\u00eddico para Startups para a Universidade Estadual da Para\u00edba \u2013 UEPB, Universidade Federal da Para\u00edba \u2013 UFPB, Ciclo de Capacita\u00e7\u00e3o do Programa Centelha II que \u00e9 realizado pelo Governo do Estado da Para\u00edba atrav\u00e9s da Secretaria de Ci\u00eancia, Tecnologia, Inova\u00e7\u00e3o e Ensino Superior do Estado da Paraiba e Funda\u00e7\u00e3o de Apoio \u00e0 Pesquisa\u00a0 do Estado da Para\u00edba \u2013 FAPESQ\/PB, dentre outras Institui\u00e7\u00f5es. Coautora em cap\u00edtulo de livro sobre Lei Geral de Prote\u00e7\u00e3o de Dados Pessoais, publicado pela Funda\u00e7\u00e3o Get\u00falio Varga \u2013 FGV e Universidade Estadual da Para\u00edba \u2013 UEPB.[\/vc_column_text][vc_btn title=&#8221;Cartaz da Palestra&#8221; style=&#8221;classic&#8221; color=&#8221;primary&#8221; css=&#8221;.vc_custom_1760046548694{margin-top: 10px !important;}&#8221; link=&#8221;url:https%3A%2F%2Fpos-graduacao.uepb.edu.br%2Fppgdarq%2Ffiles%2F2025%2F10%2FPalestra-de-Encerramento_2Forpes.png|target:_blank&#8221;][\/vc_column_inner][\/vc_row_inner][\/vc_tta_section][vc_tta_section title=&#8221;03 de Novembro&#8221; tab_id=&#8221;1760528363262-9c724caa-b6cd&#8221;][vc_row_inner content_placement=&#8221;middle&#8221; css=&#8221;.vc_custom_1760529641210{margin-top: 30px !important;}&#8221;][vc_column_inner][vc_masonry_media_grid element_width=&#8221;2&#8243; gap=&#8221;35&#8243; item=&#8221;masonryMedia_SlideTop&#8221; css=&#8221;&#8221; grid_id=&#8221;vc_gid:1760529644352-164aeb7b-2797-5&#8243; include=&#8221;1509,1506,1508,1507,1505&#8243;][\/vc_column_inner][\/vc_row_inner][\/vc_tta_section][vc_tta_section title=&#8221;04 de Novembro&#8221; tab_id=&#8221;1760529654543-ffc7431b-c0e0&#8243;][vc_row_inner content_placement=&#8221;middle&#8221; css=&#8221;.vc_custom_1760529641210{margin-top: 30px !important;}&#8221;][vc_column_inner][vc_masonry_media_grid element_width=&#8221;3&#8243; gap=&#8221;35&#8243; item=&#8221;masonryMedia_SlideTop&#8221; css=&#8221;&#8221; grid_id=&#8221;vc_gid:1760529654568-6789ee24-cb94-3&#8243; include=&#8221;1504,1503,1502,1501&#8243;][\/vc_column_inner][\/vc_row_inner][\/vc_tta_section][\/vc_tta_tabs][\/vc_column][\/vc_row]<\/p>\n<\/div>","protected":false},"excerpt":{"rendered":"<p>[vc_row][vc_column][vc_tta_tabs][vc_tta_section title=&#8221;Circular n. 001\/2025&#8243; tab_id=&#8221;1728396580331-4bd9eefd-7a654579-8c0b&#8221;][vc_single_image image=&#8221;1363&#8243; img_size=&#8221;800&#215;120&#8243; alignment=&#8221;center&#8221; css=&#8221;.vc_custom_1757611799425{margin-top: 30px !important;}&#8221;][vc_column_text css=&#8221;.vc_custom_1757611827303{margin-bottom: 30px !important;}&#8221;] 2\u00ba F\u00d3RUM DE PESQUISA DO PPGDARQ &#8211; UEPB\/UFPB Jo\u00e3o Pessoa, 5 de setembro de 2025. [\/vc_column_text][vc_column_text css=&#8221;&#8221;]O F\u00f3rum de Pesquisa do Programa de P\u00f3s-Gradua\u00e7\u00e3o em Gest\u00e3o de Documentos e Governan\u00e7a Arquiv\u00edstica (PPGDARQ), oferecido pela\u00a0 Universidade Estadual da Para\u00edba (UEPB) e pela <a class=\"leiamais\" href=\"https:\/\/pos-graduacao.uepb.edu.br\/ppgdarq\/2o-forum-de-pesquisa-do-ppgdarq\/\">Leia Mais&#8230;<\/a><\/p>\n","protected":false},"author":5,"featured_media":0,"parent":0,"menu_order":0,"comment_status":"closed","ping_status":"closed","template":"","meta":{"footnotes":""},"class_list":["post-1337","page","type-page","status-publish","hentry"],"_links":{"self":[{"href":"https:\/\/pos-graduacao.uepb.edu.br\/ppgdarq\/wp-json\/wp\/v2\/pages\/1337","targetHints":{"allow":["GET"]}}],"collection":[{"href":"https:\/\/pos-graduacao.uepb.edu.br\/ppgdarq\/wp-json\/wp\/v2\/pages"}],"about":[{"href":"https:\/\/pos-graduacao.uepb.edu.br\/ppgdarq\/wp-json\/wp\/v2\/types\/page"}],"author":[{"embeddable":true,"href":"https:\/\/pos-graduacao.uepb.edu.br\/ppgdarq\/wp-json\/wp\/v2\/users\/5"}],"replies":[{"embeddable":true,"href":"https:\/\/pos-graduacao.uepb.edu.br\/ppgdarq\/wp-json\/wp\/v2\/comments?post=1337"}],"version-history":[{"count":51,"href":"https:\/\/pos-graduacao.uepb.edu.br\/ppgdarq\/wp-json\/wp\/v2\/pages\/1337\/revisions"}],"predecessor-version":[{"id":1340,"href":"https:\/\/pos-graduacao.uepb.edu.br\/ppgdarq\/wp-json\/wp\/v2\/pages\/1337\/revisions\/1340"}],"wp:attachment":[{"href":"https:\/\/pos-graduacao.uepb.edu.br\/ppgdarq\/wp-json\/wp\/v2\/media?parent=1337"}],"curies":[{"name":"wp","href":"https:\/\/api.w.org\/{rel}","templated":true}]}}